{"id":2338,"date":"2025-03-17T11:40:38","date_gmt":"2025-03-17T14:40:38","guid":{"rendered":"https:\/\/portal.pi.gov.br\/adapi\/?page_id=2338"},"modified":"2025-11-12T11:41:45","modified_gmt":"2025-11-12T14:41:45","slug":"a-adapi","status":"publish","type":"page","link":"https:\/\/portal.pi.gov.br\/adapi\/a-adapi\/","title":{"rendered":"A Adapi"},"content":{"rendered":"\n<p><strong>Miss\u00e3o<\/strong><\/p>\n\n\n\n<p><br>Assegurar o desenvolvimento de uma agropecu\u00e1ria competitiva sustentada no desafio da economia globalizada,<br>atrav\u00e9s da inspe\u00e7\u00e3o e controle da sa\u00fade dos animais e vegetais, garantindo o n\u00edvel de prote\u00e7\u00e3o e promo\u00e7\u00e3o adequada<br>\u00e0 sa\u00fade, bem como a melhoria do meio ambiente.<\/p>\n\n\n\n<p><br><strong>Vis\u00e3o<\/strong><\/p>\n\n\n\n<p><br>Ser refer\u00eancia nacional e internacional em defesa agropecu\u00e1ria, garantindo a seguran\u00e7a do consumo de produtos<br>agropecu\u00e1rios para a preserva\u00e7\u00e3o do meio ambiente e para a competitividade do agroneg\u00f3cio piauiense.<\/p>\n\n\n\n<p><br><strong>Objetivos Globais<\/strong><\/p>\n\n\n\n<ul>\n<li>Execu\u00e7\u00e3o de a\u00e7\u00f5es de defesa agropecu\u00e1ria no Estado, compatibilizando-as com as diretrizes da pol\u00edtica agropecu\u00e1ria<br>nos \u00e2mbitos estadual e federal;<\/li>\n\n\n\n<li>Contribui\u00e7\u00e3o na gera\u00e7\u00e3o de emprego, renda e melhoria da qualidade de vida do homem do campo, assim como tornar<br>o agroneg\u00f3cio piauiense competitivo nacional e internacionalmente, criando condi\u00e7\u00f5es favor\u00e1veis para atra\u00e7\u00e3o de<br>investidores.<\/li>\n\n\n\n<li>Participa\u00e7\u00e3o ativa nas informa\u00e7\u00f5es e conhecimentos do segmento de defesa agropecu\u00e1ria repassados \u00e0 sociedade<br>para abastecer as melhores estrat\u00e9gias e processos de gest\u00e3o de abordagem sist\u00eamica no alcance t\u00e9cnico e cient\u00edfico<br>para viabilidade do agroneg\u00f3cio e suas cadeias produtivas;<\/li>\n\n\n\n<li>Participa\u00e7\u00e3o e contribui\u00e7\u00e3o relevante na arrecada\u00e7\u00e3o de receitas para o Estado.<\/li>\n<\/ul>\n","protected":false},"excerpt":{"rendered":"<p>Miss\u00e3o Assegurar o desenvolvimento de uma agropecu\u00e1ria competitiva sustentada no desafio da economia globalizada,atrav\u00e9s da inspe\u00e7\u00e3o e controle da sa\u00fade dos animais e vegetais, garantindo o n\u00edvel de prote\u00e7\u00e3o e [&hellip;]<\/p>\n","protected":false},"author":1798,"featured_media":0,"parent":0,"menu_order":0,"comment_status":"closed","ping_status":"closed","template":"template-fullwidth.php","meta":[],"featured_image_urls":{"full":"","thumbnail":"","medium":"","medium_large":"","large":"","sgg-420":"","sgg-540":"","sgg-780":"","1536x1536":"","2048x2048":"","homepage-slider":"","homepage-slider-small":"","page-top":"","page-small":"","loop-main":"","thumb-gallery-widget":""},"post_excerpt_stackable":"<p>Miss\u00e3o Assegurar o desenvolvimento de uma agropecu\u00e1ria competitiva sustentada no desafio da economia globalizada,atrav\u00e9s da inspe\u00e7\u00e3o e controle da sa\u00fade dos animais e vegetais, garantindo o n\u00edvel de prote\u00e7\u00e3o e promo\u00e7\u00e3o adequada\u00e0 sa\u00fade, bem como a melhoria do meio ambiente. Vis\u00e3o Ser refer\u00eancia nacional e internacional em defesa agropecu\u00e1ria, garantindo a seguran\u00e7a do consumo de produtosagropecu\u00e1rios para a preserva\u00e7\u00e3o do meio ambiente e para a competitividade do agroneg\u00f3cio piauiense. Objetivos Globais Execu\u00e7\u00e3o de a\u00e7\u00f5es de defesa agropecu\u00e1ria no Estado, compatibilizando-as com as diretrizes da pol\u00edtica agropecu\u00e1rianos \u00e2mbitos estadual e federal; Contribui\u00e7\u00e3o na gera\u00e7\u00e3o de emprego, renda e melhoria da qualidade&hellip;<\/p>\n","category_list":"","author_info":{"name":"yancarvalho","url":"https:\/\/portal.pi.gov.br\/adapi\/author\/yancarvalho\/"},"comments_num":"0 coment\u00e1rio","featured_image_urls_v2":{"full":"","thumbnail":"","medium":"","medium_large":"","large":"","sgg-420":"","sgg-540":"","sgg-780":"","1536x1536":"","2048x2048":"","homepage-slider":"","homepage-slider-small":"","page-top":"","page-small":"","loop-main":"","thumb-gallery-widget":""},"post_excerpt_stackable_v2":"<p>Miss\u00e3o Assegurar o desenvolvimento de uma agropecu\u00e1ria competitiva sustentada no desafio da economia globalizada,atrav\u00e9s da inspe\u00e7\u00e3o e controle da sa\u00fade dos animais e vegetais, garantindo o n\u00edvel de prote\u00e7\u00e3o e promo\u00e7\u00e3o adequada\u00e0 sa\u00fade, bem como a melhoria do meio ambiente. Vis\u00e3o Ser refer\u00eancia nacional e internacional em defesa agropecu\u00e1ria, garantindo a seguran\u00e7a do consumo de produtosagropecu\u00e1rios para a preserva\u00e7\u00e3o do meio ambiente e para a competitividade do agroneg\u00f3cio piauiense. Objetivos Globais Execu\u00e7\u00e3o de a\u00e7\u00f5es de defesa agropecu\u00e1ria no Estado, compatibilizando-as com as diretrizes da pol\u00edtica agropecu\u00e1rianos \u00e2mbitos estadual e federal; Contribui\u00e7\u00e3o na gera\u00e7\u00e3o de emprego, renda e melhoria da qualidade&hellip;<\/p>\n","category_list_v2":"","author_info_v2":{"name":"yancarvalho","url":"https:\/\/portal.pi.gov.br\/adapi\/author\/yancarvalho\/"},"comments_num_v2":"0 coment\u00e1rio","_links":{"self":[{"href":"https:\/\/portal.pi.gov.br\/adapi\/wp-json\/wp\/v2\/pages\/2338"}],"collection":[{"href":"https:\/\/portal.pi.gov.br\/adapi\/wp-json\/wp\/v2\/pages"}],"about":[{"href":"https:\/\/portal.pi.gov.br\/adapi\/wp-json\/wp\/v2\/types\/page"}],"author":[{"embeddable":true,"href":"https:\/\/portal.pi.gov.br\/adapi\/wp-json\/wp\/v2\/users\/1798"}],"replies":[{"embeddable":true,"href":"https:\/\/portal.pi.gov.br\/adapi\/wp-json\/wp\/v2\/comments?post=2338"}],"version-history":[{"count":9,"href":"https:\/\/portal.pi.gov.br\/adapi\/wp-json\/wp\/v2\/pages\/2338\/revisions"}],"predecessor-version":[{"id":4770,"href":"https:\/\/portal.pi.gov.br\/adapi\/wp-json\/wp\/v2\/pages\/2338\/revisions\/4770"}],"wp:attachment":[{"href":"https:\/\/portal.pi.gov.br\/adapi\/wp-json\/wp\/v2\/media?parent=2338"}],"curies":[{"name":"wp","href":"https:\/\/api.w.org\/{rel}","templated":true}]}}