{"id":2351,"date":"2025-03-17T11:43:33","date_gmt":"2025-03-17T14:43:33","guid":{"rendered":"https:\/\/portal.pi.gov.br\/adapi\/?page_id=2351"},"modified":"2026-02-25T07:31:33","modified_gmt":"2026-02-25T10:31:33","slug":"procuradoria","status":"publish","type":"page","link":"https:\/\/portal.pi.gov.br\/adapi\/procuradoria\/","title":{"rendered":"Procuradoria"},"content":{"rendered":"\n<p>A Ag\u00eancia de Defesa Agropecu\u00e1ria do Estado do Piau\u00ed \u2013 ADAPI,&nbsp;<a href=\"http:\/\/legislacao.pi.gov.br\/scan\/pages\/jsp\/scan\/consultaDeAtoNormativo.jsp?idAtoNormativo=1500\" target=\"_blank\" rel=\"noreferrer noopener\">Lei Estadual n\u00ba 5.491, de 26 de agosto de 2005<\/a>&nbsp;, tem em sua estrutura b\u00e1sica, conforme art. 3\u00ba, inciso III a figura do Procurador Chefe que consolida a Procuradoria Jur\u00eddica da ADAPI, cujas atribui\u00e7\u00f5es s\u00e3o as constantes no art. 7\u00ba e seus incisos, do&nbsp;<a href=\"http:\/\/legislacao.pi.gov.br\/legislacao\/default\/ato\/12732\">Decreto Estadual n\u00ba 12.074 de 30 de janeiro de 2006<\/a><\/p>\n\n\n\n<p>A Procuradoria desenvolve in\u00fameras atividades concernentes as suas compet\u00eancias, a saber:<\/p>\n\n\n\n<p>1)&nbsp;<strong>Pareceres Jur\u00eddicos&nbsp;<\/strong>\u2013 emiss\u00e3o de Pareceres Jur\u00eddicos em resposta \u00e0s consultas formuladas pelos diversos setores da ADAPI, servidores e terceiros, especialmente relacionados aos Autos de Infra\u00e7\u00e3o e Multa;<\/p>\n\n\n\n<p>2)&nbsp;<strong>Defesas T\u00e9cnico-jur\u00eddicas&nbsp;<\/strong>\u2013 representamos a ADAPI perante a Justi\u00e7a por ocasi\u00e3o de processos judiciais, sendo as defesas elaboradas e protocoladas;<\/p>\n\n\n\n<p>3)&nbsp;<strong>Representa\u00e7\u00f5es Criminais&nbsp;<\/strong>\u2013 considerando o cometimento de crimes em desfavor de nossos fiscais agropecu\u00e1rios e de suas atividades s\u00e3o redigidas e protocoladas as Representa\u00e7\u00f5es em diversos distritos policiais;<\/p>\n\n\n\n<p>4)&nbsp;<strong>Termos de Contratos&nbsp;<\/strong>\u2013 elabora\u00e7\u00e3o de Contratos, na melhor forma do direito, a partir da provoca\u00e7\u00e3o da Diretoria;<\/p>\n\n\n\n<p>5)&nbsp;<strong>Termos de Coopera\u00e7\u00e3o T\u00e9cnica&nbsp;<\/strong>\u2013 elabora\u00e7\u00e3o de Termos de Coopera\u00e7\u00e3o T\u00e9cnica, na melhor forma do direito, com diversos \u00f3rg\u00e3os e entidades da Administra\u00e7\u00e3o P\u00fablica de forma a cooperarem com o desenvolvimento de a\u00e7\u00f5es pertinentes \u00e0 defesa sanit\u00e1ria animal e vegetal, atrav\u00e9s de parceria entre os governos federal, estadual e municipal, com vig\u00eancia em todo o territ\u00f3rio piauiense;<\/p>\n\n\n\n<p>6)&nbsp;<strong>Portarias&nbsp;<\/strong>\u2013 seguindo todas as formalidades legais s\u00e3o elaboradas termos de Portarias submetidas \u00e0 aprecia\u00e7\u00e3o do Diretor Geral;<\/p>\n\n\n\n<p>7)&nbsp;<strong>Instru\u00e7\u00f5es Normativas&nbsp;<\/strong>\u2013 em estrita obedi\u00eancia aos requisitos legais s\u00e3o elaboradas Instru\u00e7\u00f5es Normativas, tamb\u00e9m submetidas \u00e0 aprecia\u00e7\u00e3o da Diretoria;<\/p>\n\n\n\n<p>8)&nbsp;<strong>Propostas de Leis e Decretos&nbsp;<\/strong>\u2013 com vistas a organizar e manter atualizada a legisla\u00e7\u00e3o de nossa Ag\u00eancia foram redigidas propostas de Projeto de Lei e Propostas de Decretos Estaduais, todos devidamente encaminhadas ao Pal\u00e1cio de Karnak;<\/p>\n\n\n\n<p>9)&nbsp;<strong>Capacita\u00e7\u00e3o de Fiscais Agropecu\u00e1rios<\/strong>&nbsp;\u2013 capacita\u00e7\u00e3o dos fiscais agropecu\u00e1rios para a autua\u00e7\u00e3o e aplica\u00e7\u00e3o das multas relativas \u00e0s infra\u00e7\u00f5es \u00e0 nossa legisla\u00e7\u00e3o de defesa sanit\u00e1ria animal;<\/p>\n\n\n\n<p>10)<strong>&nbsp;Processos de Auto de Infra\u00e7\u00e3o e Multa&nbsp;<\/strong>\u2013 in\u00edcio do tr\u00e2mite dos Processos Administrativos dos Autos de Infra\u00e7\u00e3o e Multa, a partir da confer\u00eancia dos documentos necess\u00e1rios para formaliza\u00e7\u00e3o do Processo, bem como emiss\u00e3o dos Pareceres Jur\u00eddicos para embasamento da decis\u00e3o final do Diretor. Ap\u00f3s Julgamento, este \u00e9 encaminhado \u00e0 USAV correspondente, anexado a um Mandado de Intima\u00e7\u00e3o e constando o resultado, no qual o intimado poder\u00e1 pagar a multa ou recorrer no prazo de 30 (trinta) dias no local de emiss\u00e3o do Auto.<\/p>\n\n\n\n<p>Destaque-se ainda que todos os atos administrativos que necessitam de publica\u00e7\u00f5es no Di\u00e1rio Oficial do Estado s\u00e3o encaminhados, controlados e acompanhados por esta Procuradoria, como por exemplo, os extratos de Contratos, Termos de Coopera\u00e7\u00e3o T\u00e9cnica, Editais, Portarias, Instru\u00e7\u00f5es Normativas etc.<\/p>\n\n\n\n<p>E-mail para contato: projur@adapi.pi.gov.br<\/p>\n","protected":false},"excerpt":{"rendered":"<p>A Ag\u00eancia de Defesa Agropecu\u00e1ria do Estado do Piau\u00ed \u2013 ADAPI,&nbsp;Lei Estadual n\u00ba 5.491, de 26 de agosto de 2005&nbsp;, tem em sua estrutura b\u00e1sica, conforme art. 3\u00ba, inciso III [&hellip;]<\/p>\n","protected":false},"author":1798,"featured_media":0,"parent":0,"menu_order":0,"comment_status":"closed","ping_status":"closed","template":"template-fullwidth.php","meta":[],"featured_image_urls":{"full":"","thumbnail":"","medium":"","medium_large":"","large":"","sgg-420":"","sgg-540":"","sgg-780":"","1536x1536":"","2048x2048":"","homepage-slider":"","homepage-slider-small":"","page-top":"","page-small":"","loop-main":"","thumb-gallery-widget":""},"post_excerpt_stackable":"<p>A Ag\u00eancia de Defesa Agropecu\u00e1ria do Estado do Piau\u00ed \u2013 ADAPI,&nbsp;Lei Estadual n\u00ba 5.491, de 26 de agosto de 2005&nbsp;, tem em sua estrutura b\u00e1sica, conforme art. 3\u00ba, inciso III a figura do Procurador Chefe que consolida a Procuradoria Jur\u00eddica da ADAPI, cujas atribui\u00e7\u00f5es s\u00e3o as constantes no art. 7\u00ba e seus incisos, do&nbsp;Decreto Estadual n\u00ba 12.074 de 30 de janeiro de 2006 A Procuradoria desenvolve in\u00fameras atividades concernentes as suas compet\u00eancias, a saber: 1)&nbsp;Pareceres Jur\u00eddicos&nbsp;\u2013 emiss\u00e3o de Pareceres Jur\u00eddicos em resposta \u00e0s consultas formuladas pelos diversos setores da ADAPI, servidores e terceiros, especialmente relacionados aos Autos de Infra\u00e7\u00e3o e&hellip;<\/p>\n","category_list":"","author_info":{"name":"yancarvalho","url":"https:\/\/portal.pi.gov.br\/adapi\/author\/yancarvalho\/"},"comments_num":"0 coment\u00e1rio","featured_image_urls_v2":{"full":"","thumbnail":"","medium":"","medium_large":"","large":"","sgg-420":"","sgg-540":"","sgg-780":"","1536x1536":"","2048x2048":"","homepage-slider":"","homepage-slider-small":"","page-top":"","page-small":"","loop-main":"","thumb-gallery-widget":""},"post_excerpt_stackable_v2":"<p>A Ag\u00eancia de Defesa Agropecu\u00e1ria do Estado do Piau\u00ed \u2013 ADAPI,&nbsp;Lei Estadual n\u00ba 5.491, de 26 de agosto de 2005&nbsp;, tem em sua estrutura b\u00e1sica, conforme art. 3\u00ba, inciso III a figura do Procurador Chefe que consolida a Procuradoria Jur\u00eddica da ADAPI, cujas atribui\u00e7\u00f5es s\u00e3o as constantes no art. 7\u00ba e seus incisos, do&nbsp;Decreto Estadual n\u00ba 12.074 de 30 de janeiro de 2006 A Procuradoria desenvolve in\u00fameras atividades concernentes as suas compet\u00eancias, a saber: 1)&nbsp;Pareceres Jur\u00eddicos&nbsp;\u2013 emiss\u00e3o de Pareceres Jur\u00eddicos em resposta \u00e0s consultas formuladas pelos diversos setores da ADAPI, servidores e terceiros, especialmente relacionados aos Autos de Infra\u00e7\u00e3o e&hellip;<\/p>\n","category_list_v2":"","author_info_v2":{"name":"yancarvalho","url":"https:\/\/portal.pi.gov.br\/adapi\/author\/yancarvalho\/"},"comments_num_v2":"0 coment\u00e1rio","_links":{"self":[{"href":"https:\/\/portal.pi.gov.br\/adapi\/wp-json\/wp\/v2\/pages\/2351"}],"collection":[{"href":"https:\/\/portal.pi.gov.br\/adapi\/wp-json\/wp\/v2\/pages"}],"about":[{"href":"https:\/\/portal.pi.gov.br\/adapi\/wp-json\/wp\/v2\/types\/page"}],"author":[{"embeddable":true,"href":"https:\/\/portal.pi.gov.br\/adapi\/wp-json\/wp\/v2\/users\/1798"}],"replies":[{"embeddable":true,"href":"https:\/\/portal.pi.gov.br\/adapi\/wp-json\/wp\/v2\/comments?post=2351"}],"version-history":[{"count":3,"href":"https:\/\/portal.pi.gov.br\/adapi\/wp-json\/wp\/v2\/pages\/2351\/revisions"}],"predecessor-version":[{"id":5165,"href":"https:\/\/portal.pi.gov.br\/adapi\/wp-json\/wp\/v2\/pages\/2351\/revisions\/5165"}],"wp:attachment":[{"href":"https:\/\/portal.pi.gov.br\/adapi\/wp-json\/wp\/v2\/media?parent=2351"}],"curies":[{"name":"wp","href":"https:\/\/api.w.org\/{rel}","templated":true}]}}