{"id":2403,"date":"2025-03-17T12:15:34","date_gmt":"2025-03-17T15:15:34","guid":{"rendered":"https:\/\/portal.pi.gov.br\/adapi\/?page_id=2403"},"modified":"2025-03-18T13:55:00","modified_gmt":"2025-03-18T16:55:00","slug":"decretos-estaduais","status":"publish","type":"page","link":"https:\/\/portal.pi.gov.br\/adapi\/decretos-estaduais\/","title":{"rendered":"Decretos Estaduais"},"content":{"rendered":"<script type=\"text\/x-handlebars-template\"        id=\"wpfd-template-table-categories-363\">    <div class=\"wpfd-categories\">{{#if category}}{{#with category}}{{#if parent}}<a class=\"catlink backcategory\" href=\"#\" data-idcat=\"{{parent}}\">                        <i class=\"zmdi zmdi-chevron-left\"><\/i><span>Voltar<\/span><\/a>{{\/if}}{{\/with}}{{\/if}}<\/div><\/script><script type=\"text\/x-handlebars-template\" id=\"wpfd-template-table-363\">    {{#if files}}    {{#each files}}    <tr class=\"file\" data-id=\"{{ID}}\" data-catid=\"{{catid}}\">    <td class=\"file_title\"><a class=\"wpfd_downloadlink\" href=\"{{linkdownload}}\" title=\"{{post_title}}\"><span class=\"extcol\">{{#if file_custom_icon}}<span class=\"icon-custom\"><img src=\"{{file_custom_icon}}\"><\/span>{{else}}<span class=\"ext ext-{{ext}}\"><\/span>{{\/if}}<\/span>{{{crop_title}}}<\/a><\/td><td class=\"file_size\">{{bytesToSize size}}<\/td><td class=\"file_created\">{{created}}<\/td>                    <td class=\"col-download\">                <a class=\"downloadlink wpfd_downloadlink\"  href=\"{{linkdownload}}\" style=\"background-color:#033b85;color:#ffffff;\">Baixar<i class=\"zmdi zmdi-cloud-download wpfd-download\"><\/i><\/a>{{#if openpdflink}}<a class=\"openlink wpfdlightbox wpfd_previewlink\" href=\"{{openpdflink}}\" target=\"\">Visualizar                            <i class=\"zmdi zmdi-filter-center-focus wpfd-preview\"><\/i>                        <\/a>{{else}}{{#if viewerlink}}<a                            href=\"{{viewerlink}}\"                            class=\"openlink wpfdlightbox wpfd_previewlink\"                            target=\"\"                            data-id=\"{{ID}}\"                            data-catid=\"{{catid}}\"                            data-file-type=\"{{ext}}\">Visualizar<i class=\"zmdi zmdi-filter-center-focus wpfd-preview\"><\/i>                        <\/a>{{\/if}}{{\/if}}            <\/td>            <\/tr>    {{\/each}}    {{\/if}}<\/script><div class=\"wpfd-content wpfd-content-table wpfd-content-multi colstyle\" data-category=\"363\"><input type=\"hidden\" id=\"current_category_363\" value=\"363\" \/>                    <input type=\"hidden\" id=\"current_category_slug_363\" value=\"decretosestaduais\" \/>                    <input type=\"hidden\" id=\"current_ordering_363\" value=\"title\" \/>                    <input type=\"hidden\" id=\"current_ordering_direction_363\" value=\"desc\" \/><div class=\"wpfd-container\">        <div class=\"wpfd-open-tree\"><\/div>    <div class=\"wpfd-container-table \">        <div class=\"wpfd-categories\"><\/div>        <table class=\"wpfd-table wpfd-table-bordered wpfd-table-striped mediaTable\">            <thead>            <tr>                <th class=\"essential persist file_title\">T\u00edtulo<\/th><th class=\"optional file_size\">Tamanho<\/th><th class=\"optional file_created\">Data de Publica\u00e7\u00e3o<\/th><th class=\"essential file_download\">Baixar<\/th>            <\/tr>            <\/thead>            <tbody>                            <tr class=\"file\" data-id=\"3379\"                    data-catid=\"363\">                    <td class=\"file_title\"><a class=\"wpfd_downloadlink\" href=\"https:\/\/portal.pi.gov.br\/adapi\/download\/363\/decretosestaduais\/3379\/legislacao-do-estado-do-piaui-lei-ordinaria-no-5-762-de-12-06-2008-decreto.pdf\" title=\"Legisla\u00e7\u00e3o do Estado do Piaui-Lei Ordin\u00e1ria N\u00ba 5.762 de 12-06-2008-DECRETO\"><span class=\"extcol\">                                <span class=\"ext ext-pdf\"><\/span>                                Legisla\u00e7\u00e3o do Estado do Piaui-Lei Ordin\u00e1ria N\u00ba 5.762 de 12-06-2008-DECRETO                            <\/span><\/a><\/td><td class=\"file_size\">183.96 KB<\/td><td class=\"file_created\">25-04-2025<\/td>                                            <td class=\"col-download\">                            <a class=\"downloadlink wpfd_downloadlink\"  href=\"https:\/\/portal.pi.gov.br\/adapi\/download\/363\/decretosestaduais\/3379\/legislacao-do-estado-do-piaui-lei-ordinaria-no-5-762-de-12-06-2008-decreto.pdf\" style=\"background-color:#033b85;color:#ffffff;\">Baixar<i class=\"zmdi zmdi-cloud-download wpfd-download\"><\/i><\/a><a                            href=\"https:\/\/docs.google.com\/viewer?url=https%3A%2F%2Fportal.pi.gov.br%2Fadapi%2Fwp-admin%2Fadmin-ajax.php%3Fjuwpfisadmin%3Dfalse%26action%3Dwpfd%26task%3Dfile.download%26wpfd_category_id%3D363%26wpfd_file_id%3D3379%26token%3D%26preview%3D1&#038;embedded=true\"                            class=\"openlink wpfdlightbox wpfd_previewlink\"                            target=\"\"                            data-id=\"3379\"                            data-catid=\"363\"                            data-file-type=\"pdf\">Visualizar<i class=\"zmdi zmdi-filter-center-focus wpfd-preview\"><\/i>                        <\/a>                        <\/td>                                    <\/tr>                            <tr class=\"file\" data-id=\"3378\"                    data-catid=\"363\">                    <td class=\"file_title\"><a class=\"wpfd_downloadlink\" href=\"https:\/\/portal.pi.gov.br\/adapi\/download\/363\/decretosestaduais\/3378\/legislacao-do-estado-do-piaui-decreto-no-12-074-de-30-01-2006.pdf\" title=\"Legisla\u00e7\u00e3o do Estado do Piaui-Decreto N\u00ba 12.074 de 30-01-2006\"><span class=\"extcol\">                                <span class=\"ext ext-pdf\"><\/span>                                Legisla\u00e7\u00e3o do Estado do Piaui-Decreto N\u00ba 12.074 de 30-01-2006                            <\/span><\/a><\/td><td class=\"file_size\">146.34 KB<\/td><td class=\"file_created\">25-04-2025<\/td>                                            <td class=\"col-download\">                            <a class=\"downloadlink wpfd_downloadlink\"  href=\"https:\/\/portal.pi.gov.br\/adapi\/download\/363\/decretosestaduais\/3378\/legislacao-do-estado-do-piaui-decreto-no-12-074-de-30-01-2006.pdf\" style=\"background-color:#033b85;color:#ffffff;\">Baixar<i class=\"zmdi zmdi-cloud-download wpfd-download\"><\/i><\/a><a                            href=\"https:\/\/docs.google.com\/viewer?url=https%3A%2F%2Fportal.pi.gov.br%2Fadapi%2Fwp-admin%2Fadmin-ajax.php%3Fjuwpfisadmin%3Dfalse%26action%3Dwpfd%26task%3Dfile.download%26wpfd_category_id%3D363%26wpfd_file_id%3D3378%26token%3D%26preview%3D1&#038;embedded=true\"                            class=\"openlink wpfdlightbox wpfd_previewlink\"                            target=\"\"                            data-id=\"3378\"                            data-catid=\"363\"                            data-file-type=\"pdf\">Visualizar<i class=\"zmdi zmdi-filter-center-focus wpfd-preview\"><\/i>                        <\/a>                        <\/td>                                    <\/tr>                            <tr class=\"file\" data-id=\"3344\"                    data-catid=\"363\">                    <td class=\"file_title\"><a class=\"wpfd_downloadlink\" href=\"https:\/\/portal.pi.gov.br\/adapi\/download\/363\/decretosestaduais\/3344\/decreto-de-regulamentacao-do-fundo-de-defesa-agropecuario-do-estado-do-piaui-fundapi.pdf\" title=\"Decreto de regulamenta\u00e7\u00e3o do Fundo de Defesa Agropecu\u00e1rio do Estado do Piau\u00ed - FUNDAPI\"><span class=\"extcol\">                                <span class=\"ext ext-pdf\"><\/span>                                Decreto de regulamenta\u00e7\u00e3o do Fundo de Defesa Agropecu\u00e1rio do Estado do Piau\u00ed - FUNDAPI                            <\/span><\/a><\/td><td class=\"file_size\">43.99 KB<\/td><td class=\"file_created\">24-04-2025<\/td>                                            <td class=\"col-download\">                            <a class=\"downloadlink wpfd_downloadlink\"  href=\"https:\/\/portal.pi.gov.br\/adapi\/download\/363\/decretosestaduais\/3344\/decreto-de-regulamentacao-do-fundo-de-defesa-agropecuario-do-estado-do-piaui-fundapi.pdf\" style=\"background-color:#033b85;color:#ffffff;\">Baixar<i class=\"zmdi zmdi-cloud-download wpfd-download\"><\/i><\/a><a                            href=\"https:\/\/docs.google.com\/viewer?url=https%3A%2F%2Fportal.pi.gov.br%2Fadapi%2Fwp-admin%2Fadmin-ajax.php%3Fjuwpfisadmin%3Dfalse%26action%3Dwpfd%26task%3Dfile.download%26wpfd_category_id%3D363%26wpfd_file_id%3D3344%26token%3D%26preview%3D1&#038;embedded=true\"                            class=\"openlink wpfdlightbox wpfd_previewlink\"                            target=\"\"                            data-id=\"3344\"                            data-catid=\"363\"                            data-file-type=\"pdf\">Visualizar<i class=\"zmdi zmdi-filter-center-focus wpfd-preview\"><\/i>                        <\/a>                        <\/td>                                    <\/tr>                            <tr class=\"file\" data-id=\"4990\"                    data-catid=\"363\">                    <td class=\"file_title\"><a class=\"wpfd_downloadlink\" href=\"https:\/\/portal.pi.gov.br\/adapi\/download\/363\/decretosestaduais\/4990\/decreto-de-emergencia_peste_suina-2026.pdf\" title=\"DECRETO DE  EMERGENCIA_Peste_Suina 2026\"><span class=\"extcol\">                                <span class=\"ext ext-pdf\"><\/span>                                DECRETO DE  EMERGENCIA_Peste_Suina 2026                            <\/span><\/a><\/td><td class=\"file_size\">951.73 KB<\/td><td class=\"file_created\">03-02-2026<\/td>                                            <td class=\"col-download\">                            <a class=\"downloadlink wpfd_downloadlink\"  href=\"https:\/\/portal.pi.gov.br\/adapi\/download\/363\/decretosestaduais\/4990\/decreto-de-emergencia_peste_suina-2026.pdf\" style=\"background-color:#033b85;color:#ffffff;\">Baixar<i class=\"zmdi zmdi-cloud-download wpfd-download\"><\/i><\/a><a                            href=\"https:\/\/docs.google.com\/viewer?url=https%3A%2F%2Fportal.pi.gov.br%2Fadapi%2Fwp-admin%2Fadmin-ajax.php%3Fjuwpfisadmin%3Dfalse%26action%3Dwpfd%26task%3Dfile.download%26wpfd_category_id%3D363%26wpfd_file_id%3D4990%26token%3D%26preview%3D1&#038;embedded=true\"                            class=\"openlink wpfdlightbox wpfd_previewlink\"                            target=\"\"                            data-id=\"4990\"                            data-catid=\"363\"                            data-file-type=\"pdf\">Visualizar<i class=\"zmdi zmdi-filter-center-focus wpfd-preview\"><\/i>                        <\/a>                        <\/td>                                    <\/tr>                        <\/tbody>        <\/table>            <\/div><\/div><\/div>\n","protected":false},"excerpt":{"rendered":"","protected":false},"author":1798,"featured_media":0,"parent":0,"menu_order":0,"comment_status":"closed","ping_status":"closed","template":"template-fullwidth.php","meta":[],"featured_image_urls":{"full":"","thumbnail":"","medium":"","medium_large":"","large":"","sgg-420":"","sgg-540":"","sgg-780":"","1536x1536":"","2048x2048":"","homepage-slider":"","homepage-slider-small":"","page-top":"","page-small":"","loop-main":"","thumb-gallery-widget":""},"post_excerpt_stackable":"<p>T\u00edtuloTamanhoData de Publica\u00e7\u00e3oBaixar Legisla\u00e7\u00e3o do Estado do Piaui-Lei Ordin\u00e1ria N\u00ba 5.762 de 12-06-2008-DECRETO 183.96 KB25-04-2025 BaixarVisualizar Legisla\u00e7\u00e3o do Estado do Piaui-Decreto N\u00ba 12.074 de 30-01-2006 146.34 KB25-04-2025 BaixarVisualizar Decreto de regulamenta\u00e7\u00e3o do Fundo de Defesa Agropecu\u00e1rio do Estado do Piau\u00ed &#8211; FUNDAPI 43.99 KB24-04-2025 BaixarVisualizar DECRETO DE EMERGENCIA_Peste_Suina 2026 951.73 KB03-02-2026 BaixarVisualizar<\/p>\n","category_list":"","author_info":{"name":"yancarvalho","url":"https:\/\/portal.pi.gov.br\/adapi\/author\/yancarvalho\/"},"comments_num":"0 coment\u00e1rio","featured_image_urls_v2":{"full":"","thumbnail":"","medium":"","medium_large":"","large":"","sgg-420":"","sgg-540":"","sgg-780":"","1536x1536":"","2048x2048":"","homepage-slider":"","homepage-slider-small":"","page-top":"","page-small":"","loop-main":"","thumb-gallery-widget":""},"post_excerpt_stackable_v2":"<p>T\u00edtuloTamanhoData de Publica\u00e7\u00e3oBaixar Legisla\u00e7\u00e3o do Estado do Piaui-Lei Ordin\u00e1ria N\u00ba 5.762 de 12-06-2008-DECRETO 183.96 KB25-04-2025 BaixarVisualizar Legisla\u00e7\u00e3o do Estado do Piaui-Decreto N\u00ba 12.074 de 30-01-2006 146.34 KB25-04-2025 BaixarVisualizar Decreto de regulamenta\u00e7\u00e3o do Fundo de Defesa Agropecu\u00e1rio do Estado do Piau\u00ed &#8211; FUNDAPI 43.99 KB24-04-2025 BaixarVisualizar DECRETO DE EMERGENCIA_Peste_Suina 2026 951.73 KB03-02-2026 BaixarVisualizar<\/p>\n","category_list_v2":"","author_info_v2":{"name":"yancarvalho","url":"https:\/\/portal.pi.gov.br\/adapi\/author\/yancarvalho\/"},"comments_num_v2":"0 coment\u00e1rio","_links":{"self":[{"href":"https:\/\/portal.pi.gov.br\/adapi\/wp-json\/wp\/v2\/pages\/2403"}],"collection":[{"href":"https:\/\/portal.pi.gov.br\/adapi\/wp-json\/wp\/v2\/pages"}],"about":[{"href":"https:\/\/portal.pi.gov.br\/adapi\/wp-json\/wp\/v2\/types\/page"}],"author":[{"embeddable":true,"href":"https:\/\/portal.pi.gov.br\/adapi\/wp-json\/wp\/v2\/users\/1798"}],"replies":[{"embeddable":true,"href":"https:\/\/portal.pi.gov.br\/adapi\/wp-json\/wp\/v2\/comments?post=2403"}],"version-history":[{"count":2,"href":"https:\/\/portal.pi.gov.br\/adapi\/wp-json\/wp\/v2\/pages\/2403\/revisions"}],"predecessor-version":[{"id":2726,"href":"https:\/\/portal.pi.gov.br\/adapi\/wp-json\/wp\/v2\/pages\/2403\/revisions\/2726"}],"wp:attachment":[{"href":"https:\/\/portal.pi.gov.br\/adapi\/wp-json\/wp\/v2\/media?parent=2403"}],"curies":[{"name":"wp","href":"https:\/\/api.w.org\/{rel}","templated":true}]}}