{"id":2444,"date":"2025-03-17T12:53:12","date_gmt":"2025-03-17T15:53:12","guid":{"rendered":"https:\/\/portal.pi.gov.br\/adapi\/?page_id=2444"},"modified":"2025-03-18T13:14:29","modified_gmt":"2025-03-18T16:14:29","slug":"formularios","status":"publish","type":"page","link":"https:\/\/portal.pi.gov.br\/adapi\/formularios\/","title":{"rendered":"Formul\u00e1rios"},"content":{"rendered":"<script type=\"text\/x-handlebars-template\"        id=\"wpfd-template-table-categories-323\">    <div class=\"wpfd-categories\">{{#if category}}{{#with category}}{{#if parent}}<a class=\"catlink backcategory\" href=\"#\" data-idcat=\"{{parent}}\">                        <i class=\"zmdi zmdi-chevron-left\"><\/i><span>Voltar<\/span><\/a>{{\/if}}{{\/with}}{{\/if}}<\/div><\/script><script type=\"text\/x-handlebars-template\" id=\"wpfd-template-table-323\">    {{#if files}}    {{#each files}}    <tr class=\"file\" data-id=\"{{ID}}\" data-catid=\"{{catid}}\">    <td class=\"file_title\"><a class=\"wpfd_downloadlink\" href=\"{{linkdownload}}\" title=\"{{post_title}}\"><span class=\"extcol\">{{#if file_custom_icon}}<span class=\"icon-custom\"><img src=\"{{file_custom_icon}}\"><\/span>{{else}}<span class=\"ext ext-{{ext}}\"><\/span>{{\/if}}<\/span>{{{crop_title}}}<\/a><\/td><td class=\"file_size\">{{bytesToSize size}}<\/td><td class=\"file_created\">{{created}}<\/td>                    <td class=\"col-download\">                <a class=\"downloadlink wpfd_downloadlink\"  href=\"{{linkdownload}}\" style=\"background-color:#033b85;color:#ffffff;\">Baixar<i class=\"zmdi zmdi-cloud-download wpfd-download\"><\/i><\/a>{{#if openpdflink}}<a class=\"openlink wpfdlightbox wpfd_previewlink\" href=\"{{openpdflink}}\" target=\"\">Visualizar                            <i class=\"zmdi zmdi-filter-center-focus wpfd-preview\"><\/i>                        <\/a>{{else}}{{#if viewerlink}}<a                            href=\"{{viewerlink}}\"                            class=\"openlink wpfdlightbox wpfd_previewlink\"                            target=\"\"                            data-id=\"{{ID}}\"                            data-catid=\"{{catid}}\"                            data-file-type=\"{{ext}}\">Visualizar<i class=\"zmdi zmdi-filter-center-focus wpfd-preview\"><\/i>                        <\/a>{{\/if}}{{\/if}}            <\/td>            <\/tr>    {{\/each}}    {{\/if}}<\/script><div class=\"wpfd-content wpfd-content-table wpfd-content-multi colstyle\" data-category=\"323\"><input type=\"hidden\" id=\"current_category_323\" value=\"323\" \/>                    <input type=\"hidden\" id=\"current_category_slug_323\" value=\"aftosa-formularios\" \/>                    <input type=\"hidden\" id=\"current_ordering_323\" value=\"title\" \/>                    <input type=\"hidden\" id=\"current_ordering_direction_323\" value=\"desc\" \/><div class=\"wpfd-container\">        <div class=\"wpfd-open-tree\"><\/div>    <div class=\"wpfd-container-table \">        <div class=\"wpfd-categories\"><\/div>        <table class=\"wpfd-table wpfd-table-bordered wpfd-table-striped mediaTable\">            <thead>            <tr>                <th class=\"essential persist file_title\">T\u00edtulo<\/th><th class=\"optional file_size\">Tamanho<\/th><th class=\"optional file_created\">Data de Publica\u00e7\u00e3o<\/th><th class=\"essential file_download\">Baixar<\/th>            <\/tr>            <\/thead>            <tbody>                            <tr class=\"file\" data-id=\"3099\"                    data-catid=\"323\">                    <td class=\"file_title\"><a class=\"wpfd_downloadlink\" href=\"https:\/\/portal.pi.gov.br\/adapi\/download\/323\/aftosa-formularios\/3099\/relatorio-de-fiscalizacao-direta-a-vacinacao-contra-febre-aftosa.xlsx\" title=\"Relat\u00f3rio de Fiscaliza\u00e7\u00e3o Direta a Vacina\u00e7\u00e3o contra Febre Aftosa\"><span class=\"extcol\">                                <span class=\"ext ext-xlsx\"><\/span>                                Relat\u00f3rio de Fiscaliza\u00e7\u00e3o Direta a Vacina\u00e7\u00e3o contra Febre Aftosa                            <\/span><\/a><\/td><td class=\"file_size\">115.69 KB<\/td><td class=\"file_created\">23-04-2025<\/td>                                            <td class=\"col-download\">                            <a class=\"downloadlink wpfd_downloadlink\"  href=\"https:\/\/portal.pi.gov.br\/adapi\/download\/323\/aftosa-formularios\/3099\/relatorio-de-fiscalizacao-direta-a-vacinacao-contra-febre-aftosa.xlsx\" style=\"background-color:#033b85;color:#ffffff;\">Baixar<i class=\"zmdi zmdi-cloud-download wpfd-download\"><\/i><\/a><a                            href=\"https:\/\/docs.google.com\/viewer?url=https%3A%2F%2Fportal.pi.gov.br%2Fadapi%2Fwp-admin%2Fadmin-ajax.php%3Fjuwpfisadmin%3Dfalse%26action%3Dwpfd%26task%3Dfile.download%26wpfd_category_id%3D323%26wpfd_file_id%3D3099%26token%3D%26preview%3D1&#038;embedded=true\"                            class=\"openlink wpfdlightbox wpfd_previewlink\"                            target=\"\"                            data-id=\"3099\"                            data-catid=\"323\"                            data-file-type=\"xlsx\">Visualizar<i class=\"zmdi zmdi-filter-center-focus wpfd-preview\"><\/i>                        <\/a>                        <\/td>                                    <\/tr>                            <tr class=\"file\" data-id=\"3097\"                    data-catid=\"323\">                    <td class=\"file_title\"><a class=\"wpfd_downloadlink\" href=\"https:\/\/portal.pi.gov.br\/adapi\/download\/323\/aftosa-formularios\/3097\/relatorio-de-entrada-de-vacinas-contra-febre-aftosa.doc\" title=\"Relat\u00f3rio de Entrada de Vacinas contra Febre Aftosa\"><span class=\"extcol\">                                <span class=\"ext ext-doc\"><\/span>                                Relat\u00f3rio de Entrada de Vacinas contra Febre Aftosa                            <\/span><\/a><\/td><td class=\"file_size\">86.50 KB<\/td><td class=\"file_created\">23-04-2025<\/td>                                            <td class=\"col-download\">                            <a class=\"downloadlink wpfd_downloadlink\"  href=\"https:\/\/portal.pi.gov.br\/adapi\/download\/323\/aftosa-formularios\/3097\/relatorio-de-entrada-de-vacinas-contra-febre-aftosa.doc\" style=\"background-color:#033b85;color:#ffffff;\">Baixar<i class=\"zmdi zmdi-cloud-download wpfd-download\"><\/i><\/a><a                            href=\"https:\/\/docs.google.com\/viewer?url=https%3A%2F%2Fportal.pi.gov.br%2Fadapi%2Fwp-admin%2Fadmin-ajax.php%3Fjuwpfisadmin%3Dfalse%26action%3Dwpfd%26task%3Dfile.download%26wpfd_category_id%3D323%26wpfd_file_id%3D3097%26token%3D%26preview%3D1&#038;embedded=true\"                            class=\"openlink wpfdlightbox wpfd_previewlink\"                            target=\"\"                            data-id=\"3097\"                            data-catid=\"323\"                            data-file-type=\"doc\">Visualizar<i class=\"zmdi zmdi-filter-center-focus wpfd-preview\"><\/i>                        <\/a>                        <\/td>                                    <\/tr>                            <tr class=\"file\" data-id=\"3095\"                    data-catid=\"323\">                    <td class=\"file_title\"><a class=\"wpfd_downloadlink\" href=\"https:\/\/portal.pi.gov.br\/adapi\/download\/323\/aftosa-formularios\/3095\/relatorio-de-controle-de-vacinas-encaminhadas-para-outros-estados.doc\" title=\"Relat\u00f3rio de Controle de vacinas encaminhadas para outros Estados\"><span class=\"extcol\">                                <span class=\"ext ext-doc\"><\/span>                                Relat\u00f3rio de Controle de vacinas encaminhadas para outros Estados                            <\/span><\/a><\/td><td class=\"file_size\">88.00 KB<\/td><td class=\"file_created\">23-04-2025<\/td>                                            <td class=\"col-download\">                            <a class=\"downloadlink wpfd_downloadlink\"  href=\"https:\/\/portal.pi.gov.br\/adapi\/download\/323\/aftosa-formularios\/3095\/relatorio-de-controle-de-vacinas-encaminhadas-para-outros-estados.doc\" style=\"background-color:#033b85;color:#ffffff;\">Baixar<i class=\"zmdi zmdi-cloud-download wpfd-download\"><\/i><\/a><a                            href=\"https:\/\/docs.google.com\/viewer?url=https%3A%2F%2Fportal.pi.gov.br%2Fadapi%2Fwp-admin%2Fadmin-ajax.php%3Fjuwpfisadmin%3Dfalse%26action%3Dwpfd%26task%3Dfile.download%26wpfd_category_id%3D323%26wpfd_file_id%3D3095%26token%3D%26preview%3D1&#038;embedded=true\"                            class=\"openlink wpfdlightbox wpfd_previewlink\"                            target=\"\"                            data-id=\"3095\"                            data-catid=\"323\"                            data-file-type=\"doc\">Visualizar<i class=\"zmdi zmdi-filter-center-focus wpfd-preview\"><\/i>                        <\/a>                        <\/td>                                    <\/tr>                            <tr class=\"file\" data-id=\"3096\"                    data-catid=\"323\">                    <td class=\"file_title\"><a class=\"wpfd_downloadlink\" href=\"https:\/\/portal.pi.gov.br\/adapi\/download\/323\/aftosa-formularios\/3096\/relatorio-de-controle-de-vacinas-advindas-de-outros-estados.doc\" title=\"Relat\u00f3rio de Controle de vacinas advindas de outros Estados\"><span class=\"extcol\">                                <span class=\"ext ext-doc\"><\/span>                                Relat\u00f3rio de Controle de vacinas advindas de outros Estados                            <\/span><\/a><\/td><td class=\"file_size\">89.00 KB<\/td><td class=\"file_created\">23-04-2025<\/td>                                            <td class=\"col-download\">                            <a class=\"downloadlink wpfd_downloadlink\"  href=\"https:\/\/portal.pi.gov.br\/adapi\/download\/323\/aftosa-formularios\/3096\/relatorio-de-controle-de-vacinas-advindas-de-outros-estados.doc\" style=\"background-color:#033b85;color:#ffffff;\">Baixar<i class=\"zmdi zmdi-cloud-download wpfd-download\"><\/i><\/a><a                            href=\"https:\/\/docs.google.com\/viewer?url=https%3A%2F%2Fportal.pi.gov.br%2Fadapi%2Fwp-admin%2Fadmin-ajax.php%3Fjuwpfisadmin%3Dfalse%26action%3Dwpfd%26task%3Dfile.download%26wpfd_category_id%3D323%26wpfd_file_id%3D3096%26token%3D%26preview%3D1&#038;embedded=true\"                            class=\"openlink wpfdlightbox wpfd_previewlink\"                            target=\"\"                            data-id=\"3096\"                            data-catid=\"323\"                            data-file-type=\"doc\">Visualizar<i class=\"zmdi zmdi-filter-center-focus wpfd-preview\"><\/i>                        <\/a>                        <\/td>                                    <\/tr>                            <tr class=\"file\" data-id=\"3106\"                    data-catid=\"323\">                    <td class=\"file_title\"><a class=\"wpfd_downloadlink\" href=\"https:\/\/portal.pi.gov.br\/adapi\/download\/323\/aftosa-formularios\/3106\/recebimento-de-vacinas-contra-febre-aftosa.doc\" title=\"Recebimento de Vacinas contra Febre Aftosa\"><span class=\"extcol\">                                <span class=\"ext ext-doc\"><\/span>                                Recebimento de Vacinas contra Febre Aftosa                            <\/span><\/a><\/td><td class=\"file_size\">86.00 KB<\/td><td class=\"file_created\">23-04-2025<\/td>                                            <td class=\"col-download\">                            <a class=\"downloadlink wpfd_downloadlink\"  href=\"https:\/\/portal.pi.gov.br\/adapi\/download\/323\/aftosa-formularios\/3106\/recebimento-de-vacinas-contra-febre-aftosa.doc\" style=\"background-color:#033b85;color:#ffffff;\">Baixar<i class=\"zmdi zmdi-cloud-download wpfd-download\"><\/i><\/a><a                            href=\"https:\/\/docs.google.com\/viewer?url=https%3A%2F%2Fportal.pi.gov.br%2Fadapi%2Fwp-admin%2Fadmin-ajax.php%3Fjuwpfisadmin%3Dfalse%26action%3Dwpfd%26task%3Dfile.download%26wpfd_category_id%3D323%26wpfd_file_id%3D3106%26token%3D%26preview%3D1&#038;embedded=true\"                            class=\"openlink wpfdlightbox wpfd_previewlink\"                            target=\"\"                            data-id=\"3106\"                            data-catid=\"323\"                            data-file-type=\"doc\">Visualizar<i class=\"zmdi zmdi-filter-center-focus wpfd-preview\"><\/i>                        <\/a>                        <\/td>                                    <\/tr>                            <tr class=\"file\" data-id=\"3105\"                    data-catid=\"323\">                    <td class=\"file_title\"><a class=\"wpfd_downloadlink\" href=\"https:\/\/portal.pi.gov.br\/adapi\/download\/323\/aftosa-formularios\/3105\/levantamento-de-estoque-de-vacina-contra-febre-aftosa.doc\" title=\"Levantamento de Estoque de Vacina contra Febre Aftosa\"><span class=\"extcol\">                                <span class=\"ext ext-doc\"><\/span>                                Levantamento de Estoque de Vacina contra Febre Aftosa                            <\/span><\/a><\/td><td class=\"file_size\">80.50 KB<\/td><td class=\"file_created\">23-04-2025<\/td>                                            <td class=\"col-download\">                            <a class=\"downloadlink wpfd_downloadlink\"  href=\"https:\/\/portal.pi.gov.br\/adapi\/download\/323\/aftosa-formularios\/3105\/levantamento-de-estoque-de-vacina-contra-febre-aftosa.doc\" style=\"background-color:#033b85;color:#ffffff;\">Baixar<i class=\"zmdi zmdi-cloud-download wpfd-download\"><\/i><\/a><a                            href=\"https:\/\/docs.google.com\/viewer?url=https%3A%2F%2Fportal.pi.gov.br%2Fadapi%2Fwp-admin%2Fadmin-ajax.php%3Fjuwpfisadmin%3Dfalse%26action%3Dwpfd%26task%3Dfile.download%26wpfd_category_id%3D323%26wpfd_file_id%3D3105%26token%3D%26preview%3D1&#038;embedded=true\"                            class=\"openlink wpfdlightbox wpfd_previewlink\"                            target=\"\"                            data-id=\"3105\"                            data-catid=\"323\"                            data-file-type=\"doc\">Visualizar<i class=\"zmdi zmdi-filter-center-focus wpfd-preview\"><\/i>                        <\/a>                        <\/td>                                    <\/tr>                            <tr class=\"file\" data-id=\"3104\"                    data-catid=\"323\">                    <td class=\"file_title\"><a class=\"wpfd_downloadlink\" href=\"https:\/\/portal.pi.gov.br\/adapi\/download\/323\/aftosa-formularios\/3104\/demonstrativo-de-temperatura.doc\" title=\"Demonstrativo de Temperatura\"><span class=\"extcol\">                                <span class=\"ext ext-doc\"><\/span>                                Demonstrativo de Temperatura                            <\/span><\/a><\/td><td class=\"file_size\">94.50 KB<\/td><td class=\"file_created\">23-04-2025<\/td>                                            <td class=\"col-download\">                            <a class=\"downloadlink wpfd_downloadlink\"  href=\"https:\/\/portal.pi.gov.br\/adapi\/download\/323\/aftosa-formularios\/3104\/demonstrativo-de-temperatura.doc\" style=\"background-color:#033b85;color:#ffffff;\">Baixar<i class=\"zmdi zmdi-cloud-download wpfd-download\"><\/i><\/a><a                            href=\"https:\/\/docs.google.com\/viewer?url=https%3A%2F%2Fportal.pi.gov.br%2Fadapi%2Fwp-admin%2Fadmin-ajax.php%3Fjuwpfisadmin%3Dfalse%26action%3Dwpfd%26task%3Dfile.download%26wpfd_category_id%3D323%26wpfd_file_id%3D3104%26token%3D%26preview%3D1&#038;embedded=true\"                            class=\"openlink wpfdlightbox wpfd_previewlink\"                            target=\"\"                            data-id=\"3104\"                            data-catid=\"323\"                            data-file-type=\"doc\">Visualizar<i class=\"zmdi zmdi-filter-center-focus wpfd-preview\"><\/i>                        <\/a>                        <\/td>                                    <\/tr>                            <tr class=\"file\" data-id=\"3103\"                    data-catid=\"323\">                    <td class=\"file_title\"><a class=\"wpfd_downloadlink\" href=\"https:\/\/portal.pi.gov.br\/adapi\/download\/323\/aftosa-formularios\/3103\/declaracao-de-compromisso-revendas.doc\" title=\"Declara\u00e7\u00e3o de Compromisso - Revendas\"><span class=\"extcol\">                                <span class=\"ext ext-doc\"><\/span>                                Declara\u00e7\u00e3o de Compromisso - Revendas                            <\/span><\/a><\/td><td class=\"file_size\">71.50 KB<\/td><td class=\"file_created\">23-04-2025<\/td>                                            <td class=\"col-download\">                            <a class=\"downloadlink wpfd_downloadlink\"  href=\"https:\/\/portal.pi.gov.br\/adapi\/download\/323\/aftosa-formularios\/3103\/declaracao-de-compromisso-revendas.doc\" style=\"background-color:#033b85;color:#ffffff;\">Baixar<i class=\"zmdi zmdi-cloud-download wpfd-download\"><\/i><\/a><a                            href=\"https:\/\/docs.google.com\/viewer?url=https%3A%2F%2Fportal.pi.gov.br%2Fadapi%2Fwp-admin%2Fadmin-ajax.php%3Fjuwpfisadmin%3Dfalse%26action%3Dwpfd%26task%3Dfile.download%26wpfd_category_id%3D323%26wpfd_file_id%3D3103%26token%3D%26preview%3D1&#038;embedded=true\"                            class=\"openlink wpfdlightbox wpfd_previewlink\"                            target=\"\"                            data-id=\"3103\"                            data-catid=\"323\"                            data-file-type=\"doc\">Visualizar<i class=\"zmdi zmdi-filter-center-focus wpfd-preview\"><\/i>                        <\/a>                        <\/td>                                    <\/tr>                            <tr class=\"file\" data-id=\"3102\"                    data-catid=\"323\">                    <td class=\"file_title\"><a class=\"wpfd_downloadlink\" href=\"https:\/\/portal.pi.gov.br\/adapi\/download\/323\/aftosa-formularios\/3102\/controle-diario-da-comercializacao-de-vacina-contra-febre-aftosa.doc\" title=\"Controle Di\u00e1rio da Comercializa\u00e7\u00e3o de Vacina contra Febre Aftosa\"><span class=\"extcol\">                                <span class=\"ext ext-doc\"><\/span>                                Controle Di\u00e1rio da Comercializa\u00e7\u00e3o de Vacina contra Febre Aftosa                            <\/span><\/a><\/td><td class=\"file_size\">161.00 KB<\/td><td class=\"file_created\">23-04-2025<\/td>                                            <td class=\"col-download\">                            <a class=\"downloadlink wpfd_downloadlink\"  href=\"https:\/\/portal.pi.gov.br\/adapi\/download\/323\/aftosa-formularios\/3102\/controle-diario-da-comercializacao-de-vacina-contra-febre-aftosa.doc\" style=\"background-color:#033b85;color:#ffffff;\">Baixar<i class=\"zmdi zmdi-cloud-download wpfd-download\"><\/i><\/a><a                            href=\"https:\/\/docs.google.com\/viewer?url=https%3A%2F%2Fportal.pi.gov.br%2Fadapi%2Fwp-admin%2Fadmin-ajax.php%3Fjuwpfisadmin%3Dfalse%26action%3Dwpfd%26task%3Dfile.download%26wpfd_category_id%3D323%26wpfd_file_id%3D3102%26token%3D%26preview%3D1&#038;embedded=true\"                            class=\"openlink wpfdlightbox wpfd_previewlink\"                            target=\"\"                            data-id=\"3102\"                            data-catid=\"323\"                            data-file-type=\"doc\">Visualizar<i class=\"zmdi zmdi-filter-center-focus wpfd-preview\"><\/i>                        <\/a>                        <\/td>                                    <\/tr>                            <tr class=\"file\" data-id=\"3100\"                    data-catid=\"323\">                    <td class=\"file_title\"><a class=\"wpfd_downloadlink\" href=\"https:\/\/portal.pi.gov.br\/adapi\/download\/323\/aftosa-formularios\/3100\/certificado-de-registro-de-revenda-agropecuaria.doc\" title=\"Certificado de Registro de Revenda Agropecu\u00e1ria\"><span class=\"extcol\">                                <span class=\"ext ext-doc\"><\/span>                                Certificado de Registro de Revenda Agropecu\u00e1ria                            <\/span><\/a><\/td><td class=\"file_size\">69.50 KB<\/td><td class=\"file_created\">23-04-2025<\/td>                                            <td class=\"col-download\">                            <a class=\"downloadlink wpfd_downloadlink\"  href=\"https:\/\/portal.pi.gov.br\/adapi\/download\/323\/aftosa-formularios\/3100\/certificado-de-registro-de-revenda-agropecuaria.doc\" style=\"background-color:#033b85;color:#ffffff;\">Baixar<i class=\"zmdi zmdi-cloud-download wpfd-download\"><\/i><\/a><a                            href=\"https:\/\/docs.google.com\/viewer?url=https%3A%2F%2Fportal.pi.gov.br%2Fadapi%2Fwp-admin%2Fadmin-ajax.php%3Fjuwpfisadmin%3Dfalse%26action%3Dwpfd%26task%3Dfile.download%26wpfd_category_id%3D323%26wpfd_file_id%3D3100%26token%3D%26preview%3D1&#038;embedded=true\"                            class=\"openlink wpfdlightbox wpfd_previewlink\"                            target=\"\"                            data-id=\"3100\"                            data-catid=\"323\"                            data-file-type=\"doc\">Visualizar<i class=\"zmdi zmdi-filter-center-focus wpfd-preview\"><\/i>                        <\/a>                        <\/td>                                    <\/tr>                        <\/tbody>        <\/table>            <\/div><\/div><\/div><div class='wpfd-pagination'>\n\t<span class='page-numbers current'>1<\/span>\n<a class='page-numbers' data-page='2' data-sourcecat='323'>2<\/a>\n<a class='next page-numbers' data-page='2' data-sourcecat='323'>Pr\u00f3ximo &raquo;<\/a>\n<\/div>\n\n","protected":false},"excerpt":{"rendered":"","protected":false},"author":1832,"featured_media":0,"parent":0,"menu_order":0,"comment_status":"closed","ping_status":"closed","template":"template-fullwidth.php","meta":[],"featured_image_urls":{"full":"","thumbnail":"","medium":"","medium_large":"","large":"","sgg-420":"","sgg-540":"","sgg-780":"","1536x1536":"","2048x2048":"","homepage-slider":"","homepage-slider-small":"","page-top":"","page-small":"","loop-main":"","thumb-gallery-widget":""},"post_excerpt_stackable":"<p>T\u00edtuloTamanhoData de Publica\u00e7\u00e3oBaixar Relat\u00f3rio de Fiscaliza\u00e7\u00e3o Direta a Vacina\u00e7\u00e3o contra Febre Aftosa 115.69 KB23-04-2025 BaixarVisualizar Relat\u00f3rio de Entrada de Vacinas contra Febre Aftosa 86.50 KB23-04-2025 BaixarVisualizar Relat\u00f3rio de Controle de vacinas encaminhadas para outros Estados 88.00 KB23-04-2025 BaixarVisualizar Relat\u00f3rio de Controle de vacinas advindas de outros Estados 89.00 KB23-04-2025 BaixarVisualizar Recebimento de Vacinas contra Febre Aftosa 86.00 KB23-04-2025 BaixarVisualizar Levantamento de Estoque de Vacina contra Febre Aftosa 80.50 KB23-04-2025 BaixarVisualizar Demonstrativo de Temperatura 94.50 KB23-04-2025 BaixarVisualizar Declara\u00e7\u00e3o de Compromisso &#8211; Revendas 71.50 KB23-04-2025 BaixarVisualizar Controle Di\u00e1rio da Comercializa\u00e7\u00e3o de Vacina contra Febre Aftosa 161.00 KB23-04-2025 BaixarVisualizar Certificado de Registro de&hellip;<\/p>\n","category_list":"","author_info":{"name":"ETIPI","url":"https:\/\/portal.pi.gov.br\/adapi\/author\/pallomagualter\/"},"comments_num":"0 coment\u00e1rio","featured_image_urls_v2":{"full":"","thumbnail":"","medium":"","medium_large":"","large":"","sgg-420":"","sgg-540":"","sgg-780":"","1536x1536":"","2048x2048":"","homepage-slider":"","homepage-slider-small":"","page-top":"","page-small":"","loop-main":"","thumb-gallery-widget":""},"post_excerpt_stackable_v2":"<p>T\u00edtuloTamanhoData de Publica\u00e7\u00e3oBaixar Relat\u00f3rio de Fiscaliza\u00e7\u00e3o Direta a Vacina\u00e7\u00e3o contra Febre Aftosa 115.69 KB23-04-2025 BaixarVisualizar Relat\u00f3rio de Entrada de Vacinas contra Febre Aftosa 86.50 KB23-04-2025 BaixarVisualizar Relat\u00f3rio de Controle de vacinas encaminhadas para outros Estados 88.00 KB23-04-2025 BaixarVisualizar Relat\u00f3rio de Controle de vacinas advindas de outros Estados 89.00 KB23-04-2025 BaixarVisualizar Recebimento de Vacinas contra Febre Aftosa 86.00 KB23-04-2025 BaixarVisualizar Levantamento de Estoque de Vacina contra Febre Aftosa 80.50 KB23-04-2025 BaixarVisualizar Demonstrativo de Temperatura 94.50 KB23-04-2025 BaixarVisualizar Declara\u00e7\u00e3o de Compromisso &#8211; Revendas 71.50 KB23-04-2025 BaixarVisualizar Controle Di\u00e1rio da Comercializa\u00e7\u00e3o de Vacina contra Febre Aftosa 161.00 KB23-04-2025 BaixarVisualizar Certificado de Registro de&hellip;<\/p>\n","category_list_v2":"","author_info_v2":{"name":"ETIPI","url":"https:\/\/portal.pi.gov.br\/adapi\/author\/pallomagualter\/"},"comments_num_v2":"0 coment\u00e1rio","_links":{"self":[{"href":"https:\/\/portal.pi.gov.br\/adapi\/wp-json\/wp\/v2\/pages\/2444"}],"collection":[{"href":"https:\/\/portal.pi.gov.br\/adapi\/wp-json\/wp\/v2\/pages"}],"about":[{"href":"https:\/\/portal.pi.gov.br\/adapi\/wp-json\/wp\/v2\/types\/page"}],"author":[{"embeddable":true,"href":"https:\/\/portal.pi.gov.br\/adapi\/wp-json\/wp\/v2\/users\/1832"}],"replies":[{"embeddable":true,"href":"https:\/\/portal.pi.gov.br\/adapi\/wp-json\/wp\/v2\/comments?post=2444"}],"version-history":[{"count":2,"href":"https:\/\/portal.pi.gov.br\/adapi\/wp-json\/wp\/v2\/pages\/2444\/revisions"}],"predecessor-version":[{"id":2717,"href":"https:\/\/portal.pi.gov.br\/adapi\/wp-json\/wp\/v2\/pages\/2444\/revisions\/2717"}],"wp:attachment":[{"href":"https:\/\/portal.pi.gov.br\/adapi\/wp-json\/wp\/v2\/media?parent=2444"}],"curies":[{"name":"wp","href":"https:\/\/api.w.org\/{rel}","templated":true}]}}