{"id":2489,"date":"2025-03-17T14:09:45","date_gmt":"2025-03-17T17:09:45","guid":{"rendered":"https:\/\/portal.pi.gov.br\/adapi\/?page_id=2489"},"modified":"2025-10-07T10:10:02","modified_gmt":"2025-10-07T13:10:02","slug":"avicola-doencas-de-notificacao","status":"publish","type":"page","link":"https:\/\/portal.pi.gov.br\/adapi\/avicola-doencas-de-notificacao\/","title":{"rendered":"Doen\u00e7as de Notifica\u00e7\u00e3o"},"content":{"rendered":"\n<p><strong>Doen\u00e7as de Notifica\u00e7\u00e3o Obrigat\u00f3ria das Aves<\/strong><\/p>\n\n\n\n<p id=\"recuo\">\u00bb&nbsp;&nbsp; Bronquite Infecciosa Avi\u00e1ria;<\/p>\n\n\n\n<p id=\"recuo\">\u00bb&nbsp;&nbsp; Doen\u00e7a de Gumboro;<\/p>\n\n\n\n<p id=\"recuo\">\u00bb&nbsp;&nbsp; Doen\u00e7a de Newcastle;<\/p>\n\n\n\n<p id=\"recuo\">\u00bb&nbsp;&nbsp; Clamidiose Avi\u00e1ria;<\/p>\n\n\n\n<p id=\"recuo\">\u00bb&nbsp;&nbsp; C\u00f3lera Avi\u00e1ria;<\/p>\n\n\n\n<p id=\"recuo\">\u00bb&nbsp;&nbsp; Doen\u00e7a de Marek;<\/p>\n\n\n\n<p id=\"recuo\">\u00bb&nbsp;&nbsp; Hepatie Viral do Pato;<\/p>\n\n\n\n<p id=\"recuo\">\u00bb&nbsp;&nbsp; Influenza Avi\u00e1ria;<\/p>\n\n\n\n<p id=\"recuo\">\u00bb&nbsp;&nbsp; Laringotraque\u00edte Infecciosa Avi\u00e1ria;<\/p>\n\n\n\n<p id=\"recuo\">\u00bb&nbsp;&nbsp; Micoplasmoses Avi\u00e1rias ( M. galissepticum e M. synoviae);<\/p>\n\n\n\n<p id=\"recuo\">\u00bb&nbsp;&nbsp; Pulorose;<\/p>\n\n\n\n<p id=\"recuo\">\u00bb&nbsp;&nbsp; Rinotraque\u00edte do Peru;<\/p>\n\n\n\n<p id=\"recuo\">\u00bb&nbsp;&nbsp; Tifose Avi\u00e1ria.<\/p>\n\n\n\n<p id=\"recuo\"><br><\/p>\n","protected":false},"excerpt":{"rendered":"<p>Doen\u00e7as de Notifica\u00e7\u00e3o Obrigat\u00f3ria das Aves \u00bb&nbsp;&nbsp; Bronquite Infecciosa Avi\u00e1ria; \u00bb&nbsp;&nbsp; Doen\u00e7a de Gumboro; \u00bb&nbsp;&nbsp; Doen\u00e7a de Newcastle; \u00bb&nbsp;&nbsp; Clamidiose Avi\u00e1ria; \u00bb&nbsp;&nbsp; C\u00f3lera Avi\u00e1ria; \u00bb&nbsp;&nbsp; Doen\u00e7a de Marek; \u00bb&nbsp;&nbsp; Hepatie [&hellip;]<\/p>\n","protected":false},"author":1832,"featured_media":0,"parent":0,"menu_order":0,"comment_status":"closed","ping_status":"closed","template":"template-fullwidth.php","meta":[],"featured_image_urls":{"full":"","thumbnail":"","medium":"","medium_large":"","large":"","sgg-420":"","sgg-540":"","sgg-780":"","1536x1536":"","2048x2048":"","homepage-slider":"","homepage-slider-small":"","page-top":"","page-small":"","loop-main":"","thumb-gallery-widget":""},"post_excerpt_stackable":"<p>Doen\u00e7as de Notifica\u00e7\u00e3o Obrigat\u00f3ria das Aves \u00bb&nbsp;&nbsp; Bronquite Infecciosa Avi\u00e1ria; \u00bb&nbsp;&nbsp; Doen\u00e7a de Gumboro; \u00bb&nbsp;&nbsp; Doen\u00e7a de Newcastle; \u00bb&nbsp;&nbsp; Clamidiose Avi\u00e1ria; \u00bb&nbsp;&nbsp; C\u00f3lera Avi\u00e1ria; \u00bb&nbsp;&nbsp; Doen\u00e7a de Marek; \u00bb&nbsp;&nbsp; Hepatie Viral do Pato; \u00bb&nbsp;&nbsp; Influenza Avi\u00e1ria; \u00bb&nbsp;&nbsp; Laringotraque\u00edte Infecciosa Avi\u00e1ria; \u00bb&nbsp;&nbsp; Micoplasmoses Avi\u00e1rias ( M. galissepticum e M. synoviae); \u00bb&nbsp;&nbsp; Pulorose; \u00bb&nbsp;&nbsp; Rinotraque\u00edte do Peru; \u00bb&nbsp;&nbsp; Tifose Avi\u00e1ria.<\/p>\n","category_list":"","author_info":{"name":"ETIPI","url":"https:\/\/portal.pi.gov.br\/adapi\/author\/pallomagualter\/"},"comments_num":"0 coment\u00e1rio","featured_image_urls_v2":{"full":"","thumbnail":"","medium":"","medium_large":"","large":"","sgg-420":"","sgg-540":"","sgg-780":"","1536x1536":"","2048x2048":"","homepage-slider":"","homepage-slider-small":"","page-top":"","page-small":"","loop-main":"","thumb-gallery-widget":""},"post_excerpt_stackable_v2":"<p>Doen\u00e7as de Notifica\u00e7\u00e3o Obrigat\u00f3ria das Aves \u00bb&nbsp;&nbsp; Bronquite Infecciosa Avi\u00e1ria; \u00bb&nbsp;&nbsp; Doen\u00e7a de Gumboro; \u00bb&nbsp;&nbsp; Doen\u00e7a de Newcastle; \u00bb&nbsp;&nbsp; Clamidiose Avi\u00e1ria; \u00bb&nbsp;&nbsp; C\u00f3lera Avi\u00e1ria; \u00bb&nbsp;&nbsp; Doen\u00e7a de Marek; \u00bb&nbsp;&nbsp; Hepatie Viral do Pato; \u00bb&nbsp;&nbsp; Influenza Avi\u00e1ria; \u00bb&nbsp;&nbsp; Laringotraque\u00edte Infecciosa Avi\u00e1ria; \u00bb&nbsp;&nbsp; Micoplasmoses Avi\u00e1rias ( M. galissepticum e M. synoviae); \u00bb&nbsp;&nbsp; Pulorose; \u00bb&nbsp;&nbsp; Rinotraque\u00edte do Peru; \u00bb&nbsp;&nbsp; Tifose Avi\u00e1ria.<\/p>\n","category_list_v2":"","author_info_v2":{"name":"ETIPI","url":"https:\/\/portal.pi.gov.br\/adapi\/author\/pallomagualter\/"},"comments_num_v2":"0 coment\u00e1rio","_links":{"self":[{"href":"https:\/\/portal.pi.gov.br\/adapi\/wp-json\/wp\/v2\/pages\/2489"}],"collection":[{"href":"https:\/\/portal.pi.gov.br\/adapi\/wp-json\/wp\/v2\/pages"}],"about":[{"href":"https:\/\/portal.pi.gov.br\/adapi\/wp-json\/wp\/v2\/types\/page"}],"author":[{"embeddable":true,"href":"https:\/\/portal.pi.gov.br\/adapi\/wp-json\/wp\/v2\/users\/1832"}],"replies":[{"embeddable":true,"href":"https:\/\/portal.pi.gov.br\/adapi\/wp-json\/wp\/v2\/comments?post=2489"}],"version-history":[{"count":3,"href":"https:\/\/portal.pi.gov.br\/adapi\/wp-json\/wp\/v2\/pages\/2489\/revisions"}],"predecessor-version":[{"id":4356,"href":"https:\/\/portal.pi.gov.br\/adapi\/wp-json\/wp\/v2\/pages\/2489\/revisions\/4356"}],"wp:attachment":[{"href":"https:\/\/portal.pi.gov.br\/adapi\/wp-json\/wp\/v2\/media?parent=2489"}],"curies":[{"name":"wp","href":"https:\/\/api.w.org\/{rel}","templated":true}]}}