{"id":2608,"date":"2025-03-18T09:35:48","date_gmt":"2025-03-18T12:35:48","guid":{"rendered":"https:\/\/portal.pi.gov.br\/adapi\/?page_id=2608"},"modified":"2025-09-04T10:30:21","modified_gmt":"2025-09-04T13:30:21","slug":"inspecao-como-solicitar-o-sie","status":"publish","type":"page","link":"https:\/\/portal.pi.gov.br\/adapi\/inspecao-como-solicitar-o-sie\/","title":{"rendered":"Como Solicitar o SIE?"},"content":{"rendered":"\n<p>Compete a Ger\u00eancia e Servi\u00e7os de Inspe\u00e7\u00e3o Estadual do Piau\u00ed\u2013 SIE\/Adapi, departamento integrante da Ag\u00eancia de Defesa Agropecu\u00e1ria do Piau\u00ed \u2013 Adapi, os servi\u00e7os de orienta\u00e7\u00e3o t\u00e9cnica e documental aos interessados em obter registro no Servi\u00e7o de Inspe\u00e7\u00e3o Estadual (S.I.E.) \/ Produtos de Origem Animal (P.O.A.), inspe\u00e7\u00e3o em terrenos, estabelecimentos pr\u00e9-existentes e em constru\u00e7\u00e3o, an\u00e1lise de projetos industriais, registro e controle da inspe\u00e7\u00e3o higi\u00eanico sanit\u00e1ria e tecnol\u00f3gica dos estabelecimentos e produtos de origem animal, que realizam o com\u00e9rcio intermunicipal, a\u00e7\u00f5es cautelares de interdi\u00e7\u00e3o, suspens\u00e3o, apreens\u00e3o, e destrui\u00e7\u00e3o de produtos impr\u00f3prios para o consumo visando a prote\u00e7\u00e3o da sa\u00fade p\u00fablica, coleta de amostras oficiais (P.O.A), dados estat\u00edsticos, nosogr\u00e1fcos, produ\u00e7\u00e3o e comercializa\u00e7\u00e3o e a\u00e7\u00f5es de combate \u00e0 clandestinos.<\/p>\n\n\n\n<p>Tais atividades s\u00e3o realizadas mediante an\u00e1lise de um conjunto espec\u00edfico de documentos, previstos no Regulamento da Inspe\u00e7\u00e3o e Fiscaliza\u00e7\u00e3o Sanit\u00e1ria de Produtos de Origem Animal Decreto N\u00ba 9.013, de 29 de mar\u00e7o de 2017, segundo o Decreto Estadual n\u00ba 1.7687 de 23 de mar\u00e7o de 2018 e lei estadual 6.939 de 02 de janeiro de 2017 da Adapi.<\/p>\n\n\n\n<p>Os produtos fabricados pelas empresas registradas no SIE\/ADAPI s\u00e3o identificados pelo selo oficial impresso nos seus r\u00f3tulos e embalagens. S\u00f3 podem utilizar esse selo, as empresas regularmente registradas e com os certificados de registro de empresa v\u00e1lidos. O uso indevido desse selo oficial incorre em crime previsto no C\u00f3digo Penal.<\/p>\n\n\n\n<p>Fa\u00e7a solicita\u00e7\u00e3o de Requerimento inicial &#8211;&nbsp;<a href=\"https:\/\/docs.google.com\/forms\/d\/1XFmUMNZsSfuBu-rO9EzYT8-Ci0rQx7e1Q-0KdMUXjx4\/viewform?pli=1&amp;pli=1&amp;edit_requested=true\">clicando aqui<\/a>&nbsp;ou acessando o QR-Code.<\/p>\n\n\n\n<p><\/p>\n\n\n\n<figure class=\"wp-block-image size-full is-resized\"><img decoding=\"async\" loading=\"lazy\" src=\"https:\/\/portal.pi.gov.br\/adapi\/wp-content\/uploads\/sites\/103\/2025\/09\/QR-Code-formulario-solicitacao-SIE.jpg\" alt=\"\" class=\"wp-image-4165\" width=\"364\" height=\"364\" srcset=\"https:\/\/portal.pi.gov.br\/adapi\/wp-content\/uploads\/sites\/103\/2025\/09\/QR-Code-formulario-solicitacao-SIE.jpg 600w, https:\/\/portal.pi.gov.br\/adapi\/wp-content\/uploads\/sites\/103\/2025\/09\/QR-Code-formulario-solicitacao-SIE-300x300.jpg 300w, https:\/\/portal.pi.gov.br\/adapi\/wp-content\/uploads\/sites\/103\/2025\/09\/QR-Code-formulario-solicitacao-SIE-150x150.jpg 150w, https:\/\/portal.pi.gov.br\/adapi\/wp-content\/uploads\/sites\/103\/2025\/09\/QR-Code-formulario-solicitacao-SIE-420x420.jpg 420w, https:\/\/portal.pi.gov.br\/adapi\/wp-content\/uploads\/sites\/103\/2025\/09\/QR-Code-formulario-solicitacao-SIE-540x540.jpg 540w\" sizes=\"(max-width: 364px) 100vw, 364px\" \/><\/figure>\n","protected":false},"excerpt":{"rendered":"<p>Compete a Ger\u00eancia e Servi\u00e7os de Inspe\u00e7\u00e3o Estadual do Piau\u00ed\u2013 SIE\/Adapi, departamento integrante da Ag\u00eancia de Defesa Agropecu\u00e1ria do Piau\u00ed \u2013 Adapi, os servi\u00e7os de orienta\u00e7\u00e3o t\u00e9cnica e documental aos [&hellip;]<\/p>\n","protected":false},"author":1832,"featured_media":0,"parent":0,"menu_order":0,"comment_status":"closed","ping_status":"closed","template":"template-fullwidth.php","meta":[],"featured_image_urls":{"full":"","thumbnail":"","medium":"","medium_large":"","large":"","sgg-420":"","sgg-540":"","sgg-780":"","1536x1536":"","2048x2048":"","homepage-slider":"","homepage-slider-small":"","page-top":"","page-small":"","loop-main":"","thumb-gallery-widget":""},"post_excerpt_stackable":"<p>Compete a Ger\u00eancia e Servi\u00e7os de Inspe\u00e7\u00e3o Estadual do Piau\u00ed\u2013 SIE\/Adapi, departamento integrante da Ag\u00eancia de Defesa Agropecu\u00e1ria do Piau\u00ed \u2013 Adapi, os servi\u00e7os de orienta\u00e7\u00e3o t\u00e9cnica e documental aos interessados em obter registro no Servi\u00e7o de Inspe\u00e7\u00e3o Estadual (S.I.E.) \/ Produtos de Origem Animal (P.O.A.), inspe\u00e7\u00e3o em terrenos, estabelecimentos pr\u00e9-existentes e em constru\u00e7\u00e3o, an\u00e1lise de projetos industriais, registro e controle da inspe\u00e7\u00e3o higi\u00eanico sanit\u00e1ria e tecnol\u00f3gica dos estabelecimentos e produtos de origem animal, que realizam o com\u00e9rcio intermunicipal, a\u00e7\u00f5es cautelares de interdi\u00e7\u00e3o, suspens\u00e3o, apreens\u00e3o, e destrui\u00e7\u00e3o de produtos impr\u00f3prios para o consumo visando a prote\u00e7\u00e3o da sa\u00fade p\u00fablica, coleta&hellip;<\/p>\n","category_list":"","author_info":{"name":"ETIPI","url":"https:\/\/portal.pi.gov.br\/adapi\/author\/pallomagualter\/"},"comments_num":"0 coment\u00e1rio","featured_image_urls_v2":{"full":"","thumbnail":"","medium":"","medium_large":"","large":"","sgg-420":"","sgg-540":"","sgg-780":"","1536x1536":"","2048x2048":"","homepage-slider":"","homepage-slider-small":"","page-top":"","page-small":"","loop-main":"","thumb-gallery-widget":""},"post_excerpt_stackable_v2":"<p>Compete a Ger\u00eancia e Servi\u00e7os de Inspe\u00e7\u00e3o Estadual do Piau\u00ed\u2013 SIE\/Adapi, departamento integrante da Ag\u00eancia de Defesa Agropecu\u00e1ria do Piau\u00ed \u2013 Adapi, os servi\u00e7os de orienta\u00e7\u00e3o t\u00e9cnica e documental aos interessados em obter registro no Servi\u00e7o de Inspe\u00e7\u00e3o Estadual (S.I.E.) \/ Produtos de Origem Animal (P.O.A.), inspe\u00e7\u00e3o em terrenos, estabelecimentos pr\u00e9-existentes e em constru\u00e7\u00e3o, an\u00e1lise de projetos industriais, registro e controle da inspe\u00e7\u00e3o higi\u00eanico sanit\u00e1ria e tecnol\u00f3gica dos estabelecimentos e produtos de origem animal, que realizam o com\u00e9rcio intermunicipal, a\u00e7\u00f5es cautelares de interdi\u00e7\u00e3o, suspens\u00e3o, apreens\u00e3o, e destrui\u00e7\u00e3o de produtos impr\u00f3prios para o consumo visando a prote\u00e7\u00e3o da sa\u00fade p\u00fablica, coleta&hellip;<\/p>\n","category_list_v2":"","author_info_v2":{"name":"ETIPI","url":"https:\/\/portal.pi.gov.br\/adapi\/author\/pallomagualter\/"},"comments_num_v2":"0 coment\u00e1rio","_links":{"self":[{"href":"https:\/\/portal.pi.gov.br\/adapi\/wp-json\/wp\/v2\/pages\/2608"}],"collection":[{"href":"https:\/\/portal.pi.gov.br\/adapi\/wp-json\/wp\/v2\/pages"}],"about":[{"href":"https:\/\/portal.pi.gov.br\/adapi\/wp-json\/wp\/v2\/types\/page"}],"author":[{"embeddable":true,"href":"https:\/\/portal.pi.gov.br\/adapi\/wp-json\/wp\/v2\/users\/1832"}],"replies":[{"embeddable":true,"href":"https:\/\/portal.pi.gov.br\/adapi\/wp-json\/wp\/v2\/comments?post=2608"}],"version-history":[{"count":5,"href":"https:\/\/portal.pi.gov.br\/adapi\/wp-json\/wp\/v2\/pages\/2608\/revisions"}],"predecessor-version":[{"id":4167,"href":"https:\/\/portal.pi.gov.br\/adapi\/wp-json\/wp\/v2\/pages\/2608\/revisions\/4167"}],"wp:attachment":[{"href":"https:\/\/portal.pi.gov.br\/adapi\/wp-json\/wp\/v2\/media?parent=2608"}],"curies":[{"name":"wp","href":"https:\/\/api.w.org\/{rel}","templated":true}]}}