{"id":2624,"date":"2025-03-18T09:41:52","date_gmt":"2025-03-18T12:41:52","guid":{"rendered":"https:\/\/portal.pi.gov.br\/adapi\/?page_id=2624"},"modified":"2025-03-18T11:28:07","modified_gmt":"2025-03-18T14:28:07","slug":"classificacao-f-artesanais","status":"publish","type":"page","link":"https:\/\/portal.pi.gov.br\/adapi\/classificacao-f-artesanais\/","title":{"rendered":"Artesanais"},"content":{"rendered":"<script type=\"text\/x-handlebars-template\"        id=\"wpfd-template-table-categories-352\">    <div class=\"wpfd-categories\">{{#if category}}{{#with category}}{{#if parent}}<a class=\"catlink backcategory\" href=\"#\" data-idcat=\"{{parent}}\">                        <i class=\"zmdi zmdi-chevron-left\"><\/i><span>Voltar<\/span><\/a>{{\/if}}{{\/with}}{{\/if}}<\/div><\/script><script type=\"text\/x-handlebars-template\" id=\"wpfd-template-table-352\">    {{#if files}}    {{#each files}}    <tr class=\"file\" data-id=\"{{ID}}\" data-catid=\"{{catid}}\">    <td class=\"file_title\"><a class=\"wpfd_downloadlink\" href=\"{{linkdownload}}\" title=\"{{post_title}}\"><span class=\"extcol\">{{#if file_custom_icon}}<span class=\"icon-custom\"><img src=\"{{file_custom_icon}}\"><\/span>{{else}}<span class=\"ext ext-{{ext}}\"><\/span>{{\/if}}<\/span>{{{crop_title}}}<\/a><\/td><td class=\"file_size\">{{bytesToSize size}}<\/td><td class=\"file_created\">{{created}}<\/td>                    <td class=\"col-download\">                <a class=\"downloadlink wpfd_downloadlink\"  href=\"{{linkdownload}}\" style=\"background-color:#033b85;color:#ffffff;\">Baixar<i class=\"zmdi zmdi-cloud-download wpfd-download\"><\/i><\/a>{{#if openpdflink}}<a class=\"openlink wpfdlightbox wpfd_previewlink\" href=\"{{openpdflink}}\" target=\"\">Visualizar                            <i class=\"zmdi zmdi-filter-center-focus wpfd-preview\"><\/i>                        <\/a>{{else}}{{#if viewerlink}}<a                            href=\"{{viewerlink}}\"                            class=\"openlink wpfdlightbox wpfd_previewlink\"                            target=\"\"                            data-id=\"{{ID}}\"                            data-catid=\"{{catid}}\"                            data-file-type=\"{{ext}}\">Visualizar<i class=\"zmdi zmdi-filter-center-focus wpfd-preview\"><\/i>                        <\/a>{{\/if}}{{\/if}}            <\/td>            <\/tr>    {{\/each}}    {{\/if}}<\/script><div class=\"wpfd-content wpfd-content-table wpfd-content-multi colstyle\" data-category=\"352\"><input type=\"hidden\" id=\"current_category_352\" value=\"352\" \/>                    <input type=\"hidden\" id=\"current_category_slug_352\" value=\"classificacaofartesanais\" \/>                    <input type=\"hidden\" id=\"current_ordering_352\" value=\"title\" \/>                    <input type=\"hidden\" id=\"current_ordering_direction_352\" value=\"desc\" \/><div class=\"wpfd-container\">        <div class=\"wpfd-open-tree\"><\/div>    <div class=\"wpfd-container-table \">        <div class=\"wpfd-categories\"><\/div>        <table class=\"wpfd-table wpfd-table-bordered wpfd-table-striped mediaTable\">            <thead>            <tr>                <th class=\"essential persist file_title\">T\u00edtulo<\/th><th class=\"optional file_size\">Tamanho<\/th><th class=\"optional file_created\">Data de Publica\u00e7\u00e3o<\/th><th class=\"essential file_download\">Baixar<\/th>            <\/tr>            <\/thead>            <tbody>                            <tr class=\"file\" data-id=\"2829\"                    data-catid=\"352\">                    <td class=\"file_title\"><a class=\"wpfd_downloadlink\" href=\"https:\/\/portal.pi.gov.br\/adapi\/download\/352\/classificacaofartesanais\/2829\/8-modelo-padrao-do-rotulo-de-produtos-artesanais-2.pdf\" title=\"8 MODELO PADR\u00c3O DO R\u00d3TULO DE PRODUTOS ARTESANAIS\"><span class=\"extcol\">                                <span class=\"ext ext-pdf\"><\/span>                                8 MODELO PADR\u00c3O DO R\u00d3TULO DE PRODUTOS ARTESANAIS                            <\/span><\/a><\/td><td class=\"file_size\">478.86 KB<\/td><td class=\"file_created\">22-04-2025<\/td>                                            <td class=\"col-download\">                            <a class=\"downloadlink wpfd_downloadlink\"  href=\"https:\/\/portal.pi.gov.br\/adapi\/download\/352\/classificacaofartesanais\/2829\/8-modelo-padrao-do-rotulo-de-produtos-artesanais-2.pdf\" style=\"background-color:#033b85;color:#ffffff;\">Baixar<i class=\"zmdi zmdi-cloud-download wpfd-download\"><\/i><\/a><a                            href=\"https:\/\/docs.google.com\/viewer?url=https%3A%2F%2Fportal.pi.gov.br%2Fadapi%2Fwp-admin%2Fadmin-ajax.php%3Fjuwpfisadmin%3Dfalse%26action%3Dwpfd%26task%3Dfile.download%26wpfd_category_id%3D352%26wpfd_file_id%3D2829%26token%3D%26preview%3D1&#038;embedded=true\"                            class=\"openlink wpfdlightbox wpfd_previewlink\"                            target=\"\"                            data-id=\"2829\"                            data-catid=\"352\"                            data-file-type=\"pdf\">Visualizar<i class=\"zmdi zmdi-filter-center-focus wpfd-preview\"><\/i>                        <\/a>                        <\/td>                                    <\/tr>                            <tr class=\"file\" data-id=\"2828\"                    data-catid=\"352\">                    <td class=\"file_title\"><a class=\"wpfd_downloadlink\" href=\"https:\/\/portal.pi.gov.br\/adapi\/download\/352\/classificacaofartesanais\/2828\/7-requerimento-de-rotulagem-de-analise-de-rotulagem-e-identidade-visua-2.pdf\" title=\"7 REQUERIMENTO DE ROTULAGEM DE ANALISE DE ROTULAGEM E IDENTIDADE VISUA\"><span class=\"extcol\">                                <span class=\"ext ext-pdf\"><\/span>                                7 REQUERIMENTO DE ROTULAGEM DE ANALISE DE ROTULAGEM E IDENTIDADE VISUA                            <\/span><\/a><\/td><td class=\"file_size\">535.66 KB<\/td><td class=\"file_created\">22-04-2025<\/td>                                            <td class=\"col-download\">                            <a class=\"downloadlink wpfd_downloadlink\"  href=\"https:\/\/portal.pi.gov.br\/adapi\/download\/352\/classificacaofartesanais\/2828\/7-requerimento-de-rotulagem-de-analise-de-rotulagem-e-identidade-visua-2.pdf\" style=\"background-color:#033b85;color:#ffffff;\">Baixar<i class=\"zmdi zmdi-cloud-download wpfd-download\"><\/i><\/a><a                            href=\"https:\/\/docs.google.com\/viewer?url=https%3A%2F%2Fportal.pi.gov.br%2Fadapi%2Fwp-admin%2Fadmin-ajax.php%3Fjuwpfisadmin%3Dfalse%26action%3Dwpfd%26task%3Dfile.download%26wpfd_category_id%3D352%26wpfd_file_id%3D2828%26token%3D%26preview%3D1&#038;embedded=true\"                            class=\"openlink wpfdlightbox wpfd_previewlink\"                            target=\"\"                            data-id=\"2828\"                            data-catid=\"352\"                            data-file-type=\"pdf\">Visualizar<i class=\"zmdi zmdi-filter-center-focus wpfd-preview\"><\/i>                        <\/a>                        <\/td>                                    <\/tr>                            <tr class=\"file\" data-id=\"2827\"                    data-catid=\"352\">                    <td class=\"file_title\"><a class=\"wpfd_downloadlink\" href=\"https:\/\/portal.pi.gov.br\/adapi\/download\/352\/classificacaofartesanais\/2827\/6-relatorio-mensal-de-producao-2.pdf\" title=\"6 RELAT\u00d3RIO MENSAL DE PRODU\u00c7\u00c3O\"><span class=\"extcol\">                                <span class=\"ext ext-pdf\"><\/span>                                6 RELAT\u00d3RIO MENSAL DE PRODU\u00c7\u00c3O                            <\/span><\/a><\/td><td class=\"file_size\">358.94 KB<\/td><td class=\"file_created\">22-04-2025<\/td>                                            <td class=\"col-download\">                            <a class=\"downloadlink wpfd_downloadlink\"  href=\"https:\/\/portal.pi.gov.br\/adapi\/download\/352\/classificacaofartesanais\/2827\/6-relatorio-mensal-de-producao-2.pdf\" style=\"background-color:#033b85;color:#ffffff;\">Baixar<i class=\"zmdi zmdi-cloud-download wpfd-download\"><\/i><\/a><a                            href=\"https:\/\/docs.google.com\/viewer?url=https%3A%2F%2Fportal.pi.gov.br%2Fadapi%2Fwp-admin%2Fadmin-ajax.php%3Fjuwpfisadmin%3Dfalse%26action%3Dwpfd%26task%3Dfile.download%26wpfd_category_id%3D352%26wpfd_file_id%3D2827%26token%3D%26preview%3D1&#038;embedded=true\"                            class=\"openlink wpfdlightbox wpfd_previewlink\"                            target=\"\"                            data-id=\"2827\"                            data-catid=\"352\"                            data-file-type=\"pdf\">Visualizar<i class=\"zmdi zmdi-filter-center-focus wpfd-preview\"><\/i>                        <\/a>                        <\/td>                                    <\/tr>                            <tr class=\"file\" data-id=\"2826\"                    data-catid=\"352\">                    <td class=\"file_title\"><a class=\"wpfd_downloadlink\" href=\"https:\/\/portal.pi.gov.br\/adapi\/download\/352\/classificacaofartesanais\/2826\/5-registro-de-recebimento-de-materia-prima-2.pdf\" title=\"5 REGISTRO DE RECEBIMENTO DE MAT\u00c9RIA PRIMA\"><span class=\"extcol\">                                <span class=\"ext ext-pdf\"><\/span>                                5 REGISTRO DE RECEBIMENTO DE MAT\u00c9RIA PRIMA                            <\/span><\/a><\/td><td class=\"file_size\">357.58 KB<\/td><td class=\"file_created\">22-04-2025<\/td>                                            <td class=\"col-download\">                            <a class=\"downloadlink wpfd_downloadlink\"  href=\"https:\/\/portal.pi.gov.br\/adapi\/download\/352\/classificacaofartesanais\/2826\/5-registro-de-recebimento-de-materia-prima-2.pdf\" style=\"background-color:#033b85;color:#ffffff;\">Baixar<i class=\"zmdi zmdi-cloud-download wpfd-download\"><\/i><\/a><a                            href=\"https:\/\/docs.google.com\/viewer?url=https%3A%2F%2Fportal.pi.gov.br%2Fadapi%2Fwp-admin%2Fadmin-ajax.php%3Fjuwpfisadmin%3Dfalse%26action%3Dwpfd%26task%3Dfile.download%26wpfd_category_id%3D352%26wpfd_file_id%3D2826%26token%3D%26preview%3D1&#038;embedded=true\"                            class=\"openlink wpfdlightbox wpfd_previewlink\"                            target=\"\"                            data-id=\"2826\"                            data-catid=\"352\"                            data-file-type=\"pdf\">Visualizar<i class=\"zmdi zmdi-filter-center-focus wpfd-preview\"><\/i>                        <\/a>                        <\/td>                                    <\/tr>                            <tr class=\"file\" data-id=\"2825\"                    data-catid=\"352\">                    <td class=\"file_title\"><a class=\"wpfd_downloadlink\" href=\"https:\/\/portal.pi.gov.br\/adapi\/download\/352\/classificacaofartesanais\/2825\/4-registro-de-fabricacao-de-produtos-artesanais-de-origem-vegetal-2.pdf\" title=\"4 REGISTRO DE FABRICA\u00c7\u00c3O DE PRODUTOS ARTESANAIS DE ORIGEM VEGETAL\"><span class=\"extcol\">                                <span class=\"ext ext-pdf\"><\/span>                                4 REGISTRO DE FABRICA\u00c7\u00c3O DE PRODUTOS ARTESANAIS DE ORIGEM VEGETAL                            <\/span><\/a><\/td><td class=\"file_size\">358.90 KB<\/td><td class=\"file_created\">22-04-2025<\/td>                                            <td class=\"col-download\">                            <a class=\"downloadlink wpfd_downloadlink\"  href=\"https:\/\/portal.pi.gov.br\/adapi\/download\/352\/classificacaofartesanais\/2825\/4-registro-de-fabricacao-de-produtos-artesanais-de-origem-vegetal-2.pdf\" style=\"background-color:#033b85;color:#ffffff;\">Baixar<i class=\"zmdi zmdi-cloud-download wpfd-download\"><\/i><\/a><a                            href=\"https:\/\/docs.google.com\/viewer?url=https%3A%2F%2Fportal.pi.gov.br%2Fadapi%2Fwp-admin%2Fadmin-ajax.php%3Fjuwpfisadmin%3Dfalse%26action%3Dwpfd%26task%3Dfile.download%26wpfd_category_id%3D352%26wpfd_file_id%3D2825%26token%3D%26preview%3D1&#038;embedded=true\"                            class=\"openlink wpfdlightbox wpfd_previewlink\"                            target=\"\"                            data-id=\"2825\"                            data-catid=\"352\"                            data-file-type=\"pdf\">Visualizar<i class=\"zmdi zmdi-filter-center-focus wpfd-preview\"><\/i>                        <\/a>                        <\/td>                                    <\/tr>                            <tr class=\"file\" data-id=\"2824\"                    data-catid=\"352\">                    <td class=\"file_title\"><a class=\"wpfd_downloadlink\" href=\"https:\/\/portal.pi.gov.br\/adapi\/download\/352\/classificacaofartesanais\/2824\/3-protocolo-de-fabricacao-composicao-e-rotulagem-2.pdf\" title=\"3 PROTOCOLO DE FABRICA\u00c7\u00c3O, COMPOSI\u00c7\u00c3O E ROTULAGEM\"><span class=\"extcol\">                                <span class=\"ext ext-pdf\"><\/span>                                3 PROTOCOLO DE FABRICA\u00c7\u00c3O, COMPOSI\u00c7\u00c3O E ROTULAGEM                            <\/span><\/a><\/td><td class=\"file_size\">541.39 KB<\/td><td class=\"file_created\">22-04-2025<\/td>                                            <td class=\"col-download\">                            <a class=\"downloadlink wpfd_downloadlink\"  href=\"https:\/\/portal.pi.gov.br\/adapi\/download\/352\/classificacaofartesanais\/2824\/3-protocolo-de-fabricacao-composicao-e-rotulagem-2.pdf\" style=\"background-color:#033b85;color:#ffffff;\">Baixar<i class=\"zmdi zmdi-cloud-download wpfd-download\"><\/i><\/a><a                            href=\"https:\/\/docs.google.com\/viewer?url=https%3A%2F%2Fportal.pi.gov.br%2Fadapi%2Fwp-admin%2Fadmin-ajax.php%3Fjuwpfisadmin%3Dfalse%26action%3Dwpfd%26task%3Dfile.download%26wpfd_category_id%3D352%26wpfd_file_id%3D2824%26token%3D%26preview%3D1&#038;embedded=true\"                            class=\"openlink wpfdlightbox wpfd_previewlink\"                            target=\"\"                            data-id=\"2824\"                            data-catid=\"352\"                            data-file-type=\"pdf\">Visualizar<i class=\"zmdi zmdi-filter-center-focus wpfd-preview\"><\/i>                        <\/a>                        <\/td>                                    <\/tr>                            <tr class=\"file\" data-id=\"2823\"                    data-catid=\"352\">                    <td class=\"file_title\"><a class=\"wpfd_downloadlink\" href=\"https:\/\/portal.pi.gov.br\/adapi\/download\/352\/classificacaofartesanais\/2823\/2-requerimento-de-solicitacao-de-registro-de-estabelecimento-2.pdf\" title=\"2 REQUERIMENTO DE SOLICITA\u00c7\u00c3O DE REGISTRO DE ESTABELECIMENTO\"><span class=\"extcol\">                                <span class=\"ext ext-pdf\"><\/span>                                2 REQUERIMENTO DE SOLICITA\u00c7\u00c3O DE REGISTRO DE ESTABELECIMENTO                            <\/span><\/a><\/td><td class=\"file_size\">564.45 KB<\/td><td class=\"file_created\">22-04-2025<\/td>                                            <td class=\"col-download\">                            <a class=\"downloadlink wpfd_downloadlink\"  href=\"https:\/\/portal.pi.gov.br\/adapi\/download\/352\/classificacaofartesanais\/2823\/2-requerimento-de-solicitacao-de-registro-de-estabelecimento-2.pdf\" style=\"background-color:#033b85;color:#ffffff;\">Baixar<i class=\"zmdi zmdi-cloud-download wpfd-download\"><\/i><\/a><a                            href=\"https:\/\/docs.google.com\/viewer?url=https%3A%2F%2Fportal.pi.gov.br%2Fadapi%2Fwp-admin%2Fadmin-ajax.php%3Fjuwpfisadmin%3Dfalse%26action%3Dwpfd%26task%3Dfile.download%26wpfd_category_id%3D352%26wpfd_file_id%3D2823%26token%3D%26preview%3D1&#038;embedded=true\"                            class=\"openlink wpfdlightbox wpfd_previewlink\"                            target=\"\"                            data-id=\"2823\"                            data-catid=\"352\"                            data-file-type=\"pdf\">Visualizar<i class=\"zmdi zmdi-filter-center-focus wpfd-preview\"><\/i>                        <\/a>                        <\/td>                                    <\/tr>                            <tr class=\"file\" data-id=\"2822\"                    data-catid=\"352\">                    <td class=\"file_title\"><a class=\"wpfd_downloadlink\" href=\"https:\/\/portal.pi.gov.br\/adapi\/download\/352\/classificacaofartesanais\/2822\/1-termo-de-compromisso-2.pdf\" title=\"1 TERMO DE COMPROMISSO\"><span class=\"extcol\">                                <span class=\"ext ext-pdf\"><\/span>                                1 TERMO DE COMPROMISSO                            <\/span><\/a><\/td><td class=\"file_size\">476.84 KB<\/td><td class=\"file_created\">22-04-2025<\/td>                                            <td class=\"col-download\">                            <a class=\"downloadlink wpfd_downloadlink\"  href=\"https:\/\/portal.pi.gov.br\/adapi\/download\/352\/classificacaofartesanais\/2822\/1-termo-de-compromisso-2.pdf\" style=\"background-color:#033b85;color:#ffffff;\">Baixar<i class=\"zmdi zmdi-cloud-download wpfd-download\"><\/i><\/a><a                            href=\"https:\/\/docs.google.com\/viewer?url=https%3A%2F%2Fportal.pi.gov.br%2Fadapi%2Fwp-admin%2Fadmin-ajax.php%3Fjuwpfisadmin%3Dfalse%26action%3Dwpfd%26task%3Dfile.download%26wpfd_category_id%3D352%26wpfd_file_id%3D2822%26token%3D%26preview%3D1&#038;embedded=true\"                            class=\"openlink wpfdlightbox wpfd_previewlink\"                            target=\"\"                            data-id=\"2822\"                            data-catid=\"352\"                            data-file-type=\"pdf\">Visualizar<i class=\"zmdi zmdi-filter-center-focus wpfd-preview\"><\/i>                        <\/a>                        <\/td>                                    <\/tr>                        <\/tbody>        <\/table>            <\/div><\/div><\/div>\n","protected":false},"excerpt":{"rendered":"","protected":false},"author":1832,"featured_media":0,"parent":0,"menu_order":0,"comment_status":"closed","ping_status":"closed","template":"template-fullwidth.php","meta":[],"featured_image_urls":{"full":"","thumbnail":"","medium":"","medium_large":"","large":"","sgg-420":"","sgg-540":"","sgg-780":"","1536x1536":"","2048x2048":"","homepage-slider":"","homepage-slider-small":"","page-top":"","page-small":"","loop-main":"","thumb-gallery-widget":""},"post_excerpt_stackable":"<p>T\u00edtuloTamanhoData de Publica\u00e7\u00e3oBaixar 8 MODELO PADR\u00c3O DO R\u00d3TULO DE PRODUTOS ARTESANAIS 478.86 KB22-04-2025 BaixarVisualizar 7 REQUERIMENTO DE ROTULAGEM DE ANALISE DE ROTULAGEM E IDENTIDADE VISUA 535.66 KB22-04-2025 BaixarVisualizar 6 RELAT\u00d3RIO MENSAL DE PRODU\u00c7\u00c3O 358.94 KB22-04-2025 BaixarVisualizar 5 REGISTRO DE RECEBIMENTO DE MAT\u00c9RIA PRIMA 357.58 KB22-04-2025 BaixarVisualizar 4 REGISTRO DE FABRICA\u00c7\u00c3O DE PRODUTOS ARTESANAIS DE ORIGEM VEGETAL 358.90 KB22-04-2025 BaixarVisualizar 3 PROTOCOLO DE FABRICA\u00c7\u00c3O, COMPOSI\u00c7\u00c3O E ROTULAGEM 541.39 KB22-04-2025 BaixarVisualizar 2 REQUERIMENTO DE SOLICITA\u00c7\u00c3O DE REGISTRO DE ESTABELECIMENTO 564.45 KB22-04-2025 BaixarVisualizar 1 TERMO DE COMPROMISSO 476.84 KB22-04-2025 BaixarVisualizar<\/p>\n","category_list":"","author_info":{"name":"ETIPI","url":"https:\/\/portal.pi.gov.br\/adapi\/author\/pallomagualter\/"},"comments_num":"0 coment\u00e1rio","featured_image_urls_v2":{"full":"","thumbnail":"","medium":"","medium_large":"","large":"","sgg-420":"","sgg-540":"","sgg-780":"","1536x1536":"","2048x2048":"","homepage-slider":"","homepage-slider-small":"","page-top":"","page-small":"","loop-main":"","thumb-gallery-widget":""},"post_excerpt_stackable_v2":"<p>T\u00edtuloTamanhoData de Publica\u00e7\u00e3oBaixar 8 MODELO PADR\u00c3O DO R\u00d3TULO DE PRODUTOS ARTESANAIS 478.86 KB22-04-2025 BaixarVisualizar 7 REQUERIMENTO DE ROTULAGEM DE ANALISE DE ROTULAGEM E IDENTIDADE VISUA 535.66 KB22-04-2025 BaixarVisualizar 6 RELAT\u00d3RIO MENSAL DE PRODU\u00c7\u00c3O 358.94 KB22-04-2025 BaixarVisualizar 5 REGISTRO DE RECEBIMENTO DE MAT\u00c9RIA PRIMA 357.58 KB22-04-2025 BaixarVisualizar 4 REGISTRO DE FABRICA\u00c7\u00c3O DE PRODUTOS ARTESANAIS DE ORIGEM VEGETAL 358.90 KB22-04-2025 BaixarVisualizar 3 PROTOCOLO DE FABRICA\u00c7\u00c3O, COMPOSI\u00c7\u00c3O E ROTULAGEM 541.39 KB22-04-2025 BaixarVisualizar 2 REQUERIMENTO DE SOLICITA\u00c7\u00c3O DE REGISTRO DE ESTABELECIMENTO 564.45 KB22-04-2025 BaixarVisualizar 1 TERMO DE COMPROMISSO 476.84 KB22-04-2025 BaixarVisualizar<\/p>\n","category_list_v2":"","author_info_v2":{"name":"ETIPI","url":"https:\/\/portal.pi.gov.br\/adapi\/author\/pallomagualter\/"},"comments_num_v2":"0 coment\u00e1rio","_links":{"self":[{"href":"https:\/\/portal.pi.gov.br\/adapi\/wp-json\/wp\/v2\/pages\/2624"}],"collection":[{"href":"https:\/\/portal.pi.gov.br\/adapi\/wp-json\/wp\/v2\/pages"}],"about":[{"href":"https:\/\/portal.pi.gov.br\/adapi\/wp-json\/wp\/v2\/types\/page"}],"author":[{"embeddable":true,"href":"https:\/\/portal.pi.gov.br\/adapi\/wp-json\/wp\/v2\/users\/1832"}],"replies":[{"embeddable":true,"href":"https:\/\/portal.pi.gov.br\/adapi\/wp-json\/wp\/v2\/comments?post=2624"}],"version-history":[{"count":2,"href":"https:\/\/portal.pi.gov.br\/adapi\/wp-json\/wp\/v2\/pages\/2624\/revisions"}],"predecessor-version":[{"id":2657,"href":"https:\/\/portal.pi.gov.br\/adapi\/wp-json\/wp\/v2\/pages\/2624\/revisions\/2657"}],"wp:attachment":[{"href":"https:\/\/portal.pi.gov.br\/adapi\/wp-json\/wp\/v2\/media?parent=2624"}],"curies":[{"name":"wp","href":"https:\/\/api.w.org\/{rel}","templated":true}]}}