{"id":3902,"date":"2025-07-29T13:11:54","date_gmt":"2025-07-29T16:11:54","guid":{"rendered":"https:\/\/portal.pi.gov.br\/adapi\/?page_id=3902"},"modified":"2025-11-13T09:25:35","modified_gmt":"2025-11-13T12:25:35","slug":"brucelose-e-tuberculose","status":"publish","type":"page","link":"https:\/\/portal.pi.gov.br\/adapi\/brucelose-e-tuberculose\/","title":{"rendered":"Brucelose e Tuberculose"},"content":{"rendered":"\n<p><strong>1 &#8211;&nbsp;Brucelose<\/strong><strong><\/strong><\/p>\n\n\n\n<p><strong>Defini\u00e7\u00e3o:<\/strong>Doen\u00e7a infecto-contagiosa provocada por bact\u00e9rias do G\u00eanero Brucella;<br>Caracteriza-se por provocar abortos geralmente no ter\u00e7o final da gesta\u00e7\u00e3o, nascimento de bezerros fracos, reten\u00e7\u00e3o de placenta, repeti\u00e7\u00e3o de cio e descargas uterinas com grande elimina\u00e7\u00e3o da bact\u00e9ria, podendo ainda transmitir-se ao homem;<br>Exame negativo \u2013 f\u00eameas n\u00e3o vacinadas com idade superior a 8 meses, f\u00eameas vacinadas e com idade superior a 24 meses e machos destinados \u00e0 reprodu\u00e7\u00e3o com idade superior a 24 meses.<\/p>\n\n\n\n<p><strong>Sinais Cl\u00ednicos:<\/strong><strong><\/strong><\/p>\n\n\n\n<p><strong>No Homem:<\/strong>&nbsp;Febre, dores pelo corpo todo, inflama\u00e7\u00e3o das articula\u00e7\u00f5es (artrite), falta de apetite, ins\u00f4nia, calafrios, dores de cabe\u00e7a, fraqueza e infertilidade<\/p>\n\n\n\n<p><strong>No animal:<\/strong><\/p>\n\n\n\n<p><strong>F\u00eameas:<\/strong>Aborto, geralmente nos tr\u00eas \u00faltimos meses da gesta\u00e7\u00e3o.&nbsp;<strong>Aten\u00e7\u00e3o:<\/strong>&nbsp;Nas pr\u00f3ximas gesta\u00e7\u00f5es a f\u00eamea pode n\u00e3o mais abortar e mesmo assim continuar contaminando o ambiente.<br>Reten\u00e7\u00e3o de placenta, repeti\u00e7\u00e3o de cio, infec\u00e7\u00e3o uterina, queda da natalidade e nascimento de bezerros fracos.<\/p>\n\n\n\n<p><strong>Machos:<\/strong>&nbsp;Inflama\u00e7\u00e3o nos test\u00edculos(orquite), esterilidade<\/p>\n\n\n\n<p><strong>2 &#8211;&nbsp;Tuberculose<\/strong><strong><\/strong><\/p>\n\n\n\n<p><strong>Defini\u00e7\u00e3o:<\/strong>&nbsp;Enfermidade infecto-contagiosa de evolu\u00e7\u00e3o cr\u00f4nica, caracterizada por les\u00f5es de aspecto nodular, principalmente em linfonodos e pulm\u00f5es, que acomete bovinos e bubalinos, podendo afetar o homem.<\/p>\n\n\n\n<p><strong>Sinais Cl\u00ednicos:<\/strong><\/p>\n\n\n\n<p><strong><br><\/strong><strong>Animais infectados assintom\u00e1ticos<\/strong>&nbsp;Alta freq\u00fc\u00eancia;<br><strong>Animais doentes:<\/strong>&nbsp;Emagrecimento, Hipertrofia ganglionar, Dispn\u00e9ia, Tosse seca.<\/p>\n\n\n\n<div class=\"wp-block-columns is-layout-flex wp-container-3\">\n<div class=\"wp-block-column is-layout-flow\">\n<div class=\"wp-block-stackable-button-group stk-block-button-group stk-block stk-e589bf9\" data-block-id=\"e589bf9\"><div class=\"stk-row stk-inner-blocks stk-block-content stk-button-group\">\n<div class=\"wp-block-stackable-button stk-block-button stk-block stk-ffe5c4f\" data-block-id=\"ffe5c4f\"><style>.stk-ffe5c4f,.stk-ffe5c4f .stk-button{width:100% !important}.stk-ffe5c4f{flex:1 1 0 !important}.stk-ffe5c4f .stk-button{min-height:50px !important;padding-top:8px !important;padding-right:8px !important;padding-bottom:8px !important;padding-left:8px !important;background:#034ea2 !important;border-radius:10px !important}.stk-ffe5c4f .stk-button__inner-text{color:#ffffff !important;line-height:1.5em !important;font-weight:700 !important;font-style:normal !important;font-family:\"Montserrat\",Sans-serif !important;letter-spacing:0px !important}<\/style><a class=\"stk-link stk-button stk--hover-effect-darken\" href=\"https:\/\/portal.pi.gov.br\/adapi\/tuberculose-legislacao\/\"><span class=\"has-text-color stk-button__inner-text\">Legisla\u00e7\u00e3o<\/span><\/a><\/div>\n<\/div><\/div>\n<\/div>\n\n\n\n<div class=\"wp-block-column is-layout-flow\">\n<div class=\"wp-block-stackable-button-group stk-block-button-group stk-block stk-d171d05\" data-block-id=\"d171d05\"><div class=\"stk-row stk-inner-blocks stk-block-content stk-button-group\">\n<div class=\"wp-block-stackable-button stk-block-button stk-block stk-4f905d0\" data-block-id=\"4f905d0\"><style>.stk-4f905d0,.stk-4f905d0 .stk-button{width:100% !important}.stk-4f905d0{flex:1 1 0 !important}.stk-4f905d0 .stk-button{min-height:50px !important;padding-top:8px !important;padding-right:8px !important;padding-bottom:8px !important;padding-left:8px !important;background:#034ea2 !important;border-radius:10px !important}.stk-4f905d0 .stk-button__inner-text{color:#ffffff !important;line-height:1.5em !important;font-weight:700 !important;font-style:normal !important;font-family:\"Montserrat\",Sans-serif !important;letter-spacing:0px !important}<\/style><a class=\"stk-link stk-button stk--hover-effect-darken\" href=\"https:\/\/portal.pi.gov.br\/adapi\/tuberculose-formularios\/\"><span class=\"has-text-color stk-button__inner-text\">Formul\u00e1rios<\/span><\/a><\/div>\n<\/div><\/div>\n<\/div>\n<\/div>\n\n\n\n<div class=\"wp-block-columns is-layout-flex wp-container-6\">\n<div class=\"wp-block-column is-layout-flow\">\n<div class=\"wp-block-stackable-button-group stk-block-button-group stk-block stk-012815a\" data-block-id=\"012815a\"><div class=\"stk-row stk-inner-blocks stk-block-content stk-button-group\">\n<div class=\"wp-block-stackable-button stk-block-button stk-block stk-3c5ad4d\" data-block-id=\"3c5ad4d\"><style>.stk-3c5ad4d,.stk-3c5ad4d .stk-button{width:100% !important}.stk-3c5ad4d{flex:1 1 0 !important}.stk-3c5ad4d .stk-button{min-height:50px !important;padding-top:8px !important;padding-right:8px !important;padding-bottom:8px !important;padding-left:8px !important;background:#034ea2 !important;border-radius:10px !important}.stk-3c5ad4d .stk-button__inner-text{color:#ffffff !important;line-height:1.5em !important;font-weight:700 !important;font-style:normal !important;font-family:\"Montserrat\",Sans-serif !important;letter-spacing:0px !important}<\/style><a class=\"stk-link stk-button stk--hover-effect-darken\" href=\"https:\/\/portal.pi.gov.br\/adapi\/tuberculose-veterinarios-habilitados\/\"><span class=\"has-text-color stk-button__inner-text\">Veterin\u00e1rios Habilitados<\/span><\/a><\/div>\n<\/div><\/div>\n<\/div>\n\n\n\n<div class=\"wp-block-column is-layout-flow\">\n<div class=\"wp-block-stackable-button-group stk-block-button-group stk-block stk-7bee769\" data-block-id=\"7bee769\"><div class=\"stk-row stk-inner-blocks stk-block-content stk-button-group\">\n<div class=\"wp-block-stackable-button stk-block-button stk-block stk-f1195bd\" data-block-id=\"f1195bd\"><style>.stk-f1195bd,.stk-f1195bd .stk-button{width:100% !important}.stk-f1195bd{flex:1 1 0 !important}.stk-f1195bd .stk-button{min-height:50px !important;padding-top:8px !important;padding-right:8px !important;padding-bottom:8px !important;padding-left:8px !important;background:#034ea2 !important;border-radius:10px !important}.stk-f1195bd .stk-button__inner-text{color:#ffffff !important;line-height:1.5em !important;font-weight:700 !important;font-style:normal !important;font-family:\"Montserrat\",Sans-serif !important;letter-spacing:0px !important}<\/style><a class=\"stk-link stk-button stk--hover-effect-darken\" href=\"https:\/\/portal.pi.gov.br\/adapi\/material-e-palestras\/\"><span class=\"has-text-color stk-button__inner-text\">Material e Palestras<\/span><\/a><\/div>\n<\/div><\/div>\n<\/div>\n<\/div>\n","protected":false},"excerpt":{"rendered":"<p>1 &#8211;&nbsp;Brucelose Defini\u00e7\u00e3o:Doen\u00e7a infecto-contagiosa provocada por bact\u00e9rias do G\u00eanero Brucella;Caracteriza-se por provocar abortos geralmente no ter\u00e7o final da gesta\u00e7\u00e3o, nascimento de bezerros fracos, reten\u00e7\u00e3o de placenta, repeti\u00e7\u00e3o de cio e [&hellip;]<\/p>\n","protected":false},"author":1832,"featured_media":0,"parent":0,"menu_order":0,"comment_status":"closed","ping_status":"closed","template":"template-fullwidth.php","meta":[],"featured_image_urls":{"full":"","thumbnail":"","medium":"","medium_large":"","large":"","sgg-420":"","sgg-540":"","sgg-780":"","1536x1536":"","2048x2048":"","homepage-slider":"","homepage-slider-small":"","page-top":"","page-small":"","loop-main":"","thumb-gallery-widget":""},"post_excerpt_stackable":"<p>1 &#8211;&nbsp;Brucelose Defini\u00e7\u00e3o:Doen\u00e7a infecto-contagiosa provocada por bact\u00e9rias do G\u00eanero Brucella;Caracteriza-se por provocar abortos geralmente no ter\u00e7o final da gesta\u00e7\u00e3o, nascimento de bezerros fracos, reten\u00e7\u00e3o de placenta, repeti\u00e7\u00e3o de cio e descargas uterinas com grande elimina\u00e7\u00e3o da bact\u00e9ria, podendo ainda transmitir-se ao homem;Exame negativo \u2013 f\u00eameas n\u00e3o vacinadas com idade superior a 8 meses, f\u00eameas vacinadas e com idade superior a 24 meses e machos destinados \u00e0 reprodu\u00e7\u00e3o com idade superior a 24 meses. Sinais Cl\u00ednicos: No Homem:&nbsp;Febre, dores pelo corpo todo, inflama\u00e7\u00e3o das articula\u00e7\u00f5es (artrite), falta de apetite, ins\u00f4nia, calafrios, dores de cabe\u00e7a, fraqueza e infertilidade No animal: F\u00eameas:Aborto, geralmente&hellip;<\/p>\n","category_list":"","author_info":{"name":"ETIPI","url":"https:\/\/portal.pi.gov.br\/adapi\/author\/pallomagualter\/"},"comments_num":"0 coment\u00e1rio","featured_image_urls_v2":{"full":"","thumbnail":"","medium":"","medium_large":"","large":"","sgg-420":"","sgg-540":"","sgg-780":"","1536x1536":"","2048x2048":"","homepage-slider":"","homepage-slider-small":"","page-top":"","page-small":"","loop-main":"","thumb-gallery-widget":""},"post_excerpt_stackable_v2":"<p>1 &#8211;&nbsp;Brucelose Defini\u00e7\u00e3o:Doen\u00e7a infecto-contagiosa provocada por bact\u00e9rias do G\u00eanero Brucella;Caracteriza-se por provocar abortos geralmente no ter\u00e7o final da gesta\u00e7\u00e3o, nascimento de bezerros fracos, reten\u00e7\u00e3o de placenta, repeti\u00e7\u00e3o de cio e descargas uterinas com grande elimina\u00e7\u00e3o da bact\u00e9ria, podendo ainda transmitir-se ao homem;Exame negativo \u2013 f\u00eameas n\u00e3o vacinadas com idade superior a 8 meses, f\u00eameas vacinadas e com idade superior a 24 meses e machos destinados \u00e0 reprodu\u00e7\u00e3o com idade superior a 24 meses. Sinais Cl\u00ednicos: No Homem:&nbsp;Febre, dores pelo corpo todo, inflama\u00e7\u00e3o das articula\u00e7\u00f5es (artrite), falta de apetite, ins\u00f4nia, calafrios, dores de cabe\u00e7a, fraqueza e infertilidade No animal: F\u00eameas:Aborto, geralmente&hellip;<\/p>\n","category_list_v2":"","author_info_v2":{"name":"ETIPI","url":"https:\/\/portal.pi.gov.br\/adapi\/author\/pallomagualter\/"},"comments_num_v2":"0 coment\u00e1rio","_links":{"self":[{"href":"https:\/\/portal.pi.gov.br\/adapi\/wp-json\/wp\/v2\/pages\/3902"}],"collection":[{"href":"https:\/\/portal.pi.gov.br\/adapi\/wp-json\/wp\/v2\/pages"}],"about":[{"href":"https:\/\/portal.pi.gov.br\/adapi\/wp-json\/wp\/v2\/types\/page"}],"author":[{"embeddable":true,"href":"https:\/\/portal.pi.gov.br\/adapi\/wp-json\/wp\/v2\/users\/1832"}],"replies":[{"embeddable":true,"href":"https:\/\/portal.pi.gov.br\/adapi\/wp-json\/wp\/v2\/comments?post=3902"}],"version-history":[{"count":3,"href":"https:\/\/portal.pi.gov.br\/adapi\/wp-json\/wp\/v2\/pages\/3902\/revisions"}],"predecessor-version":[{"id":4791,"href":"https:\/\/portal.pi.gov.br\/adapi\/wp-json\/wp\/v2\/pages\/3902\/revisions\/4791"}],"wp:attachment":[{"href":"https:\/\/portal.pi.gov.br\/adapi\/wp-json\/wp\/v2\/media?parent=3902"}],"curies":[{"name":"wp","href":"https:\/\/api.w.org\/{rel}","templated":true}]}}