{"id":3953,"date":"2025-07-31T13:24:27","date_gmt":"2025-07-31T16:24:27","guid":{"rendered":"https:\/\/portal.pi.gov.br\/adapi\/?page_id=3953"},"modified":"2025-10-22T13:01:16","modified_gmt":"2025-10-22T16:01:16","slug":"controle-de-agrotoxicos","status":"publish","type":"page","link":"https:\/\/portal.pi.gov.br\/adapi\/controle-de-agrotoxicos\/","title":{"rendered":"Controle de Agrot\u00f3xicos"},"content":{"rendered":"\n<div class=\"wp-block-stackable-columns stk-block-columns stk-block stk-19ba948\" data-block-id=\"19ba948\"><div class=\"stk-row stk-inner-blocks stk-block-content stk-content-align stk-19ba948-column\">\n<div class=\"wp-block-stackable-column stk-block-column stk-column stk-block stk-488aebe\" data-v=\"4\" data-block-id=\"488aebe\"><div class=\"stk-column-wrapper stk-block-column__content stk-container stk-488aebe-container stk--no-background stk--no-padding\"><div class=\"stk-block-content stk-inner-blocks stk-488aebe-inner-blocks\">\n<div class=\"wp-block-stackable-button-group stk-block-button-group stk-block stk-1338699\" data-block-id=\"1338699\"><style>.stk-1338699 .stk-button-group{flex-direction:column !important;align-items:stretch !important}.stk-1338699 .stk-block{flex-basis:auto !important}.stk-1338699 .stk-block-button,.stk-1338699 .stk-block-icon-button{flex:1 !important}.stk-1338699,.stk-1338699 .stk-block-icon-button .stk-button{width:100% !important}<\/style><div class=\"stk-row stk-inner-blocks stk-block-content stk-button-group\">\n<div class=\"wp-block-stackable-button stk-block-button stk-block stk-89e341e\" data-block-id=\"89e341e\"><style>.stk-89e341e,.stk-89e341e .stk-button{width:100% !important}.stk-89e341e{flex:1 1 0 !important}.stk-89e341e .stk-button{min-height:50px !important;padding-top:8px !important;padding-right:8px !important;padding-bottom:8px !important;padding-left:8px !important;background:#034ea2 !important;border-radius:10px !important}.stk-89e341e .stk-button__inner-text{color:#ffffff !important;line-height:1.5em !important;font-weight:700 !important;font-style:normal !important;font-family:\"Montserrat\",Sans-serif !important;letter-spacing:0px !important}<\/style><a class=\"stk-link stk-button stk--hover-effect-darken\" href=\"https:\/\/portal.pi.gov.br\/adapi\/agrotoxicos-legislacao\/\"><span class=\"has-text-color stk-button__inner-text\">Legisla\u00e7\u00e3o<\/span><\/a><\/div>\n\n\n\n<div class=\"wp-block-stackable-button stk-block-button stk-block stk-866e364\" data-block-id=\"866e364\"><style>.stk-866e364,.stk-866e364 .stk-button{width:100% !important}.stk-866e364{flex:1 1 0 !important}.stk-866e364 .stk-button{min-height:50px !important;padding-top:8px !important;padding-right:8px !important;padding-bottom:8px !important;padding-left:8px !important;background:#034ea2 !important;border-radius:10px !important}.stk-866e364 .stk-button__inner-text{color:#ffffff !important;line-height:1.5em !important;font-weight:700 !important;font-style:normal !important;font-family:\"Montserrat\",Sans-serif !important;letter-spacing:0px !important}<\/style><a class=\"stk-link stk-button stk--hover-effect-darken\" href=\"https:\/\/portal.pi.gov.br\/adapi\/agrotoxicos-lista-de-distribuidores\/\"><span class=\"has-text-color stk-button__inner-text\">Lista de Distribuidores<\/span><\/a><\/div>\n\n\n\n<div class=\"wp-block-stackable-button stk-block-button stk-block stk-6a8c471\" data-block-id=\"6a8c471\"><style>.stk-6a8c471,.stk-6a8c471 .stk-button{width:100% !important}.stk-6a8c471{flex:1 1 0 !important}.stk-6a8c471 .stk-button{min-height:50px !important;padding-top:8px !important;padding-right:8px !important;padding-bottom:8px !important;padding-left:8px !important;background:#034ea2 !important;border-radius:10px !important}.stk-6a8c471 .stk-button__inner-text{color:#ffffff !important;line-height:1.5em !important;font-weight:700 !important;font-style:normal !important;font-family:\"Montserrat\",Sans-serif !important;letter-spacing:0px !important}<\/style><a class=\"stk-link stk-button stk--hover-effect-darken\" href=\"https:\/\/portal.pi.gov.br\/adapi\/material-e-palestras-4\/\"><span class=\"has-text-color stk-button__inner-text\">Material e Palestras<\/span><\/a><\/div>\n<\/div><\/div>\n<\/div><\/div><\/div>\n\n\n\n<div class=\"wp-block-stackable-column stk-block-column stk-column stk-block stk-9686da2\" data-v=\"4\" data-block-id=\"9686da2\"><div class=\"stk-column-wrapper stk-block-column__content stk-container stk-9686da2-container stk--no-background stk--no-padding\"><div class=\"stk-block-content stk-inner-blocks stk-9686da2-inner-blocks\">\n<div class=\"wp-block-stackable-button-group stk-block-button-group stk-block stk-25a5414\" data-block-id=\"25a5414\"><style>.stk-25a5414 .stk-button-group{flex-direction:column !important;align-items:stretch !important}.stk-25a5414 .stk-block{flex-basis:auto !important}.stk-25a5414 .stk-block-button,.stk-25a5414 .stk-block-icon-button{flex:1 !important}.stk-25a5414,.stk-25a5414 .stk-block-icon-button .stk-button{width:100% !important}<\/style><div class=\"stk-row stk-inner-blocks stk-block-content stk-button-group\">\n<div class=\"wp-block-stackable-button stk-block-button stk-block stk-fe4c504\" data-block-id=\"fe4c504\"><style>.stk-fe4c504,.stk-fe4c504 .stk-button{width:100% !important}.stk-fe4c504{flex:1 1 0 !important}.stk-fe4c504 .stk-button{min-height:50px !important;padding-top:8px !important;padding-right:8px !important;padding-bottom:8px !important;padding-left:8px !important;background:#034ea2 !important;border-radius:10px !important}.stk-fe4c504 .stk-button__inner-text{color:#ffffff !important;line-height:1.5em !important;font-weight:700 !important;font-style:normal !important;font-family:\"Montserrat\",Sans-serif !important;letter-spacing:0px !important}<\/style><a class=\"stk-link stk-button stk--hover-effect-darken\" href=\"https:\/\/portal.pi.gov.br\/adapi\/agrotoxicos-cadastros-e-registros\/\"><span class=\"has-text-color stk-button__inner-text\">Cadastros e Registros<\/span><\/a><\/div>\n\n\n\n<div class=\"wp-block-stackable-button stk-block-button stk-block stk-a21f3ed\" data-block-id=\"a21f3ed\"><style>.stk-a21f3ed,.stk-a21f3ed .stk-button{width:100% !important}.stk-a21f3ed{flex:1 1 0 !important}.stk-a21f3ed .stk-button{min-height:50px !important;padding-top:8px !important;padding-right:8px !important;padding-bottom:8px !important;padding-left:8px !important;background:#034ea2 !important;border-radius:10px !important}.stk-a21f3ed .stk-button__inner-text{color:#ffffff !important;line-height:1.5em !important;font-weight:700 !important;font-style:normal !important;font-family:\"Montserrat\",Sans-serif !important;letter-spacing:0px !important}<\/style><a class=\"stk-link stk-button stk--hover-effect-darken\" href=\"https:\/\/portal.pi.gov.br\/adapi\/agrotoxicos-formularios\/\"><span class=\"has-text-color stk-button__inner-text\">Formul\u00e1rios<\/span><\/a><\/div>\n<\/div><\/div>\n<\/div><\/div><\/div>\n\n\n\n<div class=\"wp-block-stackable-column stk-block-column stk-column stk-block stk-6b6ab47\" data-v=\"4\" data-block-id=\"6b6ab47\"><div class=\"stk-column-wrapper stk-block-column__content stk-container stk-6b6ab47-container stk--no-background stk--no-padding\"><div class=\"stk-block-content stk-inner-blocks stk-6b6ab47-inner-blocks\">\n<div class=\"wp-block-stackable-button-group stk-block-button-group stk-block stk-a2932ff\" data-block-id=\"a2932ff\"><style>.stk-a2932ff .stk-button-group{flex-direction:column !important;align-items:stretch !important}.stk-a2932ff .stk-block{flex-basis:auto !important}.stk-a2932ff .stk-block-button,.stk-a2932ff .stk-block-icon-button{flex:1 !important}.stk-a2932ff,.stk-a2932ff .stk-block-icon-button .stk-button{width:100% !important}<\/style><div class=\"stk-row stk-inner-blocks stk-block-content stk-button-group\">\n<div class=\"wp-block-stackable-button stk-block-button stk-block stk-18cad25\" data-block-id=\"18cad25\"><style>.stk-18cad25,.stk-18cad25 .stk-button{width:100% !important}.stk-18cad25{flex:1 1 0 !important}.stk-18cad25 .stk-button{min-height:50px !important;padding-top:8px !important;padding-right:8px !important;padding-bottom:8px !important;padding-left:8px !important;background:#034ea2 !important;border-radius:10px !important}.stk-18cad25 .stk-button__inner-text{color:#ffffff !important;line-height:1.5em !important;font-weight:700 !important;font-style:normal !important;font-family:\"Montserrat\",Sans-serif !important;letter-spacing:0px !important}<\/style><a class=\"stk-link stk-button stk--hover-effect-darken\" href=\"https:\/\/portal.pi.gov.br\/adapi\/agrotoxicos-permitidos\/\"><span class=\"has-text-color stk-button__inner-text\">Agrot\u00f3xicos Permitidos<\/span><\/a><\/div>\n\n\n\n<div class=\"wp-block-stackable-button stk-block-button stk-block stk-5dd5542\" data-block-id=\"5dd5542\"><style>.stk-5dd5542,.stk-5dd5542 .stk-button{width:100% !important}.stk-5dd5542{flex:1 1 0 !important}.stk-5dd5542 .stk-button{min-height:50px !important;padding-top:8px !important;padding-right:8px !important;padding-bottom:8px !important;padding-left:8px !important;background:#034ea2 !important;border-radius:10px !important}.stk-5dd5542 .stk-button__inner-text{color:#ffffff !important;line-height:1.5em !important;font-weight:700 !important;font-style:normal !important;font-family:\"Montserrat\",Sans-serif !important;letter-spacing:0px !important}<\/style><a class=\"stk-link stk-button stk--hover-effect-darken\" href=\"https:\/\/portal.pi.gov.br\/adapi\/agrotoxicos-embalagens-vazias\/\"><span class=\"has-text-color stk-button__inner-text\">Embalagens Vazias<\/span><\/a><\/div>\n<\/div><\/div>\n<\/div><\/div><\/div>\n<\/div><\/div>\n","protected":false},"excerpt":{"rendered":"<p>Legisla\u00e7\u00e3o Lista de Distribuidores Material e Palestras Cadastros e Registros Formul\u00e1rios Agrot\u00f3xicos Permitidos Embalagens Vazias<\/p>\n","protected":false},"author":1832,"featured_media":0,"parent":0,"menu_order":0,"comment_status":"closed","ping_status":"closed","template":"template-fullwidth.php","meta":[],"featured_image_urls":{"full":"","thumbnail":"","medium":"","medium_large":"","large":"","sgg-420":"","sgg-540":"","sgg-780":"","1536x1536":"","2048x2048":"","homepage-slider":"","homepage-slider-small":"","page-top":"","page-small":"","loop-main":"","thumb-gallery-widget":""},"post_excerpt_stackable":"<p>Legisla\u00e7\u00e3o Lista de Distribuidores Material e Palestras Cadastros e Registros Formul\u00e1rios Agrot\u00f3xicos Permitidos Embalagens Vazias<\/p>\n","category_list":"","author_info":{"name":"ETIPI","url":"https:\/\/portal.pi.gov.br\/adapi\/author\/pallomagualter\/"},"comments_num":"0 coment\u00e1rio","featured_image_urls_v2":{"full":"","thumbnail":"","medium":"","medium_large":"","large":"","sgg-420":"","sgg-540":"","sgg-780":"","1536x1536":"","2048x2048":"","homepage-slider":"","homepage-slider-small":"","page-top":"","page-small":"","loop-main":"","thumb-gallery-widget":""},"post_excerpt_stackable_v2":"<p>Legisla\u00e7\u00e3o Lista de Distribuidores Material e Palestras Cadastros e Registros Formul\u00e1rios Agrot\u00f3xicos Permitidos Embalagens Vazias<\/p>\n","category_list_v2":"","author_info_v2":{"name":"ETIPI","url":"https:\/\/portal.pi.gov.br\/adapi\/author\/pallomagualter\/"},"comments_num_v2":"0 coment\u00e1rio","_links":{"self":[{"href":"https:\/\/portal.pi.gov.br\/adapi\/wp-json\/wp\/v2\/pages\/3953"}],"collection":[{"href":"https:\/\/portal.pi.gov.br\/adapi\/wp-json\/wp\/v2\/pages"}],"about":[{"href":"https:\/\/portal.pi.gov.br\/adapi\/wp-json\/wp\/v2\/types\/page"}],"author":[{"embeddable":true,"href":"https:\/\/portal.pi.gov.br\/adapi\/wp-json\/wp\/v2\/users\/1832"}],"replies":[{"embeddable":true,"href":"https:\/\/portal.pi.gov.br\/adapi\/wp-json\/wp\/v2\/comments?post=3953"}],"version-history":[{"count":2,"href":"https:\/\/portal.pi.gov.br\/adapi\/wp-json\/wp\/v2\/pages\/3953\/revisions"}],"predecessor-version":[{"id":4532,"href":"https:\/\/portal.pi.gov.br\/adapi\/wp-json\/wp\/v2\/pages\/3953\/revisions\/4532"}],"wp:attachment":[{"href":"https:\/\/portal.pi.gov.br\/adapi\/wp-json\/wp\/v2\/media?parent=3953"}],"curies":[{"name":"wp","href":"https:\/\/api.w.org\/{rel}","templated":true}]}}