{"id":5269,"date":"2026-03-19T11:27:12","date_gmt":"2026-03-19T14:27:12","guid":{"rendered":"https:\/\/portal.pi.gov.br\/adapi\/?page_id=5269"},"modified":"2026-03-19T11:57:44","modified_gmt":"2026-03-19T14:57:44","slug":"mapa-de-postos-de-vigilancia-agropecuaria-pva","status":"publish","type":"page","link":"https:\/\/portal.pi.gov.br\/adapi\/mapa-de-postos-de-vigilancia-agropecuaria-pva\/","title":{"rendered":"Mapa de Postos de Vigil\u00e2ncia Agropecu\u00e1ria &#8211; PVA"},"content":{"rendered":"\n<figure class=\"wp-block-image size-large\"><img decoding=\"async\" loading=\"lazy\" width=\"900\" height=\"1024\" src=\"https:\/\/portal.pi.gov.br\/adapi\/wp-content\/uploads\/sites\/103\/2026\/03\/Group-19-1-900x1024.png\" alt=\"\" class=\"wp-image-5273\" srcset=\"https:\/\/portal.pi.gov.br\/adapi\/wp-content\/uploads\/sites\/103\/2026\/03\/Group-19-1-900x1024.png 900w, https:\/\/portal.pi.gov.br\/adapi\/wp-content\/uploads\/sites\/103\/2026\/03\/Group-19-1-264x300.png 264w, https:\/\/portal.pi.gov.br\/adapi\/wp-content\/uploads\/sites\/103\/2026\/03\/Group-19-1-768x874.png 768w, https:\/\/portal.pi.gov.br\/adapi\/wp-content\/uploads\/sites\/103\/2026\/03\/Group-19-1-369x420.png 369w, https:\/\/portal.pi.gov.br\/adapi\/wp-content\/uploads\/sites\/103\/2026\/03\/Group-19-1-474x540.png 474w, https:\/\/portal.pi.gov.br\/adapi\/wp-content\/uploads\/sites\/103\/2026\/03\/Group-19-1-685x780.png 685w, https:\/\/portal.pi.gov.br\/adapi\/wp-content\/uploads\/sites\/103\/2026\/03\/Group-19-1-1350x1536.png 1350w, https:\/\/portal.pi.gov.br\/adapi\/wp-content\/uploads\/sites\/103\/2026\/03\/Group-19-1-947x1078.png 947w, https:\/\/portal.pi.gov.br\/adapi\/wp-content\/uploads\/sites\/103\/2026\/03\/Group-19-1-624x710.png 624w, https:\/\/portal.pi.gov.br\/adapi\/wp-content\/uploads\/sites\/103\/2026\/03\/Group-19-1.png 1694w\" sizes=\"(max-width: 900px) 100vw, 900px\" \/><\/figure>\n\n\n\n<div class=\"wp-block-stackable-heading stk-block-heading stk-block-heading--v2 stk-block stk-13f97a7 stk-block-background\" id=\"strong-lista-de-postos-de-vigilancia-agropecuaria-pv-as-strong\" data-block-id=\"13f97a7\"><style>.stk-13f97a7{background-color:#4a6427 !important;border-radius:16px !important;overflow:hidden !important;min-height:20px !important;align-items:center !important;max-width:100% !important;margin-bottom:32px !important;display:flex !important}.stk-13f97a7:before{background-color:#4a6427 !important}.stk-13f97a7 .stk-block-heading__text{font-size:24px !important;color:#ffffff !important}@media screen and (max-width:1023px){.stk-13f97a7 .stk-block-heading__text{font-size:24px !important}}<\/style><h2 class=\"stk-block-heading__text has-text-color has-white-color has-text-align-center\"><strong>Lista de Postos de Vigil\u00e2ncia Agropecu\u00e1ria &#8211; PVAs<\/strong><\/h2><\/div>\n\n\n\n<div class=\"wp-block-columns is-layout-flex wp-container-3\">\n<div class=\"wp-block-column is-layout-flow\">\n<div class=\"wp-block-stackable-card stk-block-card stk-block stk-710893b is-style-default-2\" data-v=\"2\" data-block-id=\"710893b\"><div class=\"stk--no-padding stk-container stk-710893b-container stk-hover-parent\"><div class=\"stk-container-padding stk-block-card__content\"><div class=\"stk-block-content stk-inner-blocks has-text-align-left stk-710893b-inner-blocks\">\n<div class=\"wp-block-stackable-heading stk-block-heading stk-block-heading--v2 stk-block stk-887bc94\" id=\"1-pva-tabuleta-strong-divisa-pi-ma-strong\" data-block-id=\"887bc94\"><style>.stk-887bc94{margin-bottom:16px !important}.stk-887bc94 .stk-block-heading__text{font-family:\"Montserrat\",Sans-serif !important}<\/style><h3 class=\"stk-block-heading__text\">1 PVA TABULETA\u00a0<strong>(divisa PI-MA)<\/strong><\/h3><\/div>\n\n\n\n<div class=\"wp-block-stackable-text stk-block-text stk-block stk-843b12a\" data-block-id=\"843b12a\"><style>.stk-843b12a{margin-bottom:0px !important}.stk-843b12a .stk-block-text__text{font-family:\"Montserrat\",Sans-serif !important}<\/style><p class=\"stk-block-text__text\">E-mail:\u00a0<a href=\"mailto:tabuleta@adapi.pi.gov.br\">tabuleta@adapi.pi.gov.br<\/a><\/p><\/div>\n\n\n\n<div class=\"wp-block-stackable-text stk-block-text stk-block stk-e8af133\" data-block-id=\"e8af133\"><style>.stk-e8af133{margin-bottom:1px !important}.stk-e8af133 .stk-block-text__text{font-family:\"Montserrat\",Sans-serif !important}<\/style><p class=\"stk-block-text__text\">Endere\u00e7o: BR 316 \u2013 Teresina -PI<\/p><\/div>\n\n\n\n<div class=\"wp-block-stackable-text stk-block-text stk-block stk-d61995f\" data-block-id=\"d61995f\"><style>.stk-d61995f .stk-block-text__text{font-family:\"Montserrat\",Sans-serif !important}<\/style><p class=\"stk-block-text__text\">Geolocaliza\u00e7\u00e3o: S 05\u00b007\u201940\u2019\u2019 \/ W 42\u00b048\u201915\u2019\u2019<\/p><\/div>\n<\/div><\/div><\/div><\/div>\n\n\n\n<div class=\"wp-block-stackable-card stk-block-card stk-block stk-325e08d is-style-default-2\" data-v=\"2\" data-block-id=\"325e08d\"><div class=\"stk--no-padding stk-container stk-325e08d-container stk-hover-parent\"><div class=\"stk-container-padding stk-block-card__content\"><div class=\"stk-block-content stk-inner-blocks has-text-align-left stk-325e08d-inner-blocks\">\n<div class=\"wp-block-stackable-heading stk-block-heading stk-block-heading--v2 stk-block stk-12e721f\" id=\"3-pva-boa-esperanca-strong-divisa-pi-ba-strong\" data-block-id=\"12e721f\"><style>.stk-12e721f{margin-bottom:16px !important}.stk-12e721f .stk-block-heading__text{font-family:\"Montserrat\",Sans-serif !important}<\/style><h3 class=\"stk-block-heading__text\">3 PVA BOA ESPERAN\u00c7A\u00a0<strong>(divisa PI-BA)<\/strong><\/h3><\/div>\n\n\n\n<div class=\"wp-block-stackable-text stk-block-text stk-block stk-f1ffaa1\" data-block-id=\"f1ffaa1\"><style>.stk-f1ffaa1{margin-bottom:0px !important}.stk-f1ffaa1 .stk-block-text__text{font-family:\"Montserrat\",Sans-serif !important}<\/style><p class=\"stk-block-text__text\">E-mail:\u00a0<a href=\"mailto:boaesperanca@adapi.pi.gov.br\">boaesperanca@adapi.pi.gov.br<\/a><\/p><\/div>\n\n\n\n<div class=\"wp-block-stackable-text stk-block-text stk-block stk-efa238d\" data-block-id=\"efa238d\"><style>.stk-efa238d{margin-bottom:1px !important}.stk-efa238d .stk-block-text__text{font-family:\"Montserrat\",Sans-serif !important}<\/style><p class=\"stk-block-text__text\">Endere\u00e7o: BR 135 \u2013 Cristal\u00e2ndia &#8211; PI<\/p><\/div>\n\n\n\n<div class=\"wp-block-stackable-text stk-block-text stk-block stk-f995176\" data-block-id=\"f995176\"><style>.stk-f995176 .stk-block-text__text{font-family:\"Montserrat\",Sans-serif !important}<\/style><p class=\"stk-block-text__text\">Geolocaliza\u00e7\u00e3o: S 05\u00b007\u201940\u2019\u2019 \/ W 42\u00b048\u201915\u2019\u2019<\/p><\/div>\n<\/div><\/div><\/div><\/div>\n\n\n\n<div class=\"wp-block-stackable-card stk-block-card stk-block stk-7de2486 is-style-default-2\" data-v=\"2\" data-block-id=\"7de2486\"><div class=\"stk--no-padding stk-container stk-7de2486-container stk-hover-parent\"><div class=\"stk-container-padding stk-block-card__content\"><div class=\"stk-block-content stk-inner-blocks has-text-align-left stk-7de2486-inner-blocks\">\n<div class=\"wp-block-stackable-heading stk-block-heading stk-block-heading--v2 stk-block stk-64a41dd\" id=\"5-pva-bom-jardim-strong-divisa-pi-ba-strong\" data-block-id=\"64a41dd\"><style>.stk-64a41dd{margin-bottom:16px !important}.stk-64a41dd .stk-block-heading__text{font-family:\"Montserrat\",Sans-serif !important}<\/style><h3 class=\"stk-block-heading__text\">5 PVA BOM JARDIM\u00a0<strong>(divisa PI-BA)<\/strong><\/h3><\/div>\n\n\n\n<div class=\"wp-block-stackable-text stk-block-text stk-block stk-d7b9813\" data-block-id=\"d7b9813\"><style>.stk-d7b9813{margin-bottom:0px !important}.stk-d7b9813 .stk-block-text__text{font-family:\"Montserrat\",Sans-serif !important}<\/style><p class=\"stk-block-text__text\">E-mail:\u00a0<a href=\"mailto:bomjardim@adapi.pi.gov.br\">bomjardim@adapi.pi.gov.br<\/a><\/p><\/div>\n\n\n\n<div class=\"wp-block-stackable-text stk-block-text stk-block stk-5c6d71b\" data-block-id=\"5c6d71b\"><style>.stk-5c6d71b{margin-bottom:1px !important}.stk-5c6d71b .stk-block-text__text{font-family:\"Montserrat\",Sans-serif !important}<\/style><p class=\"stk-block-text__text\">Endere\u00e7o:\u00a0BR 324 \u2013 Dirceu Arcoverde -PI<\/p><\/div>\n\n\n\n<div class=\"wp-block-stackable-text stk-block-text stk-block stk-5f3859c\" data-block-id=\"5f3859c\"><style>.stk-5f3859c .stk-block-text__text{font-family:\"Montserrat\",Sans-serif !important}<\/style><p class=\"stk-block-text__text\">Geolocaliza\u00e7\u00e3o:\u00a0S 09\u00b020\u201944\u2019\u2019 \/ W 42\u00b025\u201938\u2019\u2019<\/p><\/div>\n<\/div><\/div><\/div><\/div>\n\n\n\n<div class=\"wp-block-stackable-card stk-block-card stk-block stk-843909c is-style-default-2\" data-v=\"2\" data-block-id=\"843909c\"><div class=\"stk--no-padding stk-container stk-843909c-container stk-hover-parent\"><div class=\"stk-container-padding stk-block-card__content\"><div class=\"stk-block-content stk-inner-blocks has-text-align-left stk-843909c-inner-blocks\">\n<div class=\"wp-block-stackable-heading stk-block-heading stk-block-heading--v2 stk-block stk-cf31f30\" id=\"7-pva-corinto-matos-strong-divisa-pi-pe-strong\" data-block-id=\"cf31f30\"><style>.stk-cf31f30{margin-bottom:16px !important}.stk-cf31f30 .stk-block-heading__text{font-family:\"Montserrat\",Sans-serif !important}<\/style><h3 class=\"stk-block-heading__text\">7 PVA CORINTO MATOS<strong>\u00a0(divisa PI-PE)<\/strong><\/h3><\/div>\n\n\n\n<div class=\"wp-block-stackable-text stk-block-text stk-block stk-8e4675c\" data-block-id=\"8e4675c\"><style>.stk-8e4675c{margin-bottom:0px !important}.stk-8e4675c .stk-block-text__text{font-family:\"Montserrat\",Sans-serif !important}<\/style><p class=\"stk-block-text__text\">E-mail:\u00a0<a href=\"mailto:corintomatos@adapi.pi.gov.br\">corintomatos@adapi.pi.gov.br<\/a><\/p><\/div>\n\n\n\n<div class=\"wp-block-stackable-text stk-block-text stk-block stk-16e9a17\" data-block-id=\"16e9a17\"><style>.stk-16e9a17{margin-bottom:1px !important}.stk-16e9a17 .stk-block-text__text{font-family:\"Montserrat\",Sans-serif !important}<\/style><p class=\"stk-block-text__text\">Endere\u00e7o: BR 316 \u2013 Marcol\u00e2ndia-PI<\/p><\/div>\n\n\n\n<div class=\"wp-block-stackable-text stk-block-text stk-block stk-4894cf1\" data-block-id=\"4894cf1\"><style>.stk-4894cf1 .stk-block-text__text{font-family:\"Montserrat\",Sans-serif !important}<\/style><p class=\"stk-block-text__text\">Geolocaliza\u00e7\u00e3o: S 07\u00b025\u201941\u2019\u2019 \/ W 40\u00b039\u201947\u2019\u2019<\/p><\/div>\n<\/div><\/div><\/div><\/div>\n\n\n\n<div class=\"wp-block-stackable-card stk-block-card stk-block stk-4c81cf4 is-style-default-2\" data-v=\"2\" data-block-id=\"4c81cf4\"><div class=\"stk--no-padding stk-container stk-4c81cf4-container stk-hover-parent\"><div class=\"stk-container-padding stk-block-card__content\"><div class=\"stk-block-content stk-inner-blocks has-text-align-left stk-4c81cf4-inner-blocks\">\n<div class=\"wp-block-stackable-heading stk-block-heading stk-block-heading--v2 stk-block stk-fed2047\" id=\"9-pva-fronteira-strong-divisa-pi-ce-strong\" data-block-id=\"fed2047\"><style>.stk-fed2047{margin-bottom:16px !important}.stk-fed2047 .stk-block-heading__text{font-family:\"Montserrat\",Sans-serif !important}<\/style><h3 class=\"stk-block-heading__text\">9 PVA FRONTEIRA<strong>\u00a0(divisa PI-CE)<\/strong><\/h3><\/div>\n\n\n\n<div class=\"wp-block-stackable-text stk-block-text stk-block stk-7330f1c\" data-block-id=\"7330f1c\"><style>.stk-7330f1c{margin-bottom:0px !important}.stk-7330f1c .stk-block-text__text{font-family:\"Montserrat\",Sans-serif !important}<\/style><p class=\"stk-block-text__text\">E-mail:\u00a0<a href=\"mailto:sjfronteira@adapi.pi.gov.br\">sjfronteira@adapi.pi.gov.br<\/a><\/p><\/div>\n\n\n\n<div class=\"wp-block-stackable-text stk-block-text stk-block stk-80d21d6\" data-block-id=\"80d21d6\"><style>.stk-80d21d6{margin-bottom:1px !important}.stk-80d21d6 .stk-block-text__text{font-family:\"Montserrat\",Sans-serif !important}<\/style><p class=\"stk-block-text__text\">Endere\u00e7o: BR 222 \u2013 S\u00e3o Jo\u00e3o da Fronteira-PI<\/p><\/div>\n\n\n\n<div class=\"wp-block-stackable-text stk-block-text stk-block stk-229f5a5\" data-block-id=\"229f5a5\"><style>.stk-229f5a5 .stk-block-text__text{font-family:\"Montserrat\",Sans-serif !important}<\/style><p class=\"stk-block-text__text\">Geolocaliza\u00e7\u00e3o: S 04\u00b016\u201931\u2019\u2019 \/ W 41\u00b046\u201950\u2019\u2019<\/p><\/div>\n<\/div><\/div><\/div><\/div>\n<\/div>\n\n\n\n<div class=\"wp-block-column is-layout-flow\">\n<div class=\"wp-block-stackable-card stk-block-card stk-block stk-774fcef is-style-default-2\" data-v=\"2\" data-block-id=\"774fcef\"><div class=\"stk--no-padding stk-container stk-774fcef-container stk-hover-parent\"><div class=\"stk-container-padding stk-block-card__content\"><div class=\"stk-block-content stk-inner-blocks has-text-align-left stk-774fcef-inner-blocks\">\n<div class=\"wp-block-stackable-heading stk-block-heading stk-block-heading--v2 stk-block stk-34193bf\" id=\"2-pva-pontoes-strong-divisa-pi-ma-strong\" data-block-id=\"34193bf\"><style>.stk-34193bf{margin-bottom:16px !important}.stk-34193bf .stk-block-heading__text{font-family:\"Montserrat\",Sans-serif !important}<\/style><h3 class=\"stk-block-heading__text\">2 PVA PONT\u00d5ES\u00a0<strong>(divisa PI-MA)<\/strong><\/h3><\/div>\n\n\n\n<div class=\"wp-block-stackable-text stk-block-text stk-block stk-2ad23f2\" data-block-id=\"2ad23f2\"><style>.stk-2ad23f2{margin-bottom:0px !important}.stk-2ad23f2 .stk-block-text__text{font-family:\"Montserrat\",Sans-serif !important}<\/style><p class=\"stk-block-text__text\">E-mail:\u00a0<a href=\"mailto:pontoes@adapi.pi.gov.br\">pontoes@adapi.pi.gov.br<\/a><\/p><\/div>\n\n\n\n<div class=\"wp-block-stackable-text stk-block-text stk-block stk-d4b9290\" data-block-id=\"d4b9290\"><style>.stk-d4b9290{margin-bottom:1px !important}.stk-d4b9290 .stk-block-text__text{font-family:\"Montserrat\",Sans-serif !important}<\/style><p class=\"stk-block-text__text\">Endere\u00e7o: BR 320 \u2013 Floriano -PI<\/p><\/div>\n\n\n\n<div class=\"wp-block-stackable-text stk-block-text stk-block stk-fb4ca74\" data-block-id=\"fb4ca74\"><style>.stk-fb4ca74 .stk-block-text__text{font-family:\"Montserrat\",Sans-serif !important}<\/style><p class=\"stk-block-text__text\">Geolocaliza\u00e7\u00e3o: S 06\u00b045\u201948\u2019\u2019 \/ W 43\u00b000\u201936\u2019\u2019<\/p><\/div>\n<\/div><\/div><\/div><\/div>\n\n\n\n<div class=\"wp-block-stackable-card stk-block-card stk-block stk-4b810a0 is-style-default-2\" data-v=\"2\" data-block-id=\"4b810a0\"><div class=\"stk--no-padding stk-container stk-4b810a0-container stk-hover-parent\"><div class=\"stk-container-padding stk-block-card__content\"><div class=\"stk-block-content stk-inner-blocks has-text-align-left stk-4b810a0-inner-blocks\">\n<div class=\"wp-block-stackable-heading stk-block-heading stk-block-heading--v2 stk-block stk-1cc2ca5\" id=\"4-pva-jacaranda-strong-divisa-pi-ce-strong\" data-block-id=\"1cc2ca5\"><style>.stk-1cc2ca5{margin-bottom:16px !important}.stk-1cc2ca5 .stk-block-heading__text{font-family:\"Montserrat\",Sans-serif !important}<\/style><h3 class=\"stk-block-heading__text\">4 PVA JACARAND\u00c1\u00a0<strong>(divisa PI-CE)<\/strong><\/h3><\/div>\n\n\n\n<div class=\"wp-block-stackable-text stk-block-text stk-block stk-875a09c\" data-block-id=\"875a09c\"><style>.stk-875a09c{margin-bottom:0px !important}.stk-875a09c .stk-block-text__text{font-family:\"Montserrat\",Sans-serif !important}<\/style><p class=\"stk-block-text__text\">E-mail:\u00a0<a href=\"mailto:jacaranda@adapi.pi.gov.br\">jacaranda@adapi.pi.gov.br<\/a><\/p><\/div>\n\n\n\n<div class=\"wp-block-stackable-text stk-block-text stk-block stk-2ebc56d\" data-block-id=\"2ebc56d\"><style>.stk-2ebc56d{margin-bottom:1px !important}.stk-2ebc56d .stk-block-text__text{font-family:\"Montserrat\",Sans-serif !important}<\/style><p class=\"stk-block-text__text\">Endere\u00e7o: \u00a0BR 402 \u2013 Cocal \u2013 PI<\/p><\/div>\n\n\n\n<div class=\"wp-block-stackable-text stk-block-text stk-block stk-bf593dc\" data-block-id=\"bf593dc\"><style>.stk-bf593dc .stk-block-text__text{font-family:\"Montserrat\",Sans-serif !important}<\/style><p class=\"stk-block-text__text\">Geolocaliza\u00e7\u00e3o: \u00a0S 03\u00b031.9\u201939\u2019\u2019 \/ W 41\u00b025\u201934\u2019\u2019<\/p><\/div>\n<\/div><\/div><\/div><\/div>\n\n\n\n<div class=\"wp-block-stackable-card stk-block-card stk-block stk-c0396a8 is-style-default-2\" data-v=\"2\" data-block-id=\"c0396a8\"><div class=\"stk--no-padding stk-container stk-c0396a8-container stk-hover-parent\"><div class=\"stk-container-padding stk-block-card__content\"><div class=\"stk-block-content stk-inner-blocks has-text-align-left stk-c0396a8-inner-blocks\">\n<div class=\"wp-block-stackable-heading stk-block-heading stk-block-heading--v2 stk-block stk-6a1a4cb\" id=\"6-pva-pipocas-strong-divisa-pi-pe-strong\" data-block-id=\"6a1a4cb\"><style>.stk-6a1a4cb{margin-bottom:16px !important}.stk-6a1a4cb .stk-block-heading__text{font-family:\"Montserrat\",Sans-serif !important}<\/style><h3 class=\"stk-block-heading__text\">6 PVA PIPOCAS\u00a0<strong>(divisa PI-PE)<\/strong><\/h3><\/div>\n\n\n\n<div class=\"wp-block-stackable-text stk-block-text stk-block stk-32799b5\" data-block-id=\"32799b5\"><style>.stk-32799b5{margin-bottom:0px !important}.stk-32799b5 .stk-block-text__text{font-family:\"Montserrat\",Sans-serif !important}<\/style><p class=\"stk-block-text__text\">E-mail:\u00a0<a href=\"mailto:pipocas@adapi.pi.gov.br\">pipocas@adapi.pi.gov.br<\/a><\/p><\/div>\n\n\n\n<div class=\"wp-block-stackable-text stk-block-text stk-block stk-7333902\" data-block-id=\"7333902\"><style>.stk-7333902{margin-bottom:1px !important}.stk-7333902 .stk-block-text__text{font-family:\"Montserrat\",Sans-serif !important}<\/style><p class=\"stk-block-text__text\">Endere\u00e7o: Endere\u00e7o: BR 407 \u2013 Acau\u00e3 &#8211; PI<\/p><\/div>\n\n\n\n<div class=\"wp-block-stackable-text stk-block-text stk-block stk-ed29884\" data-block-id=\"ed29884\"><style>.stk-ed29884 .stk-block-text__text{font-family:\"Montserrat\",Sans-serif !important}<\/style><p class=\"stk-block-text__text\">Geolocaliza\u00e7\u00e3o: S 08\u00b023\u201927\u2019\u2019 \/ W 41\u00b005\u201922\u2019\u2019<\/p><\/div>\n<\/div><\/div><\/div><\/div>\n\n\n\n<div class=\"wp-block-stackable-card stk-block-card stk-block stk-25e0383 is-style-default-2\" data-v=\"2\" data-block-id=\"25e0383\"><div class=\"stk--no-padding stk-container stk-25e0383-container stk-hover-parent\"><div class=\"stk-container-padding stk-block-card__content\"><div class=\"stk-block-content stk-inner-blocks has-text-align-left stk-25e0383-inner-blocks\">\n<div class=\"wp-block-stackable-heading stk-block-heading stk-block-heading--v2 stk-block stk-1a2dcf0\" id=\"8-pva-lagoa-seca-strong-divisa-pi-ce-strong\" data-block-id=\"1a2dcf0\"><style>.stk-1a2dcf0{margin-bottom:16px !important}.stk-1a2dcf0 .stk-block-heading__text{font-family:\"Montserrat\",Sans-serif !important}<\/style><h3 class=\"stk-block-heading__text\">8 PVA LAGOA SECA\u00a0<strong>(divisa PI-CE)<\/strong><\/h3><\/div>\n\n\n\n<div class=\"wp-block-stackable-text stk-block-text stk-block stk-437d138\" data-block-id=\"437d138\"><style>.stk-437d138{margin-bottom:0px !important}.stk-437d138 .stk-block-text__text{font-family:\"Montserrat\",Sans-serif !important}<\/style><p class=\"stk-block-text__text\">E-mail:\u00a0<a href=\"mailto:lagoaseca@adapi.pi.gov.br\">lagoaseca@adapi.pi.gov.br<\/a><\/p><\/div>\n\n\n\n<div class=\"wp-block-stackable-text stk-block-text stk-block stk-5237432\" data-block-id=\"5237432\"><style>.stk-5237432{margin-bottom:1px !important}.stk-5237432 .stk-block-text__text{font-family:\"Montserrat\",Sans-serif !important}<\/style><p class=\"stk-block-text__text\">Endere\u00e7o: BR 230 \u2013 Fronteiras-PI<\/p><\/div>\n\n\n\n<div class=\"wp-block-stackable-text stk-block-text stk-block stk-4ce77ea\" data-block-id=\"4ce77ea\"><style>.stk-4ce77ea .stk-block-text__text{font-family:\"Montserrat\",Sans-serif !important}<\/style><p class=\"stk-block-text__text\">Geolocaliza\u00e7\u00e3o: S 07\u00b004\u201942\u2019\u2019 \/ W 40\u00b027\u201902\u2019\u2019<\/p><\/div>\n<\/div><\/div><\/div><\/div>\n\n\n\n<div class=\"wp-block-stackable-card stk-block-card stk-block stk-1f1e0b2 is-style-default-2\" data-v=\"2\" data-block-id=\"1f1e0b2\"><div class=\"stk--no-padding stk-container stk-1f1e0b2-container stk-hover-parent\"><div class=\"stk-container-padding stk-block-card__content\"><div class=\"stk-block-content stk-inner-blocks has-text-align-left stk-1f1e0b2-inner-blocks\">\n<div class=\"wp-block-stackable-heading stk-block-heading stk-block-heading--v2 stk-block stk-e171ff1\" id=\"10-pva-jorrante-strong-divisa-pi-ma-strong\" data-block-id=\"e171ff1\"><style>.stk-e171ff1{margin-bottom:16px !important}.stk-e171ff1 .stk-block-heading__text{font-family:\"Montserrat\",Sans-serif !important}<\/style><h3 class=\"stk-block-heading__text\">10 PVA JORRANTE\u00a0<strong>(divisa PI-MA)<\/strong><\/h3><\/div>\n\n\n\n<div class=\"wp-block-stackable-text stk-block-text stk-block stk-22e2625\" data-block-id=\"22e2625\"><style>.stk-22e2625{margin-bottom:0px !important}.stk-22e2625 .stk-block-text__text{font-family:\"Montserrat\",Sans-serif !important}<\/style><p class=\"stk-block-text__text\">E-mail: <a href=\"mailto:pvajorrante@adapi.pi.gov.br\">pvajorrante@adapi.pi.gov.br<\/a><\/p><\/div>\n\n\n\n<div class=\"wp-block-stackable-text stk-block-text stk-block stk-e76a320\" data-block-id=\"e76a320\"><style>.stk-e76a320{margin-bottom:1px !important}.stk-e76a320 .stk-block-text__text{font-family:\"Montserrat\",Sans-serif !important}<\/style><p class=\"stk-block-text__text\">Endere\u00e7o: PI 247 \u2013 Uru\u00e7u\u00ed &#8211; PI<\/p><\/div>\n\n\n\n<div class=\"wp-block-stackable-text stk-block-text stk-block stk-a586c80\" data-block-id=\"a586c80\"><style>.stk-a586c80 .stk-block-text__text{font-family:\"Montserrat\",Sans-serif !important}<\/style><p class=\"stk-block-text__text\">Geolocaliza\u00e7\u00e3o: S 07\u00b013\u201940\u2019\u2019 \/ W 44\u00b033\u201919\u2019\u2019<\/p><\/div>\n<\/div><\/div><\/div><\/div>\n<\/div>\n<\/div>\n","protected":false},"excerpt":{"rendered":"<p>Lista de Postos de Vigil\u00e2ncia Agropecu\u00e1ria &#8211; PVAs 1 PVA TABULETA\u00a0(divisa PI-MA) E-mail:\u00a0tabuleta@adapi.pi.gov.br Endere\u00e7o: BR 316 \u2013 Teresina -PI Geolocaliza\u00e7\u00e3o: S 05\u00b007\u201940\u2019\u2019 \/ W 42\u00b048\u201915\u2019\u2019 3 PVA BOA ESPERAN\u00c7A\u00a0(divisa PI-BA) [&hellip;]<\/p>\n","protected":false},"author":1832,"featured_media":0,"parent":0,"menu_order":0,"comment_status":"closed","ping_status":"closed","template":"template-fullwidth.php","meta":[],"featured_image_urls":{"full":"","thumbnail":"","medium":"","medium_large":"","large":"","sgg-420":"","sgg-540":"","sgg-780":"","1536x1536":"","2048x2048":"","homepage-slider":"","homepage-slider-small":"","page-top":"","page-small":"","loop-main":"","thumb-gallery-widget":""},"post_excerpt_stackable":"<p>Lista de Postos de Vigil\u00e2ncia Agropecu\u00e1ria &#8211; PVAs 1 PVA TABULETA\u00a0(divisa PI-MA) E-mail:\u00a0tabuleta@adapi.pi.gov.br Endere\u00e7o: BR 316 \u2013 Teresina -PI Geolocaliza\u00e7\u00e3o: S 05\u00b007\u201940\u2019\u2019 \/ W 42\u00b048\u201915\u2019\u2019 3 PVA BOA ESPERAN\u00c7A\u00a0(divisa PI-BA) E-mail:\u00a0boaesperanca@adapi.pi.gov.br Endere\u00e7o: BR 135 \u2013 Cristal\u00e2ndia &#8211; PI Geolocaliza\u00e7\u00e3o: S 05\u00b007\u201940\u2019\u2019 \/ W 42\u00b048\u201915\u2019\u2019 5 PVA BOM JARDIM\u00a0(divisa PI-BA) E-mail:\u00a0bomjardim@adapi.pi.gov.br Endere\u00e7o:\u00a0BR 324 \u2013 Dirceu Arcoverde -PI Geolocaliza\u00e7\u00e3o:\u00a0S 09\u00b020\u201944\u2019\u2019 \/ W 42\u00b025\u201938\u2019\u2019 7 PVA CORINTO MATOS\u00a0(divisa PI-PE) E-mail:\u00a0corintomatos@adapi.pi.gov.br Endere\u00e7o: BR 316 \u2013 Marcol\u00e2ndia-PI Geolocaliza\u00e7\u00e3o: S 07\u00b025\u201941\u2019\u2019 \/ W 40\u00b039\u201947\u2019\u2019 9 PVA FRONTEIRA\u00a0(divisa PI-CE) E-mail:\u00a0sjfronteira@adapi.pi.gov.br Endere\u00e7o: BR 222 \u2013 S\u00e3o Jo\u00e3o da Fronteira-PI Geolocaliza\u00e7\u00e3o: S 04\u00b016\u201931\u2019\u2019 \/ W 41\u00b046\u201950\u2019\u2019 2 PVA PONT\u00d5ES\u00a0(divisa&hellip;<\/p>\n","category_list":"","author_info":{"name":"ETIPI","url":"https:\/\/portal.pi.gov.br\/adapi\/author\/pallomagualter\/"},"comments_num":"0 coment\u00e1rio","featured_image_urls_v2":{"full":"","thumbnail":"","medium":"","medium_large":"","large":"","sgg-420":"","sgg-540":"","sgg-780":"","1536x1536":"","2048x2048":"","homepage-slider":"","homepage-slider-small":"","page-top":"","page-small":"","loop-main":"","thumb-gallery-widget":""},"post_excerpt_stackable_v2":"<p>Lista de Postos de Vigil\u00e2ncia Agropecu\u00e1ria &#8211; PVAs 1 PVA TABULETA\u00a0(divisa PI-MA) E-mail:\u00a0tabuleta@adapi.pi.gov.br Endere\u00e7o: BR 316 \u2013 Teresina -PI Geolocaliza\u00e7\u00e3o: S 05\u00b007\u201940\u2019\u2019 \/ W 42\u00b048\u201915\u2019\u2019 3 PVA BOA ESPERAN\u00c7A\u00a0(divisa PI-BA) E-mail:\u00a0boaesperanca@adapi.pi.gov.br Endere\u00e7o: BR 135 \u2013 Cristal\u00e2ndia &#8211; PI Geolocaliza\u00e7\u00e3o: S 05\u00b007\u201940\u2019\u2019 \/ W 42\u00b048\u201915\u2019\u2019 5 PVA BOM JARDIM\u00a0(divisa PI-BA) E-mail:\u00a0bomjardim@adapi.pi.gov.br Endere\u00e7o:\u00a0BR 324 \u2013 Dirceu Arcoverde -PI Geolocaliza\u00e7\u00e3o:\u00a0S 09\u00b020\u201944\u2019\u2019 \/ W 42\u00b025\u201938\u2019\u2019 7 PVA CORINTO MATOS\u00a0(divisa PI-PE) E-mail:\u00a0corintomatos@adapi.pi.gov.br Endere\u00e7o: BR 316 \u2013 Marcol\u00e2ndia-PI Geolocaliza\u00e7\u00e3o: S 07\u00b025\u201941\u2019\u2019 \/ W 40\u00b039\u201947\u2019\u2019 9 PVA FRONTEIRA\u00a0(divisa PI-CE) E-mail:\u00a0sjfronteira@adapi.pi.gov.br Endere\u00e7o: BR 222 \u2013 S\u00e3o Jo\u00e3o da Fronteira-PI Geolocaliza\u00e7\u00e3o: S 04\u00b016\u201931\u2019\u2019 \/ W 41\u00b046\u201950\u2019\u2019 2 PVA PONT\u00d5ES\u00a0(divisa&hellip;<\/p>\n","category_list_v2":"","author_info_v2":{"name":"ETIPI","url":"https:\/\/portal.pi.gov.br\/adapi\/author\/pallomagualter\/"},"comments_num_v2":"0 coment\u00e1rio","_links":{"self":[{"href":"https:\/\/portal.pi.gov.br\/adapi\/wp-json\/wp\/v2\/pages\/5269"}],"collection":[{"href":"https:\/\/portal.pi.gov.br\/adapi\/wp-json\/wp\/v2\/pages"}],"about":[{"href":"https:\/\/portal.pi.gov.br\/adapi\/wp-json\/wp\/v2\/types\/page"}],"author":[{"embeddable":true,"href":"https:\/\/portal.pi.gov.br\/adapi\/wp-json\/wp\/v2\/users\/1832"}],"replies":[{"embeddable":true,"href":"https:\/\/portal.pi.gov.br\/adapi\/wp-json\/wp\/v2\/comments?post=5269"}],"version-history":[{"count":8,"href":"https:\/\/portal.pi.gov.br\/adapi\/wp-json\/wp\/v2\/pages\/5269\/revisions"}],"predecessor-version":[{"id":5281,"href":"https:\/\/portal.pi.gov.br\/adapi\/wp-json\/wp\/v2\/pages\/5269\/revisions\/5281"}],"wp:attachment":[{"href":"https:\/\/portal.pi.gov.br\/adapi\/wp-json\/wp\/v2\/media?parent=5269"}],"curies":[{"name":"wp","href":"https:\/\/api.w.org\/{rel}","templated":true}]}}