{"id":1235,"date":"2023-11-08T11:56:40","date_gmt":"2023-11-08T14:56:40","guid":{"rendered":"https:\/\/portal.pi.gov.br\/adh\/?page_id=1235"},"modified":"2025-06-18T10:49:39","modified_gmt":"2025-06-18T13:49:39","slug":"requisitos-basicos","status":"publish","type":"page","link":"https:\/\/portal.pi.gov.br\/adh\/requisitos-basicos\/","title":{"rendered":"Requisitos b\u00e1sicos"},"content":{"rendered":"\n<ul>\n<li>Renda familiar bruta mensal de at\u00e9 R$ 8 mil.;<\/li>\n\n\n\n<li>Residir no estado de Piau\u00ed;<\/li>\n\n\n\n<li>N\u00e3o ser atualmente propriet\u00e1rio, promitentes compradores, possuidores a qualquer t\u00edtulo ou concession\u00e1rios de outro im\u00f3vel;<\/li>\n\n\n\n<li>N\u00e3o ter sido beneficiado por programa habitacional definitivo de interesse social no territ\u00f3rio nacional;<\/li>\n<\/ul>\n","protected":false},"excerpt":{"rendered":"","protected":false},"author":1,"featured_media":0,"parent":0,"menu_order":0,"comment_status":"closed","ping_status":"closed","template":"template-fullwidth.php","meta":[],"featured_image_urls":{"full":"","thumbnail":"","medium":"","medium_large":"","large":"","sgg-420":"","sgg-540":"","sgg-780":"","1536x1536":"","2048x2048":"","homepage-slider":"","homepage-slider-small":"","page-top":"","page-small":"","loop-main":"","thumb-gallery-widget":""},"post_excerpt_stackable":"<p>Renda familiar bruta mensal de at\u00e9 R$ 8 mil.; Residir no estado de Piau\u00ed; N\u00e3o ser atualmente propriet\u00e1rio, promitentes compradores, possuidores a qualquer t\u00edtulo ou concession\u00e1rios de outro im\u00f3vel; N\u00e3o ter sido beneficiado por programa habitacional definitivo de interesse social no territ\u00f3rio nacional;<\/p>\n","category_list":"","author_info":{"name":"admin","url":"https:\/\/portal.pi.gov.br\/adh\/author\/admin\/"},"comments_num":"0 coment\u00e1rio","featured_image_urls_v2":{"full":"","thumbnail":"","medium":"","medium_large":"","large":"","sgg-420":"","sgg-540":"","sgg-780":"","1536x1536":"","2048x2048":"","homepage-slider":"","homepage-slider-small":"","page-top":"","page-small":"","loop-main":"","thumb-gallery-widget":""},"post_excerpt_stackable_v2":"<p>Renda familiar bruta mensal de at\u00e9 R$ 8 mil.; Residir no estado de Piau\u00ed; N\u00e3o ser atualmente propriet\u00e1rio, promitentes compradores, possuidores a qualquer t\u00edtulo ou concession\u00e1rios de outro im\u00f3vel; N\u00e3o ter sido beneficiado por programa habitacional definitivo de interesse social no territ\u00f3rio nacional;<\/p>\n","category_list_v2":"","author_info_v2":{"name":"admin","url":"https:\/\/portal.pi.gov.br\/adh\/author\/admin\/"},"comments_num_v2":"0 coment\u00e1rio","_links":{"self":[{"href":"https:\/\/portal.pi.gov.br\/adh\/wp-json\/wp\/v2\/pages\/1235"}],"collection":[{"href":"https:\/\/portal.pi.gov.br\/adh\/wp-json\/wp\/v2\/pages"}],"about":[{"href":"https:\/\/portal.pi.gov.br\/adh\/wp-json\/wp\/v2\/types\/page"}],"author":[{"embeddable":true,"href":"https:\/\/portal.pi.gov.br\/adh\/wp-json\/wp\/v2\/users\/1"}],"replies":[{"embeddable":true,"href":"https:\/\/portal.pi.gov.br\/adh\/wp-json\/wp\/v2\/comments?post=1235"}],"version-history":[{"count":6,"href":"https:\/\/portal.pi.gov.br\/adh\/wp-json\/wp\/v2\/pages\/1235\/revisions"}],"predecessor-version":[{"id":2281,"href":"https:\/\/portal.pi.gov.br\/adh\/wp-json\/wp\/v2\/pages\/1235\/revisions\/2281"}],"wp:attachment":[{"href":"https:\/\/portal.pi.gov.br\/adh\/wp-json\/wp\/v2\/media?parent=1235"}],"curies":[{"name":"wp","href":"https:\/\/api.w.org\/{rel}","templated":true}]}}