{"id":2285,"date":"2024-12-18T10:24:50","date_gmt":"2024-12-18T13:24:50","guid":{"rendered":"https:\/\/portal.pi.gov.br\/agrespi\/?page_id=2285"},"modified":"2025-03-28T14:42:40","modified_gmt":"2025-03-28T17:42:40","slug":"canais-de-atendimento","status":"publish","type":"page","link":"https:\/\/portal.pi.gov.br\/agrespi\/canais-de-atendimento\/","title":{"rendered":"\ud83d\udc68\u200d\ud83d\udcbb  Canais de Atendimento"},"content":{"rendered":"\n<figure class=\"wp-block-image size-large is-resized\"><img decoding=\"async\" loading=\"lazy\" src=\"https:\/\/portal.pi.gov.br\/agrespi\/wp-content\/uploads\/sites\/66\/2025\/03\/Design-sem-nome-1-1024x579.png\" alt=\"\" class=\"wp-image-2395\" width=\"420\" height=\"237\" srcset=\"https:\/\/portal.pi.gov.br\/agrespi\/wp-content\/uploads\/sites\/66\/2025\/03\/Design-sem-nome-1-1024x579.png 1024w, https:\/\/portal.pi.gov.br\/agrespi\/wp-content\/uploads\/sites\/66\/2025\/03\/Design-sem-nome-1-300x170.png 300w, https:\/\/portal.pi.gov.br\/agrespi\/wp-content\/uploads\/sites\/66\/2025\/03\/Design-sem-nome-1-768x434.png 768w, https:\/\/portal.pi.gov.br\/agrespi\/wp-content\/uploads\/sites\/66\/2025\/03\/Design-sem-nome-1-420x237.png 420w, https:\/\/portal.pi.gov.br\/agrespi\/wp-content\/uploads\/sites\/66\/2025\/03\/Design-sem-nome-1-540x305.png 540w, https:\/\/portal.pi.gov.br\/agrespi\/wp-content\/uploads\/sites\/66\/2025\/03\/Design-sem-nome-1-780x441.png 780w, https:\/\/portal.pi.gov.br\/agrespi\/wp-content\/uploads\/sites\/66\/2025\/03\/Design-sem-nome-1-947x535.png 947w, https:\/\/portal.pi.gov.br\/agrespi\/wp-content\/uploads\/sites\/66\/2025\/03\/Design-sem-nome-1-624x353.png 624w, https:\/\/portal.pi.gov.br\/agrespi\/wp-content\/uploads\/sites\/66\/2025\/03\/Design-sem-nome-1.png 1472w\" sizes=\"(max-width: 420px) 100vw, 420px\" \/><\/figure>\n\n\n\n<p><strong>ATEN\u00c7\u00c3O,&nbsp;ANTES DE ENCAMINHAR SUA DEMANDA PARA OUVIDORIA DA AGRESPI, PRIMEIRO VOC\u00ca DEVE ENTRAR EM CONTATO COM A CONCESSION\u00c1RIA OU \u00d3RG\u00c3O RESPONS\u00c1VEL PELA PRESTA\u00c7\u00c3O DO SERVI\u00c7O:<\/strong><\/p>\n\n\n\n<p><\/p>\n\n\n\n<p>\ud83d\udeb0\u00a0<strong>PARA SABER SOBRE \u00c1GUAS E ESGOTOS:<\/strong><\/p>\n\n\n\n<p><strong>NA ZONA RURAL DE TERESINA E RESTANTE DO PIAU\u00cd:<\/strong><\/p>\n\n\n\n<p>&nbsp;Acesse o site:&nbsp;<a href=\"http:\/\/www.agespisa.com.br\/\">www.agespisa.com.br<\/a><\/p>\n\n\n\n<p>Para falar com a Ouvidoria da AGESPISA, acesse o site:&nbsp;<a href=\"http:\/\/www.agespisa.com.br\/site\/pages\/public\/formularioOuvidoria.jsf\">http:\/\/www.agespisa.com.br\/site\/pages\/public\/formularioOuvidoria.jsf<\/a><\/p>\n\n\n\n<p>\ud83d\udcde Ligue e tire suas d\u00favidas: 0800 086 8888 (liga\u00e7\u00e3o gratuita).<\/p>\n\n\n\n<p><\/p>\n\n\n\n<p> \ud83d\udccd  <strong>NA ZONA URBANA TERESINA: \u00c1GUAS DE TERESINA SPE S\/A (Regulada e fiscalizada pela ARSETE)<\/strong><\/p>\n\n\n\n<p>Acesse o site:&nbsp;<a href=\"http:\/\/www.aguasdeteresina.com.br\/\">http:\/\/www.aguasdeteresina.com.br\/<\/a><\/p>\n\n\n\n<p>Para falar com a Ouvidoria da \u00c1GUAS DE TERESINA, acesse o site:&nbsp;<a href=\"http:\/\/www.aguasdeteresina.com.br\/ouvidoria\/\">http:\/\/www.aguasdeteresina.com.br\/ouvidoria\/<\/a><\/p>\n\n\n\n<p>Atendimento via WhatsApp: (86) 98124-3199. (Atendimento de segunda aos s\u00e1bados, de 7 \u00e0s 18 horas).<\/p>\n\n\n\n<p>Para falar com a Ouvidoria da ARSETE:&nbsp;<a href=\"http:\/\/arsete.teresina.pi.gov.br\/ocorrencia\">http:\/\/arsete.teresina.pi.gov.br\/ocorrencia<\/a><\/p>\n\n\n\n<p><\/p>\n\n\n\n<p>\ud83d\udca1\u00a0<strong>PARA SABER SOBRE ENERGIA EL\u00c9TRICA:<\/strong><\/p>\n\n\n\n<p>Acesse o site:<a href=\"http:\/\/pi.equatorialenergia.com.br\/\">&nbsp;https:\/\/pi.equatorialenergia.com.br\/<\/a><\/p>\n\n\n\n<p>Ligue e tire suas d\u00favidas: 0800 086 8000 (atendimento 24 horas, todos os dias, liga\u00e7\u00e3o gratuita)<\/p>\n\n\n\n<p>Central de Ouvidoria Equatorial Piau\u00ed:&nbsp;0800 721 0164.<br>Dispon\u00edvel para todo o Estado do Piau\u00ed, das 8h \u00e0s 18h, de segunda a sexta-feira, exceto feriados (liga\u00e7\u00e3o gratuita).<\/p>\n\n\n\n<p><\/p>\n\n\n\n<p>\ud83d\ude8c<strong>\u00a0PARA SABER SOBRE TRANSPORTE TERRESTRE DE PASSAGEIROS:<\/strong><\/p>\n\n\n\n<p><strong>NOS TERMINAIS RODOVI\u00c1RIOS TERESINA, PICOS E FLORIANO<\/strong>:<\/p>\n\n\n\n<p>Para falar com a SINART, empresa respons\u00e1vel pela gest\u00e3o, clique aqui:&nbsp;<a href=\"http:\/\/www.sinart.com.br\/\">www.sinart.com.br<\/a><\/p>\n\n\n\n<p>Informa\u00e7\u00f5es sobre o Terminal Rodovi\u00e1rio de Teresina<\/p>\n\n\n\n<p>Ligue e tire suas d\u00favidas: (86) 3218-6146<\/p>\n\n\n\n<p>\ud83d\udcf2 Acesse as Redes Sociais: INSTAGRAM:&nbsp;<a href=\"https:\/\/www.instagram.com\/sinartpi\/\">https:\/\/www.instagram.com\/sinartpi\/<\/a><\/p>\n\n\n\n<p>&nbsp;&nbsp;&nbsp;&nbsp;&nbsp;&nbsp;&nbsp;&nbsp;&nbsp;&nbsp;&nbsp;&nbsp;&nbsp;&nbsp;&nbsp;&nbsp;&nbsp;&nbsp;&nbsp;&nbsp;&nbsp;&nbsp;&nbsp;&nbsp;&nbsp;&nbsp;&nbsp;&nbsp;&nbsp;&nbsp;&nbsp;&nbsp;&nbsp;&nbsp;&nbsp;&nbsp;&nbsp;&nbsp;&nbsp;&nbsp;&nbsp;&nbsp; FACEBOOK:&nbsp;<a href=\"https:\/\/www.facebook.com\/sinartpi.com.br\/\">https:\/\/www.facebook.com\/sinartpi.com.br\/<\/a><\/p>\n\n\n\n<p>Informa\u00e7\u00f5es sobre o Terminal Rodovi\u00e1rio de Floriano, ligue para: (89) 3521-2887<\/p>\n\n\n\n<p>Informa\u00e7\u00f5es sobre o Terminal Rodovi\u00e1rio de Picos, ligue para: (89) 3422-9833<\/p>\n\n\n\n<p><\/p>\n\n\n\n<p><\/p>\n","protected":false},"excerpt":{"rendered":"<p>ATEN\u00c7\u00c3O,&nbsp;ANTES DE ENCAMINHAR SUA DEMANDA PARA OUVIDORIA DA AGRESPI, PRIMEIRO VOC\u00ca DEVE ENTRAR EM CONTATO COM A CONCESSION\u00c1RIA OU \u00d3RG\u00c3O RESPONS\u00c1VEL PELA PRESTA\u00c7\u00c3O DO SERVI\u00c7O: \ud83d\udeb0\u00a0PARA SABER SOBRE \u00c1GUAS E [&hellip;]<\/p>\n","protected":false},"author":28,"featured_media":0,"parent":0,"menu_order":0,"comment_status":"closed","ping_status":"closed","template":"template-fullwidth.php","meta":[],"featured_image_urls":{"full":"","thumbnail":"","medium":"","medium_large":"","large":"","sgg-420":"","sgg-540":"","sgg-780":"","1536x1536":"","2048x2048":"","homepage-slider":"","homepage-slider-small":"","page-top":"","page-small":"","loop-main":"","thumb-gallery-widget":""},"post_excerpt_stackable":"<p>ATEN\u00c7\u00c3O,&nbsp;ANTES DE ENCAMINHAR SUA DEMANDA PARA OUVIDORIA DA AGRESPI, PRIMEIRO VOC\u00ca DEVE ENTRAR EM CONTATO COM A CONCESSION\u00c1RIA OU \u00d3RG\u00c3O RESPONS\u00c1VEL PELA PRESTA\u00c7\u00c3O DO SERVI\u00c7O: \ud83d\udeb0\u00a0PARA SABER SOBRE \u00c1GUAS E ESGOTOS: NA ZONA RURAL DE TERESINA E RESTANTE DO PIAU\u00cd: &nbsp;Acesse o site:&nbsp;www.agespisa.com.br Para falar com a Ouvidoria da AGESPISA, acesse o site:&nbsp;http:\/\/www.agespisa.com.br\/site\/pages\/public\/formularioOuvidoria.jsf \ud83d\udcde Ligue e tire suas d\u00favidas: 0800 086 8888 (liga\u00e7\u00e3o gratuita). \ud83d\udccd NA ZONA URBANA TERESINA: \u00c1GUAS DE TERESINA SPE S\/A (Regulada e fiscalizada pela ARSETE) Acesse o site:&nbsp;http:\/\/www.aguasdeteresina.com.br\/ Para falar com a Ouvidoria da \u00c1GUAS DE TERESINA, acesse o site:&nbsp;http:\/\/www.aguasdeteresina.com.br\/ouvidoria\/ Atendimento via WhatsApp: (86) 98124-3199. (Atendimento&hellip;<\/p>\n","category_list":"","author_info":{"name":"tassodenis","url":"https:\/\/portal.pi.gov.br\/agrespi\/author\/tassodenis\/"},"comments_num":"0 coment\u00e1rio","featured_image_urls_v2":{"full":"","thumbnail":"","medium":"","medium_large":"","large":"","sgg-420":"","sgg-540":"","sgg-780":"","1536x1536":"","2048x2048":"","homepage-slider":"","homepage-slider-small":"","page-top":"","page-small":"","loop-main":"","thumb-gallery-widget":""},"post_excerpt_stackable_v2":"<p>ATEN\u00c7\u00c3O,&nbsp;ANTES DE ENCAMINHAR SUA DEMANDA PARA OUVIDORIA DA AGRESPI, PRIMEIRO VOC\u00ca DEVE ENTRAR EM CONTATO COM A CONCESSION\u00c1RIA OU \u00d3RG\u00c3O RESPONS\u00c1VEL PELA PRESTA\u00c7\u00c3O DO SERVI\u00c7O: \ud83d\udeb0\u00a0PARA SABER SOBRE \u00c1GUAS E ESGOTOS: NA ZONA RURAL DE TERESINA E RESTANTE DO PIAU\u00cd: &nbsp;Acesse o site:&nbsp;www.agespisa.com.br Para falar com a Ouvidoria da AGESPISA, acesse o site:&nbsp;http:\/\/www.agespisa.com.br\/site\/pages\/public\/formularioOuvidoria.jsf \ud83d\udcde Ligue e tire suas d\u00favidas: 0800 086 8888 (liga\u00e7\u00e3o gratuita). \ud83d\udccd NA ZONA URBANA TERESINA: \u00c1GUAS DE TERESINA SPE S\/A (Regulada e fiscalizada pela ARSETE) Acesse o site:&nbsp;http:\/\/www.aguasdeteresina.com.br\/ Para falar com a Ouvidoria da \u00c1GUAS DE TERESINA, acesse o site:&nbsp;http:\/\/www.aguasdeteresina.com.br\/ouvidoria\/ Atendimento via WhatsApp: (86) 98124-3199. (Atendimento&hellip;<\/p>\n","category_list_v2":"","author_info_v2":{"name":"tassodenis","url":"https:\/\/portal.pi.gov.br\/agrespi\/author\/tassodenis\/"},"comments_num_v2":"0 coment\u00e1rio","_links":{"self":[{"href":"https:\/\/portal.pi.gov.br\/agrespi\/wp-json\/wp\/v2\/pages\/2285"}],"collection":[{"href":"https:\/\/portal.pi.gov.br\/agrespi\/wp-json\/wp\/v2\/pages"}],"about":[{"href":"https:\/\/portal.pi.gov.br\/agrespi\/wp-json\/wp\/v2\/types\/page"}],"author":[{"embeddable":true,"href":"https:\/\/portal.pi.gov.br\/agrespi\/wp-json\/wp\/v2\/users\/28"}],"replies":[{"embeddable":true,"href":"https:\/\/portal.pi.gov.br\/agrespi\/wp-json\/wp\/v2\/comments?post=2285"}],"version-history":[{"count":3,"href":"https:\/\/portal.pi.gov.br\/agrespi\/wp-json\/wp\/v2\/pages\/2285\/revisions"}],"predecessor-version":[{"id":2399,"href":"https:\/\/portal.pi.gov.br\/agrespi\/wp-json\/wp\/v2\/pages\/2285\/revisions\/2399"}],"wp:attachment":[{"href":"https:\/\/portal.pi.gov.br\/agrespi\/wp-json\/wp\/v2\/media?parent=2285"}],"curies":[{"name":"wp","href":"https:\/\/api.w.org\/{rel}","templated":true}]}}