{"id":4004,"date":"2026-04-22T13:10:45","date_gmt":"2026-04-22T16:10:45","guid":{"rendered":"https:\/\/portal.pi.gov.br\/agrespi\/?page_id=4004"},"modified":"2026-04-28T09:00:45","modified_gmt":"2026-04-28T12:00:45","slug":"analise-de-impacto-regulatorio-air","status":"publish","type":"page","link":"https:\/\/portal.pi.gov.br\/agrespi\/analise-de-impacto-regulatorio-air\/","title":{"rendered":"An\u00e1lise de Impacto Regulat\u00f3rio &#8211; AIR"},"content":{"rendered":"\n<details class=\"wp-block-stackable-accordion stk-block-accordion stk-inner-blocks stk-block-content stk-block stk-a67255a is-style-plain\" data-block-id=\"a67255a\"><style>.stk-a67255a{max-width:100% !important;padding-top:0px !important;padding-right:0px !important;padding-bottom:0px !important;padding-left:0px !important;margin-top:0px !important;margin-right:0px !important;margin-bottom:0px !important;margin-left:0px !important}<\/style>\n<summary class=\"wp-block-stackable-column stk-block-column stk-column stk-block stk-60d5e35 stk-block-background stk--container-small stk-block-accordion__heading\" data-v=\"4\" data-block-id=\"60d5e35\"><style>.stk-60d5e35-inner-blocks{justify-content:center !important}.stk-60d5e35{background-color:#034ea2 !important;border-radius:8px !important;overflow:hidden !important}.stk-60d5e35:before{background-color:#034ea2 !important}.stk-60d5e35-container{max-width:100% !important;padding-top:0px !important;padding-right:0px !important;padding-bottom:0px !important;padding-left:0px !important}<\/style><div class=\"stk-column-wrapper stk-block-column__content stk-container stk-60d5e35-container stk--no-background stk--no-padding\"><div class=\"stk--column-flex stk-block-content stk-inner-blocks stk-60d5e35-inner-blocks\">\n<div class=\"wp-block-stackable-icon-label stk-block-icon-label stk-block stk-5ceb5e5\" data-block-id=\"5ceb5e5\"><div class=\"stk-row stk-inner-blocks stk-block-content\">\n<div class=\"wp-block-stackable-heading stk-block-heading stk-block-heading--v2 stk-block stk-5fe4703\" id=\"2026\" data-block-id=\"5fe4703\"><style>.stk-5fe4703 .stk-block-heading__text{color:#ffffff !important;line-height:1rem !important;font-weight:700 !important;font-family:\"Montserrat\",Sans-serif !important}<\/style><h2 class=\"stk-block-heading__text has-text-color has-white-color\">2026<\/h2><\/div>\n\n\n\n<div class=\"wp-block-stackable-icon stk-block-icon stk-block stk-c3614c2\" data-block-id=\"c3614c2\"><style>.stk-c3614c2 .stk--svg-wrapper .stk--inner-svg svg:last-child,.stk-c3614c2 .stk--svg-wrapper .stk--inner-svg svg:last-child :is(g,path,rect,polygon,ellipse){fill:#ffffff !important}<\/style><span class=\"stk--svg-wrapper\"><div class=\"stk--inner-svg\"><svg style=\"height:0;width:0\"><defs><linearGradient id=\"linear-gradient-c3614c2\" x1=\"0\" x2=\"100%\" y1=\"0\" y2=\"0\"><stop offset=\"0%\" style=\"stop-opacity:1;stop-color:var(--linear-gradient-c-3614-c-2-color-1)\"><\/stop><stop offset=\"100%\" style=\"stop-opacity:1;stop-color:var(--linear-gradient-c-3614-c-2-color-2)\"><\/stop><\/linearGradient><\/defs><\/svg><svg data-prefix=\"fas\" data-icon=\"chevron-down\" class=\"svg-inline--fa fa-chevron-down fa-w-14\" xmlns=\"http:\/\/www.w3.org\/2000\/svg\" viewBox=\"0 0 448 512\" aria-hidden=\"true\" width=\"32\" height=\"32\"><path fill=\"currentColor\" d=\"M207.029 381.476L12.686 187.132c-9.373-9.373-9.373-24.569 0-33.941l22.667-22.667c9.357-9.357 24.522-9.375 33.901-.04L224 284.505l154.745-154.021c9.379-9.335 24.544-9.317 33.901.04l22.667 22.667c9.373 9.373 9.373 24.569 0 33.941L240.971 381.476c-9.373 9.372-24.569 9.372-33.942 0z\"><\/path><\/svg><\/div><\/span><\/div>\n<\/div><\/div>\n<\/div><\/div><\/summary>\n\n\n\n<div class=\"wp-block-stackable-column stk-block-column stk-column stk-block stk-d59cc79 stk-block-accordion__content\" data-v=\"4\" data-block-id=\"d59cc79\"><style>.stk-d59cc79{align-self:center !important;padding-top:0px !important;padding-right:0px !important;padding-bottom:0px !important;padding-left:0px !important;margin-top:0px !important;margin-right:0px !important;margin-bottom:0px !important;margin-left:0px !important}.stk-d59cc79-inner-blocks{row-gap:0px !important}.stk-d59cc79-container{max-width:100% !important;padding-top:0px !important;padding-right:0px !important;padding-bottom:0px !important;padding-left:0px !important;margin-right:auto !important;margin-left:auto !important}<\/style><div class=\"stk-column-wrapper stk-block-column__content stk-container stk-d59cc79-container stk--no-background stk--no-padding\"><div class=\"stk-block-content stk-inner-blocks stk-d59cc79-inner-blocks\">\n<div class=\"wp-block-stackable-columns alignwide stk-block-columns stk-block stk-f1a3443 stk-block-background\" data-block-id=\"f1a3443\"><style>.stk-f1a3443 .stk--block-align-f1a3443{align-items:center !important}.stk-f1a3443{background-color:#dfdfdf !important;margin-bottom:0px !important}.stk-f1a3443:before{background-color:#dfdfdf !important}.stk-f1a3443-column{--stk-column-gap:0px !important}<\/style><div class=\"stk-row stk-inner-blocks stk--block-align-f1a3443 stk-block-content stk-content-align stk-f1a3443-column alignwide\">\n<div class=\"wp-block-stackable-column stk-block-column stk-column stk-block stk-5526321\" data-v=\"4\" data-block-id=\"5526321\"><style>.stk-5526321-container{margin-top:0px !important;margin-right:0px !important;margin-bottom:0px !important;margin-left:0px !important;padding-top:0px !important;padding-right:0px !important;padding-bottom:0px !important;padding-left:0px !important}.stk-5526321-inner-blocks{row-gap:0px !important}<\/style><div class=\"stk-column-wrapper stk-block-column__content stk-container stk-5526321-container stk--no-background stk--no-padding\"><div class=\"has-text-align-center stk-block-content stk-inner-blocks stk-5526321-inner-blocks\">\n<div class=\"wp-block-stackable-text stk-block-text stk-block stk-f4e49ff\" data-block-id=\"f4e49ff\"><style>.stk-f4e49ff .stk-block-text__text{font-size:20px !important;color:#034ea2 !important;line-height:36px !important;font-weight:700 !important;font-family:\"Montserrat\",Sans-serif !important}@media screen and (max-width:1023px){.stk-f4e49ff .stk-block-text__text{font-size:20px !important}}<\/style><p class=\"stk-block-text__text has-text-color\">Eixo Tem\u00e1tico<\/p><\/div>\n<\/div><\/div><\/div>\n\n\n\n<div class=\"wp-block-stackable-column stk-block-column stk-column stk-block stk-b9ab7c3\" data-v=\"4\" data-block-id=\"b9ab7c3\"><style>.stk-b9ab7c3-container{margin-top:0px !important;margin-right:0px !important;margin-bottom:0px !important;margin-left:0px !important;padding-top:0px !important;padding-right:0px !important;padding-bottom:0px !important;padding-left:0px !important}.stk-b9ab7c3-inner-blocks{row-gap:0px !important}<\/style><div class=\"stk-column-wrapper stk-block-column__content stk-container stk-b9ab7c3-container stk--no-background stk--no-padding\"><div class=\"has-text-align-center stk-block-content stk-inner-blocks stk-b9ab7c3-inner-blocks\">\n<div class=\"wp-block-stackable-text stk-block-text stk-block stk-40ee4ab\" data-block-id=\"40ee4ab\"><style>.stk-40ee4ab .stk-block-text__text{font-size:20px !important;color:#034ea2 !important;line-height:36px !important;font-weight:700 !important;font-family:\"Montserrat\",Sans-serif !important}@media screen and (max-width:1023px){.stk-40ee4ab .stk-block-text__text{font-size:20px !important}}<\/style><p class=\"stk-block-text__text has-text-color\">AIR<\/p><\/div>\n<\/div><\/div><\/div>\n\n\n\n<div class=\"wp-block-stackable-column stk-block-column stk-column stk-block stk-640cb46\" data-v=\"4\" data-block-id=\"640cb46\"><style>.stk-640cb46-container{margin-top:0px !important;margin-right:0px !important;margin-bottom:0px !important;margin-left:0px !important;padding-top:0px !important;padding-right:0px !important;padding-bottom:0px !important;padding-left:0px !important}.stk-640cb46-inner-blocks{row-gap:0px !important}<\/style><div class=\"stk-column-wrapper stk-block-column__content stk-container stk-640cb46-container stk--no-background stk--no-padding\"><div class=\"has-text-align-center stk-block-content stk-inner-blocks stk-640cb46-inner-blocks\">\n<div class=\"wp-block-stackable-text stk-block-text stk-block stk-ccbc5fd\" data-block-id=\"ccbc5fd\"><style>.stk-ccbc5fd .stk-block-text__text{font-size:20px !important;color:#034ea2 !important;line-height:36px !important;font-weight:700 !important;font-family:\"Montserrat\",Sans-serif !important}@media screen and (max-width:1023px){.stk-ccbc5fd .stk-block-text__text{font-size:20px !important}}<\/style><p class=\"stk-block-text__text has-text-color\">PPCS<\/p><\/div>\n<\/div><\/div><\/div>\n\n\n\n<div class=\"wp-block-stackable-column stk-block-column stk-column stk-block stk-7a79580\" data-v=\"4\" data-block-id=\"7a79580\"><style>.stk-7a79580-container{margin-top:0px !important;margin-right:0px !important;margin-bottom:0px !important;margin-left:0px !important;padding-top:0px !important;padding-right:0px !important;padding-bottom:0px !important;padding-left:0px !important}.stk-7a79580-inner-blocks{row-gap:0px !important}<\/style><div class=\"stk-column-wrapper stk-block-column__content stk-container stk-7a79580-container stk--no-background stk--no-padding\"><div class=\"has-text-align-center stk-block-content stk-inner-blocks stk-7a79580-inner-blocks\">\n<div class=\"wp-block-stackable-text stk-block-text stk-block stk-236ff61\" data-block-id=\"236ff61\"><style>.stk-236ff61 .stk-block-text__text{font-size:20px !important;color:#034ea2 !important;line-height:36px !important;font-weight:700 !important;font-family:\"Montserrat\",Sans-serif !important}@media screen and (max-width:1023px){.stk-236ff61 .stk-block-text__text{font-size:20px !important}}<\/style><p class=\"stk-block-text__text has-text-color\">Resolu\u00e7\u00e3o<\/p><\/div>\n<\/div><\/div><\/div>\n<\/div><\/div>\n\n\n\n<div class=\"wp-block-stackable-columns alignwide stk-block-columns stk-block stk-fdf71dc stk-block-background\" data-block-id=\"fdf71dc\"><style>.stk-fdf71dc .stk--block-align-fdf71dc{align-items:center !important}.stk-fdf71dc{background-color:#ededed !important;margin-bottom:0px !important}.stk-fdf71dc:before{background-color:#ededed !important}.stk-fdf71dc-column{--stk-columns-spacing:8px !important;--stk-column-gap:8px !important}<\/style><div class=\"stk-row stk-inner-blocks stk--block-align-fdf71dc stk-block-content stk-content-align stk-fdf71dc-column alignwide\">\n<div class=\"wp-block-stackable-column stk-block-column stk-column stk-block stk-94042c1\" data-v=\"4\" data-block-id=\"94042c1\"><style>.stk-94042c1-container{margin-top:0px !important;margin-right:0px !important;margin-bottom:0px !important;margin-left:0px !important;padding-top:0px !important;padding-right:0px !important;padding-bottom:0px !important;padding-left:0px !important}.stk-94042c1-inner-blocks{row-gap:0px !important}<\/style><div class=\"stk-column-wrapper stk-block-column__content stk-container stk-94042c1-container stk--no-background stk--no-padding\"><div class=\"has-text-align-center stk-block-content stk-inner-blocks stk-94042c1-inner-blocks\">\n<div class=\"wp-block-stackable-text stk-block-text stk-block stk-245d91d\" data-block-id=\"245d91d\"><style>.stk-245d91d .stk-block-text__text{font-size:16px !important;color:#454545 !important;line-height:24px !important;font-weight:500 !important;font-family:\"Montserrat\",Sans-serif !important}@media screen and (max-width:1023px){.stk-245d91d .stk-block-text__text{font-size:16px !important}}<\/style><p class=\"stk-block-text__text has-text-color\">Temas Gerais<\/p><\/div>\n<\/div><\/div><\/div>\n\n\n\n<div class=\"wp-block-stackable-column stk-block-column stk-column stk-block stk-f9038ab\" data-v=\"4\" data-block-id=\"f9038ab\"><style>.stk-f9038ab-container{margin-top:0px !important;margin-right:0px !important;margin-bottom:0px !important;margin-left:0px !important;padding-top:0px !important;padding-right:0px !important;padding-bottom:0px !important;padding-left:0px !important}.stk-f9038ab-inner-blocks{row-gap:0px !important}<\/style><div class=\"stk-column-wrapper stk-block-column__content stk-container stk-f9038ab-container stk--no-background stk--no-padding\"><div class=\"has-text-align-center stk-block-content stk-inner-blocks stk-f9038ab-inner-blocks\">\n<div class=\"wp-block-stackable-button-group stk-block-button-group stk-block stk-8c8415b\" data-block-id=\"8c8415b\"><div class=\"stk-row stk-inner-blocks stk-block-content stk-button-group\">\n<div class=\"wp-block-stackable-button stk-block-button is-style-link stk-block stk-debf05f\" data-block-id=\"debf05f\"><style>.stk-debf05f .stk-button{background:transparent !important}.stk-debf05f .stk-button__inner-text{font-size:16px !important;color:#034ea2 !important;font-weight:500 !important;text-transform:none !important;font-style:normal !important;font-family:\"Montserrat\",Sans-serif !important}@media screen and (max-width:1023px){.stk-debf05f .stk-button__inner-text{font-size:16px !important}}<\/style><a class=\"stk-link stk-button stk--hover-effect-darken\" href=\"https:\/\/portal.pi.gov.br\/agrespi\/wp-content\/uploads\/sites\/66\/2026\/04\/Relatorio-de-Analise-de-Impacto-Regulatorio.pdf\" target=\"_blank\" rel=\"noreferrer noopener\"><span class=\"has-text-color stk-button__inner-text\">Institui\u00e7\u00e3o do Programa de Integridade<\/span><\/a><\/div>\n<\/div><\/div>\n<\/div><\/div><\/div>\n\n\n\n<div class=\"wp-block-stackable-column stk-block-column stk-column stk-block stk-d229f6c\" data-v=\"4\" data-block-id=\"d229f6c\"><style>.stk-d229f6c-container{margin-top:0px !important;margin-right:0px !important;margin-bottom:0px !important;margin-left:0px !important;padding-top:0px !important;padding-right:0px !important;padding-bottom:0px !important;padding-left:0px !important}.stk-d229f6c{align-self:center !important}.stk-d229f6c-inner-blocks{row-gap:0px !important}<\/style><div class=\"stk-column-wrapper stk-block-column__content stk-container stk-d229f6c-container stk--no-background stk--no-padding\"><div class=\"has-text-align-center stk-block-content stk-inner-blocks stk-d229f6c-inner-blocks\">\n<div class=\"wp-block-stackable-text stk-block-text stk-block stk-a568f87\" data-block-id=\"a568f87\"><style>.stk-a568f87{align-items:center !important;display:flex !important}.stk-a568f87 .stk-block-text__text{font-size:16px !important;color:#034ea2 !important;font-weight:500 !important;font-family:\"Montserrat\",Sans-serif !important}@media screen and (max-width:1023px){.stk-a568f87 .stk-block-text__text{font-size:16px !important}}<\/style><p class=\"stk-block-text__text has-text-color has-text-align-center\"> Dispensa de PPCS, por se tratar de norma interna, sem impacto regulat\u00f3rio externo<\/p><\/div>\n<\/div><\/div><\/div>\n\n\n\n<div class=\"wp-block-stackable-column stk-block-column stk-column stk-block stk-d18b3a8\" data-v=\"4\" data-block-id=\"d18b3a8\"><style>.stk-d18b3a8-container{margin-top:0px !important;margin-right:0px !important;margin-bottom:0px !important;margin-left:0px !important;padding-top:0px !important;padding-right:0px !important;padding-bottom:0px !important;padding-left:0px !important}.stk-d18b3a8-inner-blocks{row-gap:0px !important}<\/style><div class=\"stk-column-wrapper stk-block-column__content stk-container stk-d18b3a8-container stk--no-background stk--no-padding\"><div class=\"has-text-align-center stk-block-content stk-inner-blocks stk-d18b3a8-inner-blocks\">\n<div class=\"wp-block-stackable-button-group stk-block-button-group stk-block stk-91b407b\" data-block-id=\"91b407b\"><div class=\"stk-row stk-inner-blocks stk-block-content stk-button-group\">\n<div class=\"wp-block-stackable-button stk-block-button is-style-link stk-block stk-a8c4b30\" data-block-id=\"a8c4b30\"><style>.stk-a8c4b30 .stk-button{background:transparent !important}.stk-a8c4b30 .stk-button__inner-text{font-size:16px !important;color:#034ea2 !important;font-weight:500 !important;text-transform:none !important;font-style:normal !important;font-family:\"Montserrat\",Sans-serif !important}@media screen and (max-width:1023px){.stk-a8c4b30 .stk-button__inner-text{font-size:16px !important}}<\/style><a class=\"stk-link stk-button stk--hover-effect-darken\" href=\"https:\/\/portal.pi.gov.br\/agrespi\/wp-content\/uploads\/sites\/66\/2026\/04\/Retificacao-do-Extrato-de-Publicacao-do-Tempo-de-Cooperacao-Tecnica-no-126-2026.pdf\" target=\"_blank\" rel=\"noreferrer noopener\"><span class=\"has-text-color stk-button__inner-text\">Resolu\u00e7\u00e3o AGRESPI-PI 002, de 09 de abril de 2026<\/span><\/a><\/div>\n<\/div><\/div>\n<\/div><\/div><\/div>\n<\/div><\/div>\n<\/div><\/div><\/div>\n<\/details>\n","protected":false},"excerpt":{"rendered":"<p>2026 Eixo Tem\u00e1tico AIR PPCS Resolu\u00e7\u00e3o Temas Gerais Institui\u00e7\u00e3o do Programa de Integridade Dispensa de PPCS, por se tratar de norma interna, sem impacto regulat\u00f3rio externo Resolu\u00e7\u00e3o AGRESPI-PI 002, de [&hellip;]<\/p>\n","protected":false},"author":1832,"featured_media":0,"parent":0,"menu_order":0,"comment_status":"closed","ping_status":"closed","template":"template-fullwidth.php","meta":[],"featured_image_urls":{"full":"","thumbnail":"","medium":"","medium_large":"","large":"","sgg-420":"","sgg-540":"","sgg-780":"","1536x1536":"","2048x2048":"","homepage-slider":"","homepage-slider-small":"","page-top":"","page-small":"","loop-main":"","thumb-gallery-widget":""},"post_excerpt_stackable":"<p>2026 Eixo Tem\u00e1tico AIR PPCS Resolu\u00e7\u00e3o Temas Gerais Institui\u00e7\u00e3o do Programa de Integridade Dispensa de PPCS, por se tratar de norma interna, sem impacto regulat\u00f3rio externo Resolu\u00e7\u00e3o AGRESPI-PI 002, de 09 de abril de 2026<\/p>\n","category_list":"","author_info":{"name":"ETIPI","url":"https:\/\/portal.pi.gov.br\/agrespi\/author\/pallomagualter\/"},"comments_num":"0 coment\u00e1rio","featured_image_urls_v2":{"full":"","thumbnail":"","medium":"","medium_large":"","large":"","sgg-420":"","sgg-540":"","sgg-780":"","1536x1536":"","2048x2048":"","homepage-slider":"","homepage-slider-small":"","page-top":"","page-small":"","loop-main":"","thumb-gallery-widget":""},"post_excerpt_stackable_v2":"<p>2026 Eixo Tem\u00e1tico AIR PPCS Resolu\u00e7\u00e3o Temas Gerais Institui\u00e7\u00e3o do Programa de Integridade Dispensa de PPCS, por se tratar de norma interna, sem impacto regulat\u00f3rio externo Resolu\u00e7\u00e3o AGRESPI-PI 002, de 09 de abril de 2026<\/p>\n","category_list_v2":"","author_info_v2":{"name":"ETIPI","url":"https:\/\/portal.pi.gov.br\/agrespi\/author\/pallomagualter\/"},"comments_num_v2":"0 coment\u00e1rio","_links":{"self":[{"href":"https:\/\/portal.pi.gov.br\/agrespi\/wp-json\/wp\/v2\/pages\/4004"}],"collection":[{"href":"https:\/\/portal.pi.gov.br\/agrespi\/wp-json\/wp\/v2\/pages"}],"about":[{"href":"https:\/\/portal.pi.gov.br\/agrespi\/wp-json\/wp\/v2\/types\/page"}],"author":[{"embeddable":true,"href":"https:\/\/portal.pi.gov.br\/agrespi\/wp-json\/wp\/v2\/users\/1832"}],"replies":[{"embeddable":true,"href":"https:\/\/portal.pi.gov.br\/agrespi\/wp-json\/wp\/v2\/comments?post=4004"}],"version-history":[{"count":31,"href":"https:\/\/portal.pi.gov.br\/agrespi\/wp-json\/wp\/v2\/pages\/4004\/revisions"}],"predecessor-version":[{"id":4083,"href":"https:\/\/portal.pi.gov.br\/agrespi\/wp-json\/wp\/v2\/pages\/4004\/revisions\/4083"}],"wp:attachment":[{"href":"https:\/\/portal.pi.gov.br\/agrespi\/wp-json\/wp\/v2\/media?parent=4004"}],"curies":[{"name":"wp","href":"https:\/\/api.w.org\/{rel}","templated":true}]}}