{"id":35,"date":"2020-08-21T15:54:28","date_gmt":"2020-08-21T18:54:28","guid":{"rendered":"http:\/\/www2.pi.gov.br\/ati\/?page_id=35"},"modified":"2021-12-13T20:36:39","modified_gmt":"2021-12-13T23:36:39","slug":"cidadao","status":"publish","type":"page","link":"https:\/\/portal.pi.gov.br\/ati\/cidadao\/","title":{"rendered":"Cidad\u00e3o"},"content":{"rendered":"\n<h2 class=\"has-text-align-center wp-block-heading\">Consulta a Processos<\/h2>\n\n\n\n<hr class=\"wp-block-separator\"\/>\n\n\n\n<div class=\"wp-block-image\"><figure class=\"aligncenter size-large is-resized\"><img decoding=\"async\" loading=\"lazy\" src=\"https:\/\/portal.pi.gov.br\/ati\/wp-content\/uploads\/sites\/2\/2020\/09\/cidada\u0303o-v1.png\" alt=\"\" width=\"332\" height=\"141\"\/><\/figure><\/div>\n\n\n\n<p>Proporcionar ao cidad\u00e3o o acesso a movimenta\u00e7\u00e3o dos processos e dos documentos protocolados nos \u00f3rg\u00e3os da administra\u00e7\u00e3o estadual pode ser acompanhada pelos cidad\u00e3os e pelos servidores p\u00fablicos estaduais, por meio de consulta ao SEI.<\/p>\n\n\n\n<div class=\"wp-block-buttons is-content-justification-center is-layout-flex\">\n<div class=\"wp-block-button\"><a class=\"wp-block-button__link\" href=\"https:\/\/sei.pi.gov.br\/sei\/modulos\/pesquisa\/md_pesq_processo_pesquisar.php?acao_externa=protocolo_pesquisar&amp;acao_origem_externa=protocolo_pesquisar&amp;id_orgao_acesso_externo=0\" target=\"_blank\" rel=\"noreferrer noopener\">Portal SEI<\/a><\/div>\n<\/div>\n\n\n\n<hr class=\"wp-block-separator\"\/>\n\n\n\n<h2 class=\"has-text-align-center wp-block-heading\">Cadastro de Usu\u00e1rio Externo no SEI<\/h2>\n\n\n\n<hr class=\"wp-block-separator\"\/>\n\n\n\n<div class=\"wp-block-image\"><figure class=\"aligncenter size-large is-resized\"><img decoding=\"async\" loading=\"lazy\" src=\"https:\/\/portal.pi.gov.br\/ati\/wp-content\/uploads\/sites\/2\/2021\/09\/cadastro-usuario-sei.jpg\" alt=\"\" width=\"367\" height=\"163\"\/><figcaption><gwmw style=\"display:none;\"><gwmw style=\"display:none;\"><\/gwmw><\/gwmw><\/figcaption><\/figure><\/div>\n\n\n\n<p>Ambiente para cadastro de Usu\u00e1rios Externos ao SEI, visando assinatura de documentos oficiais como Contratos, Ordem de Servi\u00e7os, Atas de Registros de Pre\u00e7os, entre outros.<\/p>\n\n\n\n<div class=\"wp-block-buttons is-content-justification-center is-layout-flex\">\n<div class=\"wp-block-button\"><a class=\"wp-block-button__link\" href=\"https:\/\/sei.pi.gov.br\/sei\/controlador_externo.php?acao=usuario_externo_avisar_cadastro&amp;id_orgao_acesso_externo=0\" target=\"_blank\" rel=\"noreferrer noopener\">Cadastro<\/a><\/div>\n<\/div>\n\n\n\n<hr class=\"wp-block-separator\"\/>\n\n\n\n<h2 class=\"has-text-align-center wp-block-heading\">Pontos de Acesso P\u00fablico<\/h2>\n\n\n\n<hr class=\"wp-block-separator\"\/>\n\n\n\n<div class=\"wp-block-image\"><figure class=\"aligncenter size-large is-resized\"><img decoding=\"async\" loading=\"lazy\" src=\"https:\/\/portal.pi.gov.br\/ati\/wp-content\/uploads\/sites\/2\/2020\/09\/ATI-WIFI_Prancheta-v2.png\" alt=\"\" width=\"352\" height=\"233\"\/><figcaption><gwmw style=\"display:none;\"><\/gwmw><\/figcaption><\/figure><\/div>\n\n\n\n<p>A ATI disponibilizou 100 (cem) Pontos de Acesso P\u00fablico (PAP) na capital e interior do Estado do Piau\u00ed, que atendem a popula\u00e7\u00e3o de diversos munic\u00edpios do Estado. Os PAPs s\u00e3o pontos de acesso \u00e0 Internet de forma p\u00fablica e gratuita com velocidade de 40 Mbps proporcionando \u00e0 popula\u00e7\u00e3o Piauiense uma importante ferramenta de Inclus\u00e3o Digital.<\/p>\n\n\n\n<p>O Projeto foi desenvolvido pela Superintend\u00eancia de Parcerias P\u00fablicas e Privadas do Governo do Estado do Piau\u00ed no qual o ganhador da PPP foi a Piau\u00ed Conectado, a gest\u00e3o e execu\u00e7\u00e3o do contrato encontra-se sobre responsabilidade da ATI.<\/p>\n\n\n\n<p>Encontra-se ainda em fase de planejamento para futura execu\u00e7\u00e3o e implanta\u00e7\u00e3o 99 PAPs nos diversos munic\u00edpios do Estado do Piau\u00ed.<\/p>\n","protected":false},"excerpt":{"rendered":"<p>Consulta a Processos Proporcionar ao cidad\u00e3o o acesso a movimenta\u00e7\u00e3o dos processos e dos documentos protocolados nos \u00f3rg\u00e3os da administra\u00e7\u00e3o estadual pode ser acompanhada pelos cidad\u00e3os e pelos servidores p\u00fablicos [&hellip;]<\/p>\n","protected":false},"author":1,"featured_media":0,"parent":0,"menu_order":0,"comment_status":"closed","ping_status":"closed","template":"template-fullwidth.php","meta":[],"featured_image_urls":{"full":"","thumbnail":"","medium":"","medium_large":"","large":"","sgg-420":"","sgg-540":"","sgg-780":"","1536x1536":"","2048x2048":"","homepage-slider":"","homepage-slider-small":"","page-top":"","page-small":"","loop-main":"","thumb-gallery-widget":""},"post_excerpt_stackable":"<p>Consulta a Processos Proporcionar ao cidad\u00e3o o acesso a movimenta\u00e7\u00e3o dos processos e dos documentos protocolados nos \u00f3rg\u00e3os da administra\u00e7\u00e3o estadual pode ser acompanhada pelos cidad\u00e3os e pelos servidores p\u00fablicos estaduais, por meio de consulta ao SEI. Portal SEI Cadastro de Usu\u00e1rio Externo no SEI Ambiente para cadastro de Usu\u00e1rios Externos ao SEI, visando assinatura de documentos oficiais como Contratos, Ordem de Servi\u00e7os, Atas de Registros de Pre\u00e7os, entre outros. Cadastro Pontos de Acesso P\u00fablico A ATI disponibilizou 100 (cem) Pontos de Acesso P\u00fablico (PAP) na capital e interior do Estado do Piau\u00ed, que atendem a popula\u00e7\u00e3o de diversos munic\u00edpios&hellip;<\/p>\n","category_list":"","author_info":{"name":"admin","url":"https:\/\/portal.pi.gov.br\/ati\/author\/admin\/"},"comments_num":"0 coment\u00e1rio","featured_image_urls_v2":{"full":"","thumbnail":"","medium":"","medium_large":"","large":"","sgg-420":"","sgg-540":"","sgg-780":"","1536x1536":"","2048x2048":"","homepage-slider":"","homepage-slider-small":"","page-top":"","page-small":"","loop-main":"","thumb-gallery-widget":""},"post_excerpt_stackable_v2":"<p>Consulta a Processos Proporcionar ao cidad\u00e3o o acesso a movimenta\u00e7\u00e3o dos processos e dos documentos protocolados nos \u00f3rg\u00e3os da administra\u00e7\u00e3o estadual pode ser acompanhada pelos cidad\u00e3os e pelos servidores p\u00fablicos estaduais, por meio de consulta ao SEI. Portal SEI Cadastro de Usu\u00e1rio Externo no SEI Ambiente para cadastro de Usu\u00e1rios Externos ao SEI, visando assinatura de documentos oficiais como Contratos, Ordem de Servi\u00e7os, Atas de Registros de Pre\u00e7os, entre outros. Cadastro Pontos de Acesso P\u00fablico A ATI disponibilizou 100 (cem) Pontos de Acesso P\u00fablico (PAP) na capital e interior do Estado do Piau\u00ed, que atendem a popula\u00e7\u00e3o de diversos munic\u00edpios&hellip;<\/p>\n","category_list_v2":"","author_info_v2":{"name":"admin","url":"https:\/\/portal.pi.gov.br\/ati\/author\/admin\/"},"comments_num_v2":"0 coment\u00e1rio","jetpack_sharing_enabled":true,"_links":{"self":[{"href":"https:\/\/portal.pi.gov.br\/ati\/wp-json\/wp\/v2\/pages\/35"}],"collection":[{"href":"https:\/\/portal.pi.gov.br\/ati\/wp-json\/wp\/v2\/pages"}],"about":[{"href":"https:\/\/portal.pi.gov.br\/ati\/wp-json\/wp\/v2\/types\/page"}],"author":[{"embeddable":true,"href":"https:\/\/portal.pi.gov.br\/ati\/wp-json\/wp\/v2\/users\/1"}],"replies":[{"embeddable":true,"href":"https:\/\/portal.pi.gov.br\/ati\/wp-json\/wp\/v2\/comments?post=35"}],"version-history":[{"count":24,"href":"https:\/\/portal.pi.gov.br\/ati\/wp-json\/wp\/v2\/pages\/35\/revisions"}],"predecessor-version":[{"id":1519,"href":"https:\/\/portal.pi.gov.br\/ati\/wp-json\/wp\/v2\/pages\/35\/revisions\/1519"}],"wp:attachment":[{"href":"https:\/\/portal.pi.gov.br\/ati\/wp-json\/wp\/v2\/media?parent=35"}],"curies":[{"name":"wp","href":"https:\/\/api.w.org\/{rel}","templated":true}]}}