{"id":45,"date":"2020-08-21T16:04:08","date_gmt":"2020-08-21T19:04:08","guid":{"rendered":"http:\/\/www2.pi.gov.br\/ati\/?page_id=45"},"modified":"2021-11-12T04:02:05","modified_gmt":"2021-11-12T07:02:05","slug":"atas","status":"publish","type":"page","link":"https:\/\/portal.pi.gov.br\/ati\/atas\/","title":{"rendered":"Atas"},"content":{"rendered":"\n<div class=\"wp-block-image\"><figure class=\"aligncenter size-large is-resized\"><img decoding=\"async\" loading=\"lazy\" src=\"http:\/\/portal.pi.gov.br\/ati\/wp-content\/uploads\/sites\/2\/2021\/10\/ata-ati-1024x380.png\" alt=\"\" class=\"wp-image-1146\" width=\"408\" height=\"151\" srcset=\"https:\/\/portal.pi.gov.br\/ati\/wp-content\/uploads\/sites\/2\/2021\/10\/ata-ati-1024x380.png 1024w, https:\/\/portal.pi.gov.br\/ati\/wp-content\/uploads\/sites\/2\/2021\/10\/ata-ati-300x111.png 300w, https:\/\/portal.pi.gov.br\/ati\/wp-content\/uploads\/sites\/2\/2021\/10\/ata-ati-768x285.png 768w, https:\/\/portal.pi.gov.br\/ati\/wp-content\/uploads\/sites\/2\/2021\/10\/ata-ati-1536x570.png 1536w, https:\/\/portal.pi.gov.br\/ati\/wp-content\/uploads\/sites\/2\/2021\/10\/ata-ati-947x351.png 947w, https:\/\/portal.pi.gov.br\/ati\/wp-content\/uploads\/sites\/2\/2021\/10\/ata-ati-624x231.png 624w, https:\/\/portal.pi.gov.br\/ati\/wp-content\/uploads\/sites\/2\/2021\/10\/ata-ati.png 1618w\" sizes=\"(max-width: 408px) 100vw, 408px\" \/><\/figure><\/div>\n\n\n\n<hr class=\"wp-block-separator\"\/>\n\n\n\n<p><strong>\u00d3rg\u00e3o Gerenciador da ATA: <\/strong>Secretaria Estadual de Administra\u00e7\u00e3o e Previd\u00eancia do Piau\u00ed (SEADPREV-PI)<\/p>\n\n\n\n<p><strong>N\u00famero da ATA:<\/strong>  <a href=\"https:\/\/sei.pi.gov.br\/sei\/modulos\/pesquisa\/md_pesq_documento_consulta_externa.php?9LibXMqGnN7gSpLFOOgUQFziRouBJ5VnVL5b7-UrE5QDipa5dnOPlm-SVRpVaI98WCsZXmplY2uk5UYUg1hwAvwKHdtATv99xp_uUk2V1dCsugAglPRWGCrdKLuq383v\" target=\"_blank\" rel=\"noreferrer noopener\">006\/2021<\/a><\/p>\n\n\n\n<p><strong>Objeto:<\/strong> Contrata\u00e7\u00e3o de subscri\u00e7\u00f5es de produtos de&nbsp;<em>software&nbsp;<\/em>da linha&nbsp;<em>Red Hat&nbsp;Enterprise Linux, JBOSS Enterprise Middleware<\/em>e&nbsp;<em>Red Hat Cloud Suite<\/em>, com suporte e manuten\u00e7\u00e3o por 36 meses, treinamento e servi\u00e7os especializados<\/p>\n\n\n\n<p><strong>Publica\u00e7\u00e3o Ata DOE:<\/strong> <a href=\"https:\/\/sei.pi.gov.br\/sei\/modulos\/pesquisa\/md_pesq_documento_consulta_externa.php?9LibXMqGnN7gSpLFOOgUQFziRouBJ5VnVL5b7-UrE5SJUtC1It5-jTanmAT6ht_PSOXdTMMRU6JhnHbFpvM-R4G3DThQ0lN6EgJg_REJbdSfRv-ymc55m_ybkWPUtjOi\" target=\"_blank\" rel=\"noreferrer noopener\">DOE n\u00ba 128, de 21 de junho de 2021<\/a><\/p>\n\n\n\n<p><strong>N\u00famero do Processo:<\/strong> <a href=\"https:\/\/sei.pi.gov.br\/sei\/modulos\/pesquisa\/md_pesq_processo_exibir.php?z3-naSmpl6_63qczD0vsEegOjw-LCorm020SWqclP62HKAZ52m_NOA3XovV2mCyVF59RvlCdEV6BmAE9PzKZ4kYYWoahoR59AK-kpSNoewZwVqO3n8iu8xFLFQ9dfPIb\" target=\"_blank\" rel=\"noreferrer noopener\">00117.001497\/2019-94<\/a><\/p>\n\n\n\n<p><strong>Per\u00edodo de Vig\u00eancia:<\/strong> 15\/06\/2021 a 14\/06\/2021<\/p>\n\n\n\n<hr class=\"wp-block-separator\"\/>\n\n\n\n<p><strong>\u00d3rg\u00e3o Gerenciador da ATA: <\/strong>Secretaria Estadual de Administra\u00e7\u00e3o e Previd\u00eancia do Piau\u00ed (SEADPREV-PI)<\/p>\n\n\n\n<p><strong>N\u00famero da ATA:<\/strong>  <a href=\"https:\/\/sei.pi.gov.br\/sei\/modulos\/pesquisa\/md_pesq_documento_consulta_externa.php?9LibXMqGnN7gSpLFOOgUQFziRouBJ5VnVL5b7-UrE5Raz6fvbNMmMUxv1ZjhsFgk7O4AjRmjV-WsZIKng3r0pRADtzSj5Rqscm0u1DTQdujnJ3XGfkofgzZw-Sn_2QgF\" target=\"_blank\" rel=\"noreferrer noopener\">007\/2021<\/a><\/p>\n\n\n\n<p><strong>Objeto:<\/strong> Solu\u00e7\u00e3o unificada de seguran\u00e7a para prote\u00e7\u00e3o de e-mail, prote\u00e7\u00e3o de Endpoint e prote\u00e7\u00e3o contra-ataques avan\u00e7ados, com garantia de 36 meses, contemplando os servi\u00e7os de instala\u00e7\u00e3o e configura\u00e7\u00e3o, transfer\u00eancia de conhecimento e suporte t\u00e9cnico<\/p>\n\n\n\n<p><strong>Publica\u00e7\u00e3o Ata DOE:<\/strong> <a href=\"https:\/\/sei.pi.gov.br\/sei\/modulos\/pesquisa\/md_pesq_documento_consulta_externa.php?9LibXMqGnN7gSpLFOOgUQFziRouBJ5VnVL5b7-UrE5TDk_JdRVkJcHqp-ujqYLV3m5U17Acpn_djPA-oTV5d2g9lcUC9cD19hiuz9HHuBlWnkxmP0WvbMJqvshVD47DS\" target=\"_blank\" rel=\"noreferrer noopener\">DOE n\u00ba 128, de 21 de junho de 2021<\/a><\/p>\n\n\n\n<p><strong>N\u00famero do Processo:<\/strong> <a href=\"https:\/\/sei.pi.gov.br\/sei\/modulos\/pesquisa\/md_pesq_processo_exibir.php?z3-naSmpl6_63qczD0vsEegOjw-LCorm020SWqclP62HKAZ52m_NOA3XovV2mCyVF59RvlCdEV6BmAE9PzKZ4vSmseKCQaSyXB2OiV6vgB53qlw4aXovsWydUiafZYJC\" target=\"_blank\" rel=\"noreferrer noopener\">00117.001755\/2019-32<\/a><\/p>\n\n\n\n<p><strong>Per\u00edodo de Vig\u00eancia:<\/strong> 14\/06\/2021 a 13\/06\/2021<\/p>\n\n\n\n<hr class=\"wp-block-separator\"\/>\n\n\n\n<p><strong>\u00d3rg\u00e3o Gerenciador da ATA: <\/strong>Secretaria Estadual de Administra\u00e7\u00e3o e Previd\u00eancia do Piau\u00ed (SEADPREV-PI)<\/p>\n\n\n\n<p><strong>N\u00famero da ATA:<\/strong>  <a href=\"https:\/\/sei.pi.gov.br\/sei\/modulos\/pesquisa\/md_pesq_documento_consulta_externa.php?9LibXMqGnN7gSpLFOOgUQFziRouBJ5VnVL5b7-UrE5SkMRvKjzRTE3ocKrlOzxo7QTlhKY94GjoNhYVmVPF5R8U44TrH5rRgigz1029A_rT8DfMsdiCYXj-XBhJYhbq4\" target=\"_blank\" rel=\"noreferrer noopener\">008\/2021<\/a><\/p>\n\n\n\n<p><strong>Objeto:<\/strong> Fornecimento de Plataforma Unificada de Software de Gest\u00e3o Integrada de Ativos de Software e Hardware para&nbsp;gerenciamento de esta\u00e7\u00f5es de trabalho, mainframe z\/OS, servidores de rede, m\u00e1quinas virtuais, datacenters, clusters, dispositivos m\u00f3veis, dispositivos de rede, aplica\u00e7\u00f5es em nuvem e gerenciamento de prote\u00e7\u00e3o de dados. Incluso servi\u00e7os de Instala\u00e7\u00e3o,&nbsp;treinamento, atualiza\u00e7\u00e3o, suporte t\u00e9cnico, manuten\u00e7\u00e3o e horas de servi\u00e7os t\u00e9cnicos especializados<\/p>\n\n\n\n<p><strong>Publica\u00e7\u00e3o Ata DOE:<\/strong> <a href=\"https:\/\/sei.pi.gov.br\/sei\/modulos\/pesquisa\/md_pesq_documento_consulta_externa.php?9LibXMqGnN7gSpLFOOgUQFziRouBJ5VnVL5b7-UrE5QsI8nTaDYrrAKl0G2TKgtK8EvdGHU8LGjW03fUoAwE6Zh_H4uUCpaG9tVVmgG8rcsIxNR74QhJ1iWtumuiP4Pl\" target=\"_blank\" rel=\"noreferrer noopener\">DOE n\u00ba 131, de 24 de junho de 2021<\/a><\/p>\n\n\n\n<p><strong>N\u00famero do Processo:<\/strong> <a href=\"https:\/\/sei.pi.gov.br\/sei\/modulos\/pesquisa\/md_pesq_processo_exibir.php?wt7h6hFBI_9S3DJjGLl0dpQiiSEQL4RcICP821UP_Zu3te9Mz8pMgdSFPXZPRHsDc8jMQ17erGYJfOcrc-boq6Dsqz3-e5g941OSPzaoeBcvg-wVGK8st7CM-1gtttnL\" target=\"_blank\" rel=\"noreferrer noopener\">00117.001901\/2019-20<\/a><\/p>\n\n\n\n<p><strong>Per\u00edodo de Vig\u00eancia:<\/strong> 21\/06\/2021 a 20\/06\/2021<\/p>\n\n\n\n<hr class=\"wp-block-separator\"\/>\n\n\n\n<p><\/p>\n","protected":false},"excerpt":{"rendered":"<p>\u00d3rg\u00e3o Gerenciador da ATA: Secretaria Estadual de Administra\u00e7\u00e3o e Previd\u00eancia do Piau\u00ed (SEADPREV-PI) N\u00famero da ATA: 006\/2021 Objeto: Contrata\u00e7\u00e3o de subscri\u00e7\u00f5es de produtos de&nbsp;software&nbsp;da linha&nbsp;Red Hat&nbsp;Enterprise Linux, JBOSS Enterprise Middlewaree&nbsp;Red [&hellip;]<\/p>\n","protected":false},"author":1,"featured_media":0,"parent":0,"menu_order":0,"comment_status":"closed","ping_status":"closed","template":"template-fullwidth.php","meta":[],"featured_image_urls":{"full":"","thumbnail":"","medium":"","medium_large":"","large":"","sgg-420":"","sgg-540":"","sgg-780":"","1536x1536":"","2048x2048":"","homepage-slider":"","homepage-slider-small":"","page-top":"","page-small":"","loop-main":"","thumb-gallery-widget":""},"post_excerpt_stackable":"<p>\u00d3rg\u00e3o Gerenciador da ATA: Secretaria Estadual de Administra\u00e7\u00e3o e Previd\u00eancia do Piau\u00ed (SEADPREV-PI) N\u00famero da ATA: 006\/2021 Objeto: Contrata\u00e7\u00e3o de subscri\u00e7\u00f5es de produtos de&nbsp;software&nbsp;da linha&nbsp;Red Hat&nbsp;Enterprise Linux, JBOSS Enterprise Middlewaree&nbsp;Red Hat Cloud Suite, com suporte e manuten\u00e7\u00e3o por 36 meses, treinamento e servi\u00e7os especializados Publica\u00e7\u00e3o Ata DOE: DOE n\u00ba 128, de 21 de junho de 2021 N\u00famero do Processo: 00117.001497\/2019-94 Per\u00edodo de Vig\u00eancia: 15\/06\/2021 a 14\/06\/2021 \u00d3rg\u00e3o Gerenciador da ATA: Secretaria Estadual de Administra\u00e7\u00e3o e Previd\u00eancia do Piau\u00ed (SEADPREV-PI) N\u00famero da ATA: 007\/2021 Objeto: Solu\u00e7\u00e3o unificada de seguran\u00e7a para prote\u00e7\u00e3o de e-mail, prote\u00e7\u00e3o de Endpoint e prote\u00e7\u00e3o contra-ataques avan\u00e7ados, com&hellip;<\/p>\n","category_list":"","author_info":{"name":"admin","url":"https:\/\/portal.pi.gov.br\/ati\/author\/admin\/"},"comments_num":"0 coment\u00e1rio","featured_image_urls_v2":{"full":"","thumbnail":"","medium":"","medium_large":"","large":"","sgg-420":"","sgg-540":"","sgg-780":"","1536x1536":"","2048x2048":"","homepage-slider":"","homepage-slider-small":"","page-top":"","page-small":"","loop-main":"","thumb-gallery-widget":""},"post_excerpt_stackable_v2":"<p>\u00d3rg\u00e3o Gerenciador da ATA: Secretaria Estadual de Administra\u00e7\u00e3o e Previd\u00eancia do Piau\u00ed (SEADPREV-PI) N\u00famero da ATA: 006\/2021 Objeto: Contrata\u00e7\u00e3o de subscri\u00e7\u00f5es de produtos de&nbsp;software&nbsp;da linha&nbsp;Red Hat&nbsp;Enterprise Linux, JBOSS Enterprise Middlewaree&nbsp;Red Hat Cloud Suite, com suporte e manuten\u00e7\u00e3o por 36 meses, treinamento e servi\u00e7os especializados Publica\u00e7\u00e3o Ata DOE: DOE n\u00ba 128, de 21 de junho de 2021 N\u00famero do Processo: 00117.001497\/2019-94 Per\u00edodo de Vig\u00eancia: 15\/06\/2021 a 14\/06\/2021 \u00d3rg\u00e3o Gerenciador da ATA: Secretaria Estadual de Administra\u00e7\u00e3o e Previd\u00eancia do Piau\u00ed (SEADPREV-PI) N\u00famero da ATA: 007\/2021 Objeto: Solu\u00e7\u00e3o unificada de seguran\u00e7a para prote\u00e7\u00e3o de e-mail, prote\u00e7\u00e3o de Endpoint e prote\u00e7\u00e3o contra-ataques avan\u00e7ados, com&hellip;<\/p>\n","category_list_v2":"","author_info_v2":{"name":"admin","url":"https:\/\/portal.pi.gov.br\/ati\/author\/admin\/"},"comments_num_v2":"0 coment\u00e1rio","jetpack_sharing_enabled":true,"_links":{"self":[{"href":"https:\/\/portal.pi.gov.br\/ati\/wp-json\/wp\/v2\/pages\/45"}],"collection":[{"href":"https:\/\/portal.pi.gov.br\/ati\/wp-json\/wp\/v2\/pages"}],"about":[{"href":"https:\/\/portal.pi.gov.br\/ati\/wp-json\/wp\/v2\/types\/page"}],"author":[{"embeddable":true,"href":"https:\/\/portal.pi.gov.br\/ati\/wp-json\/wp\/v2\/users\/1"}],"replies":[{"embeddable":true,"href":"https:\/\/portal.pi.gov.br\/ati\/wp-json\/wp\/v2\/comments?post=45"}],"version-history":[{"count":7,"href":"https:\/\/portal.pi.gov.br\/ati\/wp-json\/wp\/v2\/pages\/45\/revisions"}],"predecessor-version":[{"id":1613,"href":"https:\/\/portal.pi.gov.br\/ati\/wp-json\/wp\/v2\/pages\/45\/revisions\/1613"}],"wp:attachment":[{"href":"https:\/\/portal.pi.gov.br\/ati\/wp-json\/wp\/v2\/media?parent=45"}],"curies":[{"name":"wp","href":"https:\/\/api.w.org\/{rel}","templated":true}]}}