{"id":768,"date":"2021-09-28T04:57:33","date_gmt":"2021-09-28T07:57:33","guid":{"rendered":"http:\/\/portal.pi.gov.br\/ati\/?page_id=768"},"modified":"2023-04-11T12:20:32","modified_gmt":"2023-04-11T15:20:32","slug":"encarregado-de-protecao-de-dados","status":"publish","type":"page","link":"https:\/\/portal.pi.gov.br\/ati\/encarregado-de-protecao-de-dados\/","title":{"rendered":"Lei Geral de Prote\u00e7\u00e3o de Dados &#8211; LGPD"},"content":{"rendered":"\n<p><\/p>\n\n\n\n<div class=\"wp-block-ugb-accordion ugb-accordion ugb-104acfd ugb-accordion--v2 ugb-accordion--design-basic ugb-main-block\" aria-expanded=\"false\"><div class=\"ugb-inner-block\"><div class=\"ugb-block-content\"><div class=\"ugb-accordion__item\"><div class=\"ugb-accordion__heading\" role=\"button\" tabindex=\"0\"><h4 class=\"ugb-accordion__title\">Encarregado de Prote\u00e7\u00e3o de Dados &#8211; DPO<\/h4><svg xmlns=\"http:\/\/www.w3.org\/2000\/svg\" viewBox=\"0 0 20 20\" class=\"ugb-accordion__arrow\" width=\"20\" height=\"20\"><path d=\"M16.7 3.3L10 10 3.3 3.4 0 6.7l10 10v-.1l10-9.9z\"><\/path><\/svg><\/div><div class=\"ugb-accordion__content\" role=\"region\"><div class=\"ugb-accordion__content-inner\">\n<div class=\"alignfull wp-block-ugb-team-member ugb-team-member ugb-ac9e105 ugb-team-member--v3 ugb-team-member--design-basic ugb-team-member--columns-1 ugb-main-block ugb-main-block--inner-center ugb--has-block-background\"><style>.ugb-ac9e105 .ugb-team-member__item{border-radius:16px !important}.ugb-ac9e105 .ugb-team-member__name{margin-bottom:8px !important}.ugb-ac9e105 .ugb-team-member__position{color:var(--stk-global-color-4603,#313131) !important;margin-bottom:20px !important}.ugb-ac9e105 .ugb-button{background-color:var(--stk-global-color-4603,#313131);border-radius:0px !important}.ugb-ac9e105 .ugb-button .ugb-button--inner,.ugb-ac9e105 .ugb-button svg:not(.ugb-custom-icon){color:#ffffff !important}.ugb-ac9e105 .ugb-button:before{border-radius:0px !important}.ugb-ac9e105 .ugb-button.ugb-button--has-icon.ugb-button--has-icon svg{width:px;height:px}.ugb-ac9e105 .ugb-team-member__image{margin-bottom:-1px !important}<\/style><div class=\"ugb-inner-block ugb-inner-block--center\"><div class=\"ugb-block-content\"><div class=\"ugb-team-member__item ugb-team-member__item1 ugb--shadow-3\"><div class=\"ugb-team-member__image\"><img decoding=\"async\" loading=\"lazy\" width=\"1242\" height=\"1256\" class=\"ugb-img wp-image-769\" src=\"https:\/\/portal.pi.gov.br\/ati\/wp-content\/uploads\/sites\/2\/2021\/09\/IMG_EA51FA6F3B7B-1.jpeg\" alt=\"Raimundo Pereira da Cunha Neto\" title=\"\"\/><\/div><div class=\"ugb-team-member__content\"><div class=\"ugb-team-member__title\"><h4 class=\"ugb-team-member__name\">Raimundo Pereira da Cunha Neto<\/h4><p class=\"ugb-team-member__position\">Encarregado de Prote\u00e7\u00e3o de Dados &#8211; ATI-PI<\/p><\/div><div class=\"ugb-team-member__buttons\"><div class=\"ugb-button-container\"><a class=\"ugb-social-button ugb-button-linkedin ugb-button ugb-button--size-normal ugb-button--icon-only ugb-button--has-icon\" href=\"#\" rel=\"noopener noreferrer nofollow\" title=\"\"><div class=\"ugb-icon-inner-svg\"><svg aria-hidden=\"true\" focusable=\"false\" data-prefix=\"fab\" data-icon=\"linkedin-in\" class=\"svg-inline--fa fa-linkedin-in fa-w-14\" role=\"img\" xmlns=\"http:\/\/www.w3.org\/2000\/svg\" viewBox=\"0 0 448 512\"><path fill=\"currentColor\" d=\"M100.28 448H7.4V148.9h92.88zM53.79 108.1C24.09 108.1 0 83.5 0 53.8a53.79 53.79 0 0 1 107.58 0c0 29.7-24.1 54.3-53.79 54.3zM447.9 448h-92.68V302.4c0-34.7-.7-79.2-48.29-79.2-48.29 0-55.69 37.7-55.69 76.7V448h-92.78V148.9h89.08v40.8h1.3c12.4-23.5 42.69-48.3 87.88-48.3 94 0 111.28 61.9 111.28 142.3V448z\"><\/path><\/svg><\/div><\/a><\/div><div class=\"ugb-button-container\"><a class=\"ugb-social-button ugb-button-email ugb-button ugb-button--size-normal ugb-button--icon-only ugb-button--has-icon\" href=\"mailto:my@email.com\" rel=\"noopener noreferrer nofollow\" title=\"\"><div class=\"ugb-icon-inner-svg\"><svg aria-hidden=\"true\" focusable=\"false\" data-prefix=\"far\" data-icon=\"envelope\" class=\"svg-inline--fa fa-envelope fa-w-16\" role=\"img\" xmlns=\"http:\/\/www.w3.org\/2000\/svg\" viewBox=\"0 0 512 512\"><path fill=\"currentColor\" d=\"M464 64H48C21.49 64 0 85.49 0 112v288c0 26.51 21.49 48 48 48h416c26.51 0 48-21.49 48-48V112c0-26.51-21.49-48-48-48zm0 48v40.805c-22.422 18.259-58.168 46.651-134.587 106.49-16.841 13.247-50.201 45.072-73.413 44.701-23.208.375-56.579-31.459-73.413-44.701C106.18 199.465 70.425 171.067 48 152.805V112h416zM48 400V214.398c22.914 18.251 55.409 43.862 104.938 82.646 21.857 17.205 60.134 55.186 103.062 54.955 42.717.231 80.509-37.199 103.053-54.947 49.528-38.783 82.032-64.401 104.947-82.653V400H48z\"><\/path><\/svg><\/div><\/a><\/div><\/div><\/div><\/div><\/div><\/div><\/div>\n\n\n\n<p><strong>Endere\u00e7o<\/strong><br>Av. Pedro Freitas, 1900 \u2013 Centro Administrativo &#8211; Bairro S\u00e3o Pedro<\/p>\n\n\n\n<p><strong>Hor\u00e1rios de Atendimento<\/strong><br>De Segunda \u00e0 Sexta das 10:30 as 12:00<\/p>\n\n\n\n<p><strong>E-mail<\/strong><br>dpo@ati.pi.gov.br<\/p>\n\n\n\n<p><strong>Previs\u00e3o Legal<\/strong><br>LGPD, art. 5\u00ba, VIII<\/p>\n\n\n\n<p><strong>Atribui\u00e7\u00f5es<\/strong><br>Artigo 41, \u00a72\u00ba, da LGPD<br><em>I &#8211; aceitar reclama\u00e7\u00f5es e comunica\u00e7\u00f5es dos titulares, prestar esclarecimentos e adotar provid\u00eancias;<\/em><br><em>II &#8211; receber comunica\u00e7\u00f5es da autoridade nacional e adotar provid\u00eancias;<\/em><br><em>III &#8211; orientar os funcion\u00e1rios e os contratados da entidade a respeito das pr\u00e1ticas a serem tomadas em rela\u00e7\u00e3o \u00e0 prote\u00e7\u00e3o de dados pessoais; e<\/em><br><em>IV &#8211; executar as demais atribui\u00e7\u00f5es determinadas pelo controlador ou estabelecidas em normas complementares<\/em><\/p>\n<\/div><\/div><\/div><\/div><\/div><\/div>\n\n\n\n<div class=\"wp-block-ugb-accordion ugb-accordion ugb-c42d499 ugb-accordion--v2 ugb-accordion--design-basic ugb-main-block\" aria-expanded=\"false\"><div class=\"ugb-inner-block\"><div class=\"ugb-block-content\"><div class=\"ugb-accordion__item\"><div class=\"ugb-accordion__heading\" role=\"button\" tabindex=\"0\"><h4 class=\"ugb-accordion__title\">Formul\u00e1rio de Requisi\u00e7\u00e3o<\/h4><svg xmlns=\"http:\/\/www.w3.org\/2000\/svg\" viewBox=\"0 0 20 20\" class=\"ugb-accordion__arrow\" width=\"20\" height=\"20\"><path d=\"M16.7 3.3L10 10 3.3 3.4 0 6.7l10 10v-.1l10-9.9z\"><\/path><\/svg><\/div><div class=\"ugb-accordion__content\" role=\"region\"><div class=\"ugb-accordion__content-inner\">\n<div class=\"wp-block-contact-form-7-contact-form-selector\">\n<div class=\"wpcf7 no-js\" id=\"wpcf7-f2749-o1\" lang=\"pt-BR\" dir=\"ltr\">\n<div class=\"screen-reader-response\"><p role=\"status\" aria-live=\"polite\" aria-atomic=\"true\"><\/p> <ul><\/ul><\/div>\n<form action=\"\/ati\/wp-json\/wp\/v2\/pages\/768#wpcf7-f2749-o1\" method=\"post\" class=\"wpcf7-form init\" aria-label=\"Formul\u00e1rios de contato\" enctype=\"multipart\/form-data\" novalidate=\"novalidate\" data-status=\"init\">\n<div style=\"display: none;\">\n<input type=\"hidden\" name=\"_wpcf7\" value=\"2749\" \/>\n<input type=\"hidden\" name=\"_wpcf7_version\" value=\"5.7.7\" \/>\n<input type=\"hidden\" name=\"_wpcf7_locale\" value=\"pt_BR\" \/>\n<input type=\"hidden\" name=\"_wpcf7_unit_tag\" value=\"wpcf7-f2749-o1\" \/>\n<input type=\"hidden\" name=\"_wpcf7_container_post\" value=\"0\" \/>\n<input type=\"hidden\" name=\"_wpcf7_posted_data_hash\" value=\"\" \/>\n<input type=\"hidden\" name=\"_wpcf7_recaptcha_response\" value=\"\" \/>\n<\/div>\n<p align=\"center\"><b>Formul\u00e1rio de Requisi\u00e7\u00e3o do Titular <\/b>\n<\/p>\n<p>A Lei Geral de Prote\u00e7\u00e3o de Dados Pessoais (LGPD), Lei n. 13.709\/18, de 14 de agosto de 2018 entrou em vigor em setembro de 2020 e trata de medidas espec\u00edficas tanto em meios f\u00edsicos quanto em plataformas digitais, e abrange institui\u00e7\u00f5es p\u00fablicas e privadas.\n<\/p>\n<p>De acordo com a LGPD, o Titular dos Dados poder\u00e1 solicitar ao agente de tratamento denominado \u201cCONTROLADOR\u201d, neste caso, a Ag\u00eancia de Tecnologia do Estado do Piau\u00ed, se este coleta ou trata algum tipo de dados pessoais.\n<\/p>\n<p>Para podermos tratar a sua requisi\u00e7\u00e3o, necessitamos confirmar sua identidade. Tamb\u00e9m poderemos solicitar informa\u00e7\u00f5es complementares para garantir a seguran\u00e7a do processo e localizarmos seus registros. Preencha o formul\u00e1rio abaixo para exercer o seu direito de acesso \u00e0s informa\u00e7\u00f5es.\n<\/p>\n<p align=\"center\"><br \/>\n<b> Eu sou <\/b><br \/>\n<span class=\"wpcf7-form-control-wrap\" data-name=\"menu-316\"><select class=\"wpcf7-form-control wpcf7-select\" aria-invalid=\"false\" name=\"menu-316\"><option value=\"Servidor P\u00fablico Estadual\">Servidor P\u00fablico Estadual<\/option><option value=\"Servidor P\u00fablico Municipal\">Servidor P\u00fablico Municipal<\/option><\/select><\/span>\n<\/p>\n<p align=\"center\"><br \/>\n<b> Motivo da Solicita\u00e7\u00e3o <\/b><br \/>\n<span class=\"wpcf7-form-control-wrap\" data-name=\"menu-291\"><select class=\"wpcf7-form-control wpcf7-select\" aria-invalid=\"false\" name=\"menu-291\"><option value=\"Confirma\u00e7\u00e3o da exist\u00eancia de tratamento de dados pessoais\">Confirma\u00e7\u00e3o da exist\u00eancia de tratamento de dados pessoais<\/option><option value=\"Corre\u00e7\u00e3o dos dados pessoais\">Corre\u00e7\u00e3o dos dados pessoais<\/option><option value=\"Anonimiza\u00e7\u00e3o de dados\">Anonimiza\u00e7\u00e3o de dados<\/option><option value=\"Portabilidade dos dados\">Portabilidade dos dados<\/option><option value=\"Elimina\u00e7\u00e3o dos dados\">Elimina\u00e7\u00e3o dos dados<\/option><option value=\"Informa\u00e7\u00e3o sobre o compartilhamento dos dados\">Informa\u00e7\u00e3o sobre o compartilhamento dos dados<\/option><option value=\"Informa\u00e7\u00e3o sobre o n\u00e3o fornecimento de consentimento\">Informa\u00e7\u00e3o sobre o n\u00e3o fornecimento de consentimento<\/option><option value=\"Revoga\u00e7\u00e3o de consentimento\">Revoga\u00e7\u00e3o de consentimento<\/option><option value=\"Acesso aos dados\">Acesso aos dados<\/option><option value=\"Revis\u00e3o de decis\u00e3o por tratamento automatizado\">Revis\u00e3o de decis\u00e3o por tratamento automatizado<\/option><\/select><\/span>\n<\/p>\n<p align=\"center\"><br \/>\n<b> Nome Completo <\/b><br \/>\n<span class=\"wpcf7-form-control-wrap\" data-name=\"text-173\"><input size=\"40\" class=\"wpcf7-form-control wpcf7-text wpcf7-validates-as-required\" aria-required=\"true\" aria-invalid=\"false\" value=\"\" type=\"text\" name=\"text-173\" \/><\/span>\n<\/p>\n<p align=\"center\"><br \/>\n<b> E-mail <\/b><br \/>\n<span class=\"wpcf7-form-control-wrap\" data-name=\"your-email\"><input size=\"40\" class=\"wpcf7-form-control wpcf7-text wpcf7-email wpcf7-validates-as-required wpcf7-validates-as-email\" autocomplete=\"email\" aria-required=\"true\" aria-invalid=\"false\" value=\"\" type=\"email\" name=\"your-email\" \/><\/span>\n<\/p>\n<p align=\"center\"><br \/>\n<b> CPF <\/b><br \/>\n<span class=\"wpcf7-form-control-wrap\" data-name=\"text-174\"><input size=\"40\" class=\"wpcf7-form-control wpcf7-text wpcf7-validates-as-required\" aria-required=\"true\" aria-invalid=\"false\" value=\"\" type=\"text\" name=\"text-174\" \/><\/span>\n<\/p>\n<p align=\"center\"><br \/>\n<b> Observa\u00e7\u00e3o <\/b><br \/>\n<span class=\"wpcf7-form-control-wrap\" data-name=\"textarea-432\"><textarea cols=\"40\" rows=\"10\" class=\"wpcf7-form-control wpcf7-textarea\" aria-invalid=\"false\" name=\"textarea-432\"><\/textarea><\/span>\n<\/p>\n<p align=\"center\"><br \/>\n<b> Anexar arquivo (PDF) <\/b><br \/>\n<span class=\"wpcf7-form-control-wrap\" data-name=\"file-995\"><input size=\"40\" class=\"wpcf7-form-control wpcf7-file\" accept=\".pdf\" aria-invalid=\"false\" type=\"file\" name=\"file-995\" \/><\/span>\n<\/p>\n<p align=\"center\"><br \/>\n<input class=\"wpcf7-form-control has-spinner wpcf7-submit\" type=\"submit\" value=\"Enviar\" \/>\n<\/p>\n<p align=\"center\"><i><b>Estou de acordo com a Pol\u00edtica de Privacidade Autorizo o uso dos dados acima para identifica\u00e7\u00e3o dos meus dados pessoais.<\/b><\/i>\n<\/p><div class=\"wpcf7-response-output\" aria-hidden=\"true\"><\/div>\n<\/form>\n<\/div>\n<\/div>\n<\/div><\/div><\/div><\/div><\/div><\/div>\n\n\n\n<div class=\"wp-block-ugb-accordion ugb-accordion ugb-ce0076e ugb-accordion--v2 ugb-accordion--design-basic ugb-main-block\" aria-expanded=\"false\"><div class=\"ugb-inner-block\"><div class=\"ugb-block-content\"><div class=\"ugb-accordion__item\"><div class=\"ugb-accordion__heading\" role=\"button\" tabindex=\"0\"><h4 class=\"ugb-accordion__title\">Leis<\/h4><svg xmlns=\"http:\/\/www.w3.org\/2000\/svg\" viewBox=\"0 0 20 20\" class=\"ugb-accordion__arrow\" width=\"20\" height=\"20\"><path d=\"M16.7 3.3L10 10 3.3 3.4 0 6.7l10 10v-.1l10-9.9z\"><\/path><\/svg><\/div><div class=\"ugb-accordion__content\" role=\"region\"><div class=\"ugb-accordion__content-inner\">\n<p class=\"has-text-align-center\"><a href=\"http:\/\/www.planalto.gov.br\/ccivil_03\/_ato2015-2018\/2018\/lei\/l13709.htm\" target=\"_blank\" rel=\"noopener\">Lei Geral de Prote\u00e7\u00e3o de Dados<\/a>&nbsp;<\/p>\n\n\n\n<p class=\"has-text-align-center\"><a href=\"http:\/\/www.planalto.gov.br\/ccivil_03\/_ato2011-2014\/2014\/lei\/l12965.htm\" target=\"_blank\" rel=\"noopener\">Lei do Marco Civil da Internet<\/a><\/p>\n<\/div><\/div><\/div><\/div><\/div><\/div>\n\n\n\n<div class=\"wp-block-ugb-accordion ugb-accordion ugb-32cf668 ugb-accordion--v2 ugb-accordion--design-basic ugb-main-block\" aria-expanded=\"false\"><div class=\"ugb-inner-block\"><div class=\"ugb-block-content\"><div class=\"ugb-accordion__item\"><div class=\"ugb-accordion__heading\" role=\"button\" tabindex=\"0\"><h4 class=\"ugb-accordion__title\">Portarias<\/h4><svg xmlns=\"http:\/\/www.w3.org\/2000\/svg\" viewBox=\"0 0 20 20\" class=\"ugb-accordion__arrow\" width=\"20\" height=\"20\"><path d=\"M16.7 3.3L10 10 3.3 3.4 0 6.7l10 10v-.1l10-9.9z\"><\/path><\/svg><\/div><div class=\"ugb-accordion__content\" role=\"region\"><div class=\"ugb-accordion__content-inner\">\n<p class=\"has-text-align-center\"><a href=\"http:\/\/www.planalto.gov.br\/ccivil_03\/_ato2015-2018\/2018\/lei\/l13709.htm\" target=\"_blank\" rel=\"noopener\">Lei Geral de Prote\u00e7\u00e3o de Dados<\/a>&nbsp;<\/p>\n\n\n\n<p class=\"has-text-align-center\"><a href=\"http:\/\/www.planalto.gov.br\/ccivil_03\/_ato2011-2014\/2014\/lei\/l12965.htm\" target=\"_blank\" rel=\"noopener\">Lei do Marco Civil da Internet<\/a><\/p>\n<\/div><\/div><\/div><\/div><\/div><\/div>\n\n\n\n<div class=\"wp-block-ugb-accordion ugb-accordion ugb-f3e7910 ugb-accordion--v2 ugb-accordion--design-basic ugb-main-block\" aria-expanded=\"false\"><div class=\"ugb-inner-block\"><div class=\"ugb-block-content\"><div class=\"ugb-accordion__item\"><div class=\"ugb-accordion__heading\" role=\"button\" tabindex=\"0\"><h4 class=\"ugb-accordion__title\">Guias e Manuais<\/h4><svg xmlns=\"http:\/\/www.w3.org\/2000\/svg\" viewBox=\"0 0 20 20\" class=\"ugb-accordion__arrow\" width=\"20\" height=\"20\"><path d=\"M16.7 3.3L10 10 3.3 3.4 0 6.7l10 10v-.1l10-9.9z\"><\/path><\/svg><\/div><div class=\"ugb-accordion__content\" role=\"region\"><div class=\"ugb-accordion__content-inner\">\n<p class=\"has-text-align-center\"><a href=\"https:\/\/www.gov.br\/governodigital\/pt-br\/seguranca-e-protecao-de-dados\/guia-boas-praticas-lgpd\" target=\"_blank\" rel=\"noopener\">Guia de Boas Pr\u00e1ticas LGPD<\/a><\/p>\n\n\n\n<p class=\"has-text-align-center\"><a rel=\"noopener\" href=\"http:\/\/portal.pi.gov.br\/ati\/wp-content\/uploads\/sites\/2\/2021\/11\/Guia-do-colaborador-LGPD-ATI-1.pdf\" target=\"_blank\">Guia do Colaborar ATI \u2013 Boas Pr\u00e1ticas LGPD<\/a><\/p>\n<\/div><\/div><\/div><\/div><\/div><\/div>\n","protected":false},"excerpt":{"rendered":"<p>Raimundo Pereira da Cunha Neto Encarregado de Prote\u00e7\u00e3o de Dados &#8211; ATI-PI Endere\u00e7oAv. Pedro Freitas, 1900 \u2013 Centro Administrativo &#8211; Bairro S\u00e3o Pedro Hor\u00e1rios de AtendimentoDe Segunda \u00e0 Sexta das [&hellip;]<\/p>\n","protected":false},"author":1,"featured_media":0,"parent":0,"menu_order":0,"comment_status":"closed","ping_status":"closed","template":"template-fullwidth.php","meta":[],"featured_image_urls":{"full":"","thumbnail":"","medium":"","medium_large":"","large":"","sgg-420":"","sgg-540":"","sgg-780":"","1536x1536":"","2048x2048":"","homepage-slider":"","homepage-slider-small":"","page-top":"","page-small":"","loop-main":"","thumb-gallery-widget":""},"post_excerpt_stackable":"<p>Encarregado de Prote\u00e7\u00e3o de Dados &#8211; DPO Raimundo Pereira da Cunha NetoEncarregado de Prote\u00e7\u00e3o de Dados &#8211; ATI-PI Endere\u00e7oAv. Pedro Freitas, 1900 \u2013 Centro Administrativo &#8211; Bairro S\u00e3o Pedro Hor\u00e1rios de AtendimentoDe Segunda \u00e0 Sexta das 10:30 as 12:00 E-maildpo@ati.pi.gov.br Previs\u00e3o LegalLGPD, art. 5\u00ba, VIII Atribui\u00e7\u00f5esArtigo 41, \u00a72\u00ba, da LGPDI &#8211; aceitar reclama\u00e7\u00f5es e comunica\u00e7\u00f5es dos titulares, prestar esclarecimentos e adotar provid\u00eancias;II &#8211; receber comunica\u00e7\u00f5es da autoridade nacional e adotar provid\u00eancias;III &#8211; orientar os funcion\u00e1rios e os contratados da entidade a respeito das pr\u00e1ticas a serem tomadas em rela\u00e7\u00e3o \u00e0 prote\u00e7\u00e3o de dados pessoais; eIV &#8211; executar as demais atribui\u00e7\u00f5es&hellip;<\/p>\n","category_list":"","author_info":{"name":"admin","url":"https:\/\/portal.pi.gov.br\/ati\/author\/admin\/"},"comments_num":"0 coment\u00e1rio","featured_image_urls_v2":{"full":"","thumbnail":"","medium":"","medium_large":"","large":"","sgg-420":"","sgg-540":"","sgg-780":"","1536x1536":"","2048x2048":"","homepage-slider":"","homepage-slider-small":"","page-top":"","page-small":"","loop-main":"","thumb-gallery-widget":""},"post_excerpt_stackable_v2":"<p>Encarregado de Prote\u00e7\u00e3o de Dados &#8211; DPO Raimundo Pereira da Cunha NetoEncarregado de Prote\u00e7\u00e3o de Dados &#8211; ATI-PI Endere\u00e7oAv. Pedro Freitas, 1900 \u2013 Centro Administrativo &#8211; Bairro S\u00e3o Pedro Hor\u00e1rios de AtendimentoDe Segunda \u00e0 Sexta das 10:30 as 12:00 E-maildpo@ati.pi.gov.br Previs\u00e3o LegalLGPD, art. 5\u00ba, VIII Atribui\u00e7\u00f5esArtigo 41, \u00a72\u00ba, da LGPDI &#8211; aceitar reclama\u00e7\u00f5es e comunica\u00e7\u00f5es dos titulares, prestar esclarecimentos e adotar provid\u00eancias;II &#8211; receber comunica\u00e7\u00f5es da autoridade nacional e adotar provid\u00eancias;III &#8211; orientar os funcion\u00e1rios e os contratados da entidade a respeito das pr\u00e1ticas a serem tomadas em rela\u00e7\u00e3o \u00e0 prote\u00e7\u00e3o de dados pessoais; eIV &#8211; executar as demais atribui\u00e7\u00f5es&hellip;<\/p>\n","category_list_v2":"","author_info_v2":{"name":"admin","url":"https:\/\/portal.pi.gov.br\/ati\/author\/admin\/"},"comments_num_v2":"0 coment\u00e1rio","jetpack_sharing_enabled":true,"_links":{"self":[{"href":"https:\/\/portal.pi.gov.br\/ati\/wp-json\/wp\/v2\/pages\/768"}],"collection":[{"href":"https:\/\/portal.pi.gov.br\/ati\/wp-json\/wp\/v2\/pages"}],"about":[{"href":"https:\/\/portal.pi.gov.br\/ati\/wp-json\/wp\/v2\/types\/page"}],"author":[{"embeddable":true,"href":"https:\/\/portal.pi.gov.br\/ati\/wp-json\/wp\/v2\/users\/1"}],"replies":[{"embeddable":true,"href":"https:\/\/portal.pi.gov.br\/ati\/wp-json\/wp\/v2\/comments?post=768"}],"version-history":[{"count":75,"href":"https:\/\/portal.pi.gov.br\/ati\/wp-json\/wp\/v2\/pages\/768\/revisions"}],"predecessor-version":[{"id":2941,"href":"https:\/\/portal.pi.gov.br\/ati\/wp-json\/wp\/v2\/pages\/768\/revisions\/2941"}],"wp:attachment":[{"href":"https:\/\/portal.pi.gov.br\/ati\/wp-json\/wp\/v2\/media?parent=768"}],"curies":[{"name":"wp","href":"https:\/\/api.w.org\/{rel}","templated":true}]}}