{"id":11274,"date":"2026-01-29T13:36:36","date_gmt":"2026-01-29T16:36:36","guid":{"rendered":"https:\/\/portal.pi.gov.br\/cge\/?page_id=11274"},"modified":"2026-02-13T13:45:01","modified_gmt":"2026-02-13T16:45:01","slug":"emendas-parlamentares","status":"publish","type":"page","link":"https:\/\/portal.pi.gov.br\/cge\/emendas-parlamentares\/","title":{"rendered":"Emendas parlamentares"},"content":{"rendered":"\n<p><em>Para facilitar a busca utilize o atalho Ctrl + F e digite a palavra-chave.<\/em><\/p>\n\n\n\n<div class=\"wp-block-group is-vertical is-layout-flex wp-container-1\">\n<div class=\"wp-block-stackable-heading stk-block-heading stk-block-heading--v2 stk-block stk-1cec7f8\" id=\"certidao-regular-execucao-de-recursos-provenientes-de-emendas-parlamentares\" data-block-id=\"1cec7f8\"><style>.stk-1cec7f8{margin-bottom:0px !important}.stk-1cec7f8 .stk-block-heading__text{color:#000000 !important}.stk-1cec7f8 .stk-block-heading__top-line{height:4px !important;width:450px !important;background-color:#1071a1 !important;margin-bottom:0px !important}.stk-1cec7f8 .stk-block-heading__bottom-line{height:4px !important;width:0px !important;background-color:#1071a1 !important;margin-top:7px !important}<\/style><div class=\"stk-block-heading__top-line\"><\/div><h2 class=\"stk-block-heading__text has-text-color has-black-color stk-block-heading--use-theme-margins\">Certid\u00e3o &#8211; Regular execu\u00e7\u00e3o de recursos provenientes de emendas parlamentares<\/h2><\/div>\n\n\n\n<p>Atendimento aos crit\u00e9rios de Transpar\u00eancia e Rastreabilidade em meios eletr\u00f4nicos de acesso p\u00fablico para a regular execu\u00e7\u00e3o de recursos provenientes de emendas parlamentares.<\/p>\n\n\n\n<p><em><a href=\"https:\/\/portal.pi.gov.br\/cge\/download\/516\/emendas-parlamentares\/11392\/certidao-tce-pi.pdf\">Acesse o documento<\/a><\/em><\/p>\n<\/div>\n\n\n\n<div class=\"wp-block-group is-vertical is-layout-flex wp-container-2\">\n<div class=\"wp-block-stackable-heading stk-block-heading stk-block-heading--v2 stk-block stk-3615dc7\" id=\"instrucao-normativa-tce-n-5-de-11-de-dezembro-de-2025\" data-block-id=\"3615dc7\"><style>.stk-3615dc7{margin-bottom:0px !important}.stk-3615dc7 .stk-block-heading__text{color:#000000 !important}.stk-3615dc7 .stk-block-heading__top-line{height:4px !important;width:450px !important;background-color:#1071a1 !important;margin-bottom:0px !important}.stk-3615dc7 .stk-block-heading__bottom-line{height:4px !important;width:0px !important;background-color:#1071a1 !important;margin-top:7px !important}<\/style><div class=\"stk-block-heading__top-line\"><\/div><h2 class=\"stk-block-heading__text has-text-color has-black-color stk-block-heading--use-theme-margins\">Instru\u00e7\u00e3o Normativa TCE N.\u00ba 5, de 11 de Dezembro de 2025<\/h2><\/div>\n\n\n\n<p>Disp\u00f5e sobre a transpar\u00eancia e rastreabilidade das emendas parlamentares federais, estaduais e municipais, quando executadas pelos jurisdicionados do TCE-PI, e estabelece orienta\u00e7\u00f5es adicionais quanto a sua execu\u00e7\u00e3o.<\/p>\n\n\n\n<p><em><a href=\"https:\/\/portal.pi.gov.br\/cge\/download\/516\/emendas-parlamentares\/11282\/in-tce-pi-05-2025-emendas-parlamentares-1.pdf\">Acesse o documento<\/a><\/em><\/p>\n<\/div>\n\n\n\n<div class=\"wp-block-group is-vertical is-layout-flex wp-container-3\">\n<div class=\"wp-block-stackable-heading stk-block-heading stk-block-heading--v2 stk-block stk-39b9084\" id=\"resolucao-sefaz-pi-gasec-cgfr-n-2-2026\" data-block-id=\"39b9084\"><style>.stk-39b9084{margin-bottom:0px !important}.stk-39b9084 .stk-block-heading__text{color:#000000 !important}.stk-39b9084 .stk-block-heading__top-line{height:4px !important;width:450px !important;background-color:#1071a1 !important;margin-bottom:0px !important}.stk-39b9084 .stk-block-heading__bottom-line{height:4px !important;width:0px !important;background-color:#1071a1 !important;margin-top:7px !important}<\/style><div class=\"stk-block-heading__top-line\"><\/div><h2 class=\"stk-block-heading__text has-text-color has-black-color stk-block-heading--use-theme-margins\">Resolu\u00e7\u00e3o SEFAZ-PI\/GASEC\/CGFR N\u00ba 2\/2026<\/h2><\/div>\n\n\n\n<p>Institui, regulamenta e uniformiza o fluxo de operacionaliza\u00e7\u00e3o das emendas parlamentares estaduais individuais, estabelece regras e responsabilidades, e determina sua execu\u00e7\u00e3o obrigat\u00f3ria no Sistema Integrado de Gest\u00e3o de Repasses \u2013 SIGRP, no \u00e2mbito do Poder Executivo do Estado do Piau\u00ed.<\/p>\n\n\n\n<p><em><a href=\"https:\/\/portal.pi.gov.br\/cge\/download\/516\/emendas-parlamentares\/11281\/2026-cgfr-resolucao-sefaz-pi-gasec-cgfr-n-2_2026-1.pdf\">Acesse o documento<\/a><\/em><\/p>\n<\/div>\n\n\n\n<div class=\"wp-block-group is-vertical is-layout-flex wp-container-4\">\n<div class=\"wp-block-stackable-heading stk-block-heading stk-block-heading--v2 stk-block stk-4d22f85\" id=\"fluxo-das-emendas-parlamentares\" data-block-id=\"4d22f85\"><style>.stk-4d22f85{margin-bottom:0px !important}.stk-4d22f85 .stk-block-heading__text{color:#000000 !important}.stk-4d22f85 .stk-block-heading__top-line{height:4px !important;width:450px !important;background-color:#1071a1 !important;margin-bottom:0px !important}.stk-4d22f85 .stk-block-heading__bottom-line{height:4px !important;width:0px !important;background-color:#1071a1 !important;margin-top:7px !important}<\/style><div class=\"stk-block-heading__top-line\"><\/div><h2 class=\"stk-block-heading__text has-text-color has-black-color stk-block-heading--use-theme-margins\">Fluxo das emendas parlamentares<\/h2><\/div>\n\n\n\n<p><em><a href=\"https:\/\/portal.pi.gov.br\/cge\/download\/516\/emendas-parlamentares\/11299\/fluxo-emendas-parlamentares.pdf\">Acesse o documento<\/a><\/em><\/p>\n<\/div>\n","protected":false},"excerpt":{"rendered":"<p>Para facilitar a busca utilize o atalho Ctrl + F e digite a palavra-chave. Certid\u00e3o &#8211; Regular execu\u00e7\u00e3o de recursos provenientes de emendas parlamentares Atendimento aos crit\u00e9rios de Transpar\u00eancia e [&hellip;]<\/p>\n","protected":false},"author":41,"featured_media":0,"parent":0,"menu_order":0,"comment_status":"closed","ping_status":"closed","template":"","meta":[],"featured_image_urls":{"full":"","thumbnail":"","medium":"","medium_large":"","large":"","sgg-420":"","sgg-540":"","sgg-780":"","1536x1536":"","2048x2048":"","homepage-slider":"","homepage-slider-small":"","page-top":"","page-small":"","loop-main":"","thumb-gallery-widget":""},"post_excerpt_stackable":"<p>Para facilitar a busca utilize o atalho Ctrl + F e digite a palavra-chave. Certid\u00e3o &#8211; Regular execu\u00e7\u00e3o de recursos provenientes de emendas parlamentares Atendimento aos crit\u00e9rios de Transpar\u00eancia e Rastreabilidade em meios eletr\u00f4nicos de acesso p\u00fablico para a regular execu\u00e7\u00e3o de recursos provenientes de emendas parlamentares. Acesse o documento Instru\u00e7\u00e3o Normativa TCE N.\u00ba 5, de 11 de Dezembro de 2025 Disp\u00f5e sobre a transpar\u00eancia e rastreabilidade das emendas parlamentares federais, estaduais e municipais, quando executadas pelos jurisdicionados do TCE-PI, e estabelece orienta\u00e7\u00f5es adicionais quanto a sua execu\u00e7\u00e3o. Acesse o documento Resolu\u00e7\u00e3o SEFAZ-PI\/GASEC\/CGFR N\u00ba 2\/2026 Institui, regulamenta e uniformiza o&hellip;<\/p>\n","category_list":"","author_info":{"name":"anavirginia","url":"https:\/\/portal.pi.gov.br\/cge\/author\/anavirginia\/"},"comments_num":"0 coment\u00e1rio","featured_image_urls_v2":{"full":"","thumbnail":"","medium":"","medium_large":"","large":"","sgg-420":"","sgg-540":"","sgg-780":"","1536x1536":"","2048x2048":"","homepage-slider":"","homepage-slider-small":"","page-top":"","page-small":"","loop-main":"","thumb-gallery-widget":""},"post_excerpt_stackable_v2":"<p>Para facilitar a busca utilize o atalho Ctrl + F e digite a palavra-chave. Certid\u00e3o &#8211; Regular execu\u00e7\u00e3o de recursos provenientes de emendas parlamentares Atendimento aos crit\u00e9rios de Transpar\u00eancia e Rastreabilidade em meios eletr\u00f4nicos de acesso p\u00fablico para a regular execu\u00e7\u00e3o de recursos provenientes de emendas parlamentares. Acesse o documento Instru\u00e7\u00e3o Normativa TCE N.\u00ba 5, de 11 de Dezembro de 2025 Disp\u00f5e sobre a transpar\u00eancia e rastreabilidade das emendas parlamentares federais, estaduais e municipais, quando executadas pelos jurisdicionados do TCE-PI, e estabelece orienta\u00e7\u00f5es adicionais quanto a sua execu\u00e7\u00e3o. Acesse o documento Resolu\u00e7\u00e3o SEFAZ-PI\/GASEC\/CGFR N\u00ba 2\/2026 Institui, regulamenta e uniformiza o&hellip;<\/p>\n","category_list_v2":"","author_info_v2":{"name":"anavirginia","url":"https:\/\/portal.pi.gov.br\/cge\/author\/anavirginia\/"},"comments_num_v2":"0 coment\u00e1rio","jetpack_sharing_enabled":true,"_links":{"self":[{"href":"https:\/\/portal.pi.gov.br\/cge\/wp-json\/wp\/v2\/pages\/11274"}],"collection":[{"href":"https:\/\/portal.pi.gov.br\/cge\/wp-json\/wp\/v2\/pages"}],"about":[{"href":"https:\/\/portal.pi.gov.br\/cge\/wp-json\/wp\/v2\/types\/page"}],"author":[{"embeddable":true,"href":"https:\/\/portal.pi.gov.br\/cge\/wp-json\/wp\/v2\/users\/41"}],"replies":[{"embeddable":true,"href":"https:\/\/portal.pi.gov.br\/cge\/wp-json\/wp\/v2\/comments?post=11274"}],"version-history":[{"count":6,"href":"https:\/\/portal.pi.gov.br\/cge\/wp-json\/wp\/v2\/pages\/11274\/revisions"}],"predecessor-version":[{"id":11394,"href":"https:\/\/portal.pi.gov.br\/cge\/wp-json\/wp\/v2\/pages\/11274\/revisions\/11394"}],"wp:attachment":[{"href":"https:\/\/portal.pi.gov.br\/cge\/wp-json\/wp\/v2\/media?parent=11274"}],"curies":[{"name":"wp","href":"https:\/\/api.w.org\/{rel}","templated":true}]}}