{"id":2788,"date":"2022-02-24T14:47:47","date_gmt":"2022-02-24T17:47:47","guid":{"rendered":"https:\/\/portal.pi.gov.br\/cge\/?page_id=2788"},"modified":"2026-02-24T10:34:15","modified_gmt":"2026-02-24T13:34:15","slug":"publicacoes-relatoriodegestao","status":"publish","type":"page","link":"https:\/\/portal.pi.gov.br\/cge\/publicacoes-relatoriodegestao\/","title":{"rendered":"Relat\u00f3rios de Gest\u00e3o"},"content":{"rendered":"\n<div class=\"wp-block-columns is-layout-flex wp-container-2\">\n<div class=\"wp-block-column is-layout-flow\">\n<div class=\"wp-block-stackable-image-box stk-block-image-box stk-hover-parent stk-block stk-0ce0599 is-style-default\" data-block-id=\"0ce0599\"><div class=\"stk-block-content stk-inner-blocks has-text-align-center stk-row stk-block-image-box__content\">\n<div class=\"wp-block-stackable-image stk-block-image stk-block stk-dd14672\" data-block-id=\"dd14672\"><style>.stk-dd14672 .stk-img-wrapper{height:100px !important}:where(.stk-hover-parent:hover,.stk-hover-parent.stk--is-hovered) .stk-dd14672 .stk-img-wrapper::after{background-color:#000000 !important}:where(.stk-hover-parent:hover,.stk-hover-parent.stk--is-hovered) .stk-dd14672 .stk-img-wrapper{--stk-gradient-overlay:0.7 !important}<\/style><figure class=\"stk-img-wrapper stk-image--shape-stretch\"><img decoding=\"async\" loading=\"lazy\" class=\"stk-img wp-image-4473\" src=\"https:\/\/portal.pi.gov.br\/cge\/wp-content\/uploads\/sites\/12\/2022\/08\/14.png\" width=\"988\" height=\"100\" srcset=\"https:\/\/portal.pi.gov.br\/cge\/wp-content\/uploads\/sites\/12\/2022\/08\/14.png 988w, https:\/\/portal.pi.gov.br\/cge\/wp-content\/uploads\/sites\/12\/2022\/08\/14-300x30.png 300w, https:\/\/portal.pi.gov.br\/cge\/wp-content\/uploads\/sites\/12\/2022\/08\/14-768x78.png 768w, https:\/\/portal.pi.gov.br\/cge\/wp-content\/uploads\/sites\/12\/2022\/08\/14-420x43.png 420w, https:\/\/portal.pi.gov.br\/cge\/wp-content\/uploads\/sites\/12\/2022\/08\/14-540x55.png 540w, https:\/\/portal.pi.gov.br\/cge\/wp-content\/uploads\/sites\/12\/2022\/08\/14-780x79.png 780w, https:\/\/portal.pi.gov.br\/cge\/wp-content\/uploads\/sites\/12\/2022\/08\/14-947x96.png 947w, https:\/\/portal.pi.gov.br\/cge\/wp-content\/uploads\/sites\/12\/2022\/08\/14-624x63.png 624w\" sizes=\"(max-width: 988px) 100vw, 988px\" \/><\/figure><\/div>\n\n\n\n<div class=\"wp-block-stackable-column stk-block-column stk-column stk-block stk-759ea80\" data-v=\"4\" data-block-id=\"759ea80\"><style>.stk-759ea80{align-items:center !important;display:flex !important}<\/style><div class=\"stk-column-wrapper stk-block-column__content stk-container stk-759ea80-container stk--no-background stk--no-padding\"><div class=\"stk-block-content stk-inner-blocks stk-759ea80-inner-blocks\"><\/div><\/div><\/div>\n<\/div><\/div>\n<\/div>\n<\/div>\n\n\n\n<p class=\"has-text-align-justify\">Neste campo voc\u00ea encontrar\u00e1 os Relat\u00f3rios de Gest\u00e3o anuais publicadas pela CGE\/PI.<\/p>\n\n\n\n<p><em>Para facilitar a busca utilize o atalho Ctrl + F e digite a palavra-chave.<\/em><\/p>\n\n\n\n<div class=\"wp-block-group is-vertical is-layout-flex wp-container-3\">\n<div class=\"wp-block-stackable-heading stk-block-heading stk-block-heading--v2 stk-block stk-a35a1a3\" id=\"2025\" data-block-id=\"a35a1a3\"><style>.stk-a35a1a3{margin-bottom:0px !important}.stk-a35a1a3 .stk-block-heading__text{color:#000000 !important}.stk-a35a1a3 .stk-block-heading__top-line{height:4px !important;width:450px !important;background-color:#1071a1 !important;margin-bottom:0px !important}.stk-a35a1a3 .stk-block-heading__bottom-line{height:4px !important;width:0px !important;background-color:#1071a1 !important;margin-top:7px !important}<\/style><div class=\"stk-block-heading__top-line\"><\/div><h2 class=\"stk-block-heading__text has-text-color has-black-color stk-block-heading--use-theme-margins\">2025<\/h2><\/div>\n\n\n\n<p class=\"has-text-align-justify\">Relat\u00f3rio de gest\u00e3o referente as a\u00e7\u00f5es desenvolvidas pela CGE\/PI no ano de 2025.<\/p>\n\n\n\n<p><em><a href=\"https:\/\/portal.pi.gov.br\/cge\/download\/261\/relatorios-e-boletins\/11418\/relatorio-cge-2025-publicado-em-2026-final.pdf\">Acesse o documento<\/a><\/em><\/p>\n<\/div>\n\n\n\n<div class=\"wp-block-group is-vertical is-layout-flex wp-container-4\">\n<div class=\"wp-block-stackable-heading stk-block-heading stk-block-heading--v2 stk-block stk-7029bb5\" id=\"2024\" data-block-id=\"7029bb5\"><style>.stk-7029bb5{margin-bottom:0px !important}.stk-7029bb5 .stk-block-heading__text{color:#000000 !important}.stk-7029bb5 .stk-block-heading__top-line{height:4px !important;width:450px !important;background-color:#1071a1 !important;margin-bottom:0px !important}.stk-7029bb5 .stk-block-heading__bottom-line{height:4px !important;width:0px !important;background-color:#1071a1 !important;margin-top:7px !important}<\/style><div class=\"stk-block-heading__top-line\"><\/div><h2 class=\"stk-block-heading__text has-text-color has-black-color stk-block-heading--use-theme-margins\">2024<\/h2><\/div>\n\n\n\n<p class=\"has-text-align-justify\">Relat\u00f3rio de gest\u00e3o referente as a\u00e7\u00f5es desenvolvidas pela CGE\/PI no ano de 2024.<\/p>\n\n\n\n<p><em><a href=\"https:\/\/portal.pi.gov.br\/cge\/download\/261\/relatorios-e-boletins\/9689\/relatorio-cge-2024-versao-final.pdf\">Acesse o documento<\/a><\/em><\/p>\n<\/div>\n\n\n\n<div class=\"wp-block-group is-vertical is-layout-flex wp-container-5\">\n<div class=\"wp-block-stackable-heading stk-block-heading stk-block-heading--v2 stk-block stk-92e829c\" id=\"2023\" data-block-id=\"92e829c\"><style>.stk-92e829c{margin-bottom:0px !important}.stk-92e829c .stk-block-heading__text{color:#000000 !important}.stk-92e829c .stk-block-heading__top-line{height:4px !important;width:450px !important;background-color:#1071a1 !important;margin-bottom:0px !important}.stk-92e829c .stk-block-heading__bottom-line{height:4px !important;width:0px !important;background-color:#1071a1 !important;margin-top:7px !important}<\/style><div class=\"stk-block-heading__top-line\"><\/div><h2 class=\"stk-block-heading__text has-text-color has-black-color stk-block-heading--use-theme-margins\">2023<\/h2><\/div>\n\n\n\n<p class=\"has-text-align-justify\">Relat\u00f3rio de gest\u00e3o referente as a\u00e7\u00f5es desenvolvidas pela CGE\/PI no ano de 2023.<\/p>\n\n\n\n<p><em><a href=\"https:\/\/portal.pi.gov.br\/cge\/download\/261\/relatorios-e-boletins\/7726\/relatorio-cge-2023-finalizado_compressed.pdf\">Acesse o documento<\/a><\/em><\/p>\n<\/div>\n\n\n\n<div class=\"wp-block-group is-vertical is-layout-flex wp-container-6\">\n<div class=\"wp-block-stackable-heading stk-block-heading stk-block-heading--v2 stk-block stk-5fdb608\" id=\"2022\" data-block-id=\"5fdb608\"><style>.stk-5fdb608{margin-bottom:0px !important}.stk-5fdb608 .stk-block-heading__text{color:#000000 !important}.stk-5fdb608 .stk-block-heading__top-line{height:4px !important;width:450px !important;background-color:#1071a1 !important;margin-bottom:0px !important}.stk-5fdb608 .stk-block-heading__bottom-line{height:4px !important;width:0px !important;background-color:#1071a1 !important;margin-top:7px !important}<\/style><div class=\"stk-block-heading__top-line\"><\/div><h2 class=\"stk-block-heading__text has-text-color has-black-color stk-block-heading--use-theme-margins\">2022<\/h2><\/div>\n\n\n\n<p class=\"has-text-align-justify\">Relat\u00f3rio de gest\u00e3o referente as a\u00e7\u00f5es desenvolvidas pela CGE\/PI no ano de 2022.<\/p>\n\n\n\n<p><em><a href=\"https:\/\/portal.pi.gov.br\/cge\/download\/261\/relatorios-e-boletins\/5537\/relatorio-cge_pi-2022_compressed.pdf\">Acesse o documento<\/a><\/em><\/p>\n<\/div>\n\n\n\n<div class=\"wp-block-group is-vertical is-layout-flex wp-container-7\">\n<div class=\"wp-block-stackable-heading stk-block-heading stk-block-heading--v2 stk-block stk-65670d3\" id=\"2021\" data-block-id=\"65670d3\"><style>.stk-65670d3{margin-bottom:0px !important}.stk-65670d3 .stk-block-heading__text{color:#000000 !important}.stk-65670d3 .stk-block-heading__top-line{height:4px !important;width:450px !important;background-color:#1071a1 !important;margin-bottom:0px !important}.stk-65670d3 .stk-block-heading__bottom-line{height:4px !important;width:0px !important;background-color:#1071a1 !important;margin-top:7px !important}<\/style><div class=\"stk-block-heading__top-line\"><\/div><h2 class=\"stk-block-heading__text has-text-color has-black-color stk-block-heading--use-theme-margins\">2021<\/h2><\/div>\n\n\n\n<p class=\"has-text-align-justify\">Relat\u00f3rio de gest\u00e3o referente as a\u00e7\u00f5es desenvolvidas pela CGE\/PI no ano de 2021.<\/p>\n\n\n\n<p><em><a href=\"https:\/\/portal.pi.gov.br\/cge\/download\/261\/relatorios\/2775\/relatorio-cge-2021.pdf\">Acesse o documento<\/a><\/em><\/p>\n<\/div>\n","protected":false},"excerpt":{"rendered":"<p>Neste campo voc\u00ea encontrar\u00e1 os Relat\u00f3rios de Gest\u00e3o anuais publicadas pela CGE\/PI. Para facilitar a busca utilize o atalho Ctrl + F e digite a palavra-chave. 2025 Relat\u00f3rio de gest\u00e3o [&hellip;]<\/p>\n","protected":false},"author":40,"featured_media":0,"parent":0,"menu_order":0,"comment_status":"closed","ping_status":"closed","template":"","meta":[],"featured_image_urls":{"full":"","thumbnail":"","medium":"","medium_large":"","large":"","sgg-420":"","sgg-540":"","sgg-780":"","1536x1536":"","2048x2048":"","homepage-slider":"","homepage-slider-small":"","page-top":"","page-small":"","loop-main":"","thumb-gallery-widget":""},"post_excerpt_stackable":"<p>Neste campo voc\u00ea encontrar\u00e1 os Relat\u00f3rios de Gest\u00e3o anuais publicadas pela CGE\/PI. Para facilitar a busca utilize o atalho Ctrl + F e digite a palavra-chave. 2025 Relat\u00f3rio de gest\u00e3o referente as a\u00e7\u00f5es desenvolvidas pela CGE\/PI no ano de 2025. Acesse o documento 2024 Relat\u00f3rio de gest\u00e3o referente as a\u00e7\u00f5es desenvolvidas pela CGE\/PI no ano de 2024. Acesse o documento 2023 Relat\u00f3rio de gest\u00e3o referente as a\u00e7\u00f5es desenvolvidas pela CGE\/PI no ano de 2023. Acesse o documento 2022 Relat\u00f3rio de gest\u00e3o referente as a\u00e7\u00f5es desenvolvidas pela CGE\/PI no ano de 2022. Acesse o documento 2021 Relat\u00f3rio de gest\u00e3o referente as&hellip;<\/p>\n","category_list":"","author_info":{"name":"ariel","url":"https:\/\/portal.pi.gov.br\/cge\/author\/ariel\/"},"comments_num":"0 coment\u00e1rio","featured_image_urls_v2":{"full":"","thumbnail":"","medium":"","medium_large":"","large":"","sgg-420":"","sgg-540":"","sgg-780":"","1536x1536":"","2048x2048":"","homepage-slider":"","homepage-slider-small":"","page-top":"","page-small":"","loop-main":"","thumb-gallery-widget":""},"post_excerpt_stackable_v2":"<p>Neste campo voc\u00ea encontrar\u00e1 os Relat\u00f3rios de Gest\u00e3o anuais publicadas pela CGE\/PI. Para facilitar a busca utilize o atalho Ctrl + F e digite a palavra-chave. 2025 Relat\u00f3rio de gest\u00e3o referente as a\u00e7\u00f5es desenvolvidas pela CGE\/PI no ano de 2025. Acesse o documento 2024 Relat\u00f3rio de gest\u00e3o referente as a\u00e7\u00f5es desenvolvidas pela CGE\/PI no ano de 2024. Acesse o documento 2023 Relat\u00f3rio de gest\u00e3o referente as a\u00e7\u00f5es desenvolvidas pela CGE\/PI no ano de 2023. Acesse o documento 2022 Relat\u00f3rio de gest\u00e3o referente as a\u00e7\u00f5es desenvolvidas pela CGE\/PI no ano de 2022. Acesse o documento 2021 Relat\u00f3rio de gest\u00e3o referente as&hellip;<\/p>\n","category_list_v2":"","author_info_v2":{"name":"ariel","url":"https:\/\/portal.pi.gov.br\/cge\/author\/ariel\/"},"comments_num_v2":"0 coment\u00e1rio","jetpack_sharing_enabled":true,"_links":{"self":[{"href":"https:\/\/portal.pi.gov.br\/cge\/wp-json\/wp\/v2\/pages\/2788"}],"collection":[{"href":"https:\/\/portal.pi.gov.br\/cge\/wp-json\/wp\/v2\/pages"}],"about":[{"href":"https:\/\/portal.pi.gov.br\/cge\/wp-json\/wp\/v2\/types\/page"}],"author":[{"embeddable":true,"href":"https:\/\/portal.pi.gov.br\/cge\/wp-json\/wp\/v2\/users\/40"}],"replies":[{"embeddable":true,"href":"https:\/\/portal.pi.gov.br\/cge\/wp-json\/wp\/v2\/comments?post=2788"}],"version-history":[{"count":14,"href":"https:\/\/portal.pi.gov.br\/cge\/wp-json\/wp\/v2\/pages\/2788\/revisions"}],"predecessor-version":[{"id":11421,"href":"https:\/\/portal.pi.gov.br\/cge\/wp-json\/wp\/v2\/pages\/2788\/revisions\/11421"}],"wp:attachment":[{"href":"https:\/\/portal.pi.gov.br\/cge\/wp-json\/wp\/v2\/media?parent=2788"}],"curies":[{"name":"wp","href":"https:\/\/api.w.org\/{rel}","templated":true}]}}