{"id":4074,"date":"2022-07-26T12:56:48","date_gmt":"2022-07-26T15:56:48","guid":{"rendered":"https:\/\/portal.pi.gov.br\/cge\/?page_id=4074"},"modified":"2026-03-26T09:19:43","modified_gmt":"2026-03-26T12:19:43","slug":"publicacoes-cartilhas","status":"publish","type":"page","link":"https:\/\/portal.pi.gov.br\/cge\/publicacoes-cartilhas\/","title":{"rendered":"Guias e Cartilhas"},"content":{"rendered":"\n<div class=\"wp-block-columns is-layout-flex wp-container-2\">\n<div class=\"wp-block-column is-layout-flow\">\n<div class=\"wp-block-stackable-image-box stk-block-image-box stk-hover-parent stk-block stk-78643b4 is-style-default\" data-block-id=\"78643b4\"><style>.stk-78643b4{margin-bottom:0px !important}<\/style><div class=\"stk-block-content stk-inner-blocks has-text-align-center stk-row stk-block-image-box__content\">\n<div class=\"wp-block-stackable-image stk-block-image stk-block stk-eb72361\" data-block-id=\"eb72361\"><style>.stk-eb72361 .stk-img-wrapper{height:100px !important}:where(.stk-hover-parent:hover,.stk-hover-parent.stk--is-hovered) .stk-eb72361 .stk-img-wrapper::after{background-color:#000000 !important}:where(.stk-hover-parent:hover,.stk-hover-parent.stk--is-hovered) .stk-eb72361 .stk-img-wrapper{--stk-gradient-overlay:0.7 !important}<\/style><figure class=\"stk-img-wrapper stk-image--shape-stretch\"><img decoding=\"async\" loading=\"lazy\" class=\"stk-img wp-image-11085\" src=\"https:\/\/portal.pi.gov.br\/cge\/wp-content\/uploads\/sites\/12\/2025\/12\/SITE-TEMPLATES-.png\" width=\"988\" height=\"100\" srcset=\"https:\/\/portal.pi.gov.br\/cge\/wp-content\/uploads\/sites\/12\/2025\/12\/SITE-TEMPLATES-.png 988w, https:\/\/portal.pi.gov.br\/cge\/wp-content\/uploads\/sites\/12\/2025\/12\/SITE-TEMPLATES--300x30.png 300w, https:\/\/portal.pi.gov.br\/cge\/wp-content\/uploads\/sites\/12\/2025\/12\/SITE-TEMPLATES--768x78.png 768w, https:\/\/portal.pi.gov.br\/cge\/wp-content\/uploads\/sites\/12\/2025\/12\/SITE-TEMPLATES--420x43.png 420w, https:\/\/portal.pi.gov.br\/cge\/wp-content\/uploads\/sites\/12\/2025\/12\/SITE-TEMPLATES--540x55.png 540w, https:\/\/portal.pi.gov.br\/cge\/wp-content\/uploads\/sites\/12\/2025\/12\/SITE-TEMPLATES--780x79.png 780w, https:\/\/portal.pi.gov.br\/cge\/wp-content\/uploads\/sites\/12\/2025\/12\/SITE-TEMPLATES--947x96.png 947w, https:\/\/portal.pi.gov.br\/cge\/wp-content\/uploads\/sites\/12\/2025\/12\/SITE-TEMPLATES--624x63.png 624w\" sizes=\"(max-width: 988px) 100vw, 988px\" \/><\/figure><\/div>\n\n\n\n<div class=\"wp-block-stackable-column stk-block-column stk-column stk-block stk-85f3835\" data-v=\"4\" data-block-id=\"85f3835\"><style>.stk-85f3835{align-items:center !important;display:flex !important}<\/style><div class=\"stk-column-wrapper stk-block-column__content stk-container stk-85f3835-container stk--no-background stk--no-padding\"><div class=\"stk-block-content stk-inner-blocks stk-85f3835-inner-blocks\"><\/div><\/div><\/div>\n<\/div><\/div>\n<\/div>\n<\/div>\n\n\n\n<p class=\"has-text-align-justify\">Neste campo voc\u00ea encontrar\u00e1 os Guias e as Cartilhas publicadas pela CGE ou com o apoio da CGE, para orientar servidores estaduais quanto aos procedimentos relacionados \u00e0s \u00e1reas de atua\u00e7\u00e3o no \u00e2mbito do controle interno.<\/p>\n\n\n\n<p><em>Para facilitar a busca utilize o atalho Ctrl + F e digite a palavra-chave.<\/em><\/p>\n\n\n\n<div class=\"wp-block-group is-vertical is-layout-flex wp-container-3\">\n<div class=\"wp-block-stackable-heading stk-block-heading stk-block-heading--v2 stk-block stk-a0cab73\" id=\"cartilha-suprimento-de-fundos\" data-block-id=\"a0cab73\"><style>.stk-a0cab73{margin-bottom:0px !important}.stk-a0cab73 .stk-block-heading__top-line{height:4px !important;width:560px !important;background-color:#1071a1 !important}<\/style><div class=\"stk-block-heading__top-line\"><\/div><h2 class=\"stk-block-heading__text stk-block-heading--use-theme-margins\">Cartilha Suprimento de Fundos<\/h2><\/div>\n\n\n\n<p>Tutorial desenvolvido pela Secretaria da Administra\u00e7\u00e3o do Piau\u00ed, por interm\u00e9dio da Superintend\u00eancia de Gest\u00e3o Administrativa visando esclarecer as principais d\u00favidas sobre essa pr\u00e1tica administrativa. <\/p>\n\n\n\n<p><em><a href=\"https:\/\/portal.pi.gov.br\/cge\/download\/510\/guias-e-cartilhas\/11132\/cartilha-suprimento-de-fundos.pdf\">Acesse o documento<\/a><\/em><\/p>\n<\/div>\n\n\n\n<div class=\"wp-block-group is-vertical is-layout-flex wp-container-4\">\n<div class=\"wp-block-stackable-heading stk-block-heading stk-block-heading--v2 stk-block stk-dbe528e\" id=\"guia-de-orientacoes-tecnicas-reajuste-de-precos-de-contratos-administrativos\" data-block-id=\"dbe528e\"><style>.stk-dbe528e{margin-bottom:0px !important}.stk-dbe528e .stk-block-heading__top-line{height:4px !important;width:560px !important;background-color:#1071a1 !important}<\/style><div class=\"stk-block-heading__top-line\"><\/div><h2 class=\"stk-block-heading__text stk-block-heading--use-theme-margins\">Guia de Orienta\u00e7\u00f5es T\u00e9cnicas &#8211; Reajuste de Pre\u00e7os de Contratos Administrativos<\/h2><\/div>\n\n\n\n<p>Guia de Orienta\u00e7\u00f5es T\u00e9cnicas tem por finalidade orientar os agentes p\u00fablicos quanto aos procedimentos a serem<br>observados na an\u00e1lise t\u00e9cnica do reajuste de pre\u00e7os de contratos administrativos, no \u00e2mbito do Poder Executivo Estadual. O documento destina-se, especialmente, aos fiscais e gestores de contratos, aos integrantes das comiss\u00f5es de licita\u00e7\u00e3o, aos N\u00facleos de Controle Interno e aos demais agentes envolvidos na instru\u00e7\u00e3o, an\u00e1lise e controle desses processos.<\/p>\n\n\n\n<p><em><a href=\"https:\/\/portal.pi.gov.br\/cge\/download\/510\/guias-e-cartilhas\/11057\/guia-de-orientacoes-tecnicas-reajuste-de-precos-de-contratos-administrativos.pdf\">Acesse o documento<\/a><\/em><\/p>\n<\/div>\n\n\n\n<div class=\"wp-block-group is-vertical is-layout-flex wp-container-5\">\n<div class=\"wp-block-stackable-heading stk-block-heading stk-block-heading--v2 stk-block stk-75d6f88\" id=\"cartilha-sem-assedio-moral-e-sexual-no-ambiente-de-trabalho\" data-block-id=\"75d6f88\"><style>.stk-75d6f88{margin-bottom:0px !important}.stk-75d6f88 .stk-block-heading__top-line{height:4px !important;width:560px !important;background-color:#1071a1 !important}<\/style><div class=\"stk-block-heading__top-line\"><\/div><h2 class=\"stk-block-heading__text stk-block-heading--use-theme-margins\">Cartilha Sem Ass\u00e9dio Moral e Sexual no Ambiente de Trabalho<\/h2><\/div>\n\n\n\n<p>Cartilha \u00e9 fruto da parceria entre a Secretaria das Mulheres (SEMPI), Secretaria de Administra\u00e7\u00e3o (SEAD), Ouvidoria Geral (OGE\/SEGOV) e Controladoria-Geral (CGE\/SEFAZ-PI), criada com o objetivo de fortalecer a\u00e7\u00f5es preventivas e educativas contra o ass\u00e9dio moral e sexual na administra\u00e7\u00e3o p\u00fablica do Piau\u00ed, protegendo a dignidade das\/os servidores.<\/p>\n\n\n\n<p><em><a href=\"https:\/\/portal.pi.gov.br\/cge\/download\/510\/guias-e-cartilhas\/11058\/cartilha-sem-assedio.pdf\">Acesse o documento<\/a><\/em><\/p>\n<\/div>\n\n\n\n<div class=\"wp-block-group is-vertical is-layout-flex wp-container-6\">\n<div class=\"wp-block-stackable-heading stk-block-heading stk-block-heading--v2 stk-block stk-801fe99\" id=\"cartilha-lei-de-acesso-a-informacao-lai\" data-block-id=\"801fe99\"><style>.stk-801fe99{margin-bottom:0px !important}.stk-801fe99 .stk-block-heading__top-line{height:4px !important;width:560px !important;background-color:#1071a1 !important}<\/style><div class=\"stk-block-heading__top-line\"><\/div><h2 class=\"stk-block-heading__text stk-block-heading--use-theme-margins\">Cartilha Lei de Acesso \u00e0 Informa\u00e7\u00e3o &#8211; LAI<\/h2><\/div>\n\n\n\n<p>Entenda a Lei de Acesso \u00e0 Informa\u00e7\u00e3o &#8211; Decreto Estadual N.\u00ba 15.188\/2013<\/p>\n\n\n\n<p><em><a href=\"https:\/\/portal.pi.gov.br\/cge\/download\/299\/ouvidoria\/1826\/cartilha-lei-de-acesso-a-informacao-lai.pdf\">Acesse o documento<\/a><\/em><\/p>\n<\/div>\n\n\n\n<p><\/p>\n","protected":false},"excerpt":{"rendered":"<p>Neste campo voc\u00ea encontrar\u00e1 os Guias e as Cartilhas publicadas pela CGE ou com o apoio da CGE, para orientar servidores estaduais quanto aos procedimentos relacionados \u00e0s \u00e1reas de atua\u00e7\u00e3o [&hellip;]<\/p>\n","protected":false},"author":41,"featured_media":0,"parent":0,"menu_order":0,"comment_status":"closed","ping_status":"closed","template":"","meta":[],"featured_image_urls":{"full":"","thumbnail":"","medium":"","medium_large":"","large":"","sgg-420":"","sgg-540":"","sgg-780":"","1536x1536":"","2048x2048":"","homepage-slider":"","homepage-slider-small":"","page-top":"","page-small":"","loop-main":"","thumb-gallery-widget":""},"post_excerpt_stackable":"<p>Neste campo voc\u00ea encontrar\u00e1 os Guias e as Cartilhas publicadas pela CGE ou com o apoio da CGE, para orientar servidores estaduais quanto aos procedimentos relacionados \u00e0s \u00e1reas de atua\u00e7\u00e3o no \u00e2mbito do controle interno. Para facilitar a busca utilize o atalho Ctrl + F e digite a palavra-chave. Cartilha Suprimento de Fundos Tutorial desenvolvido pela Secretaria da Administra\u00e7\u00e3o do Piau\u00ed, por interm\u00e9dio da Superintend\u00eancia de Gest\u00e3o Administrativa visando esclarecer as principais d\u00favidas sobre essa pr\u00e1tica administrativa. Acesse o documento Guia de Orienta\u00e7\u00f5es T\u00e9cnicas &#8211; Reajuste de Pre\u00e7os de Contratos Administrativos Guia de Orienta\u00e7\u00f5es T\u00e9cnicas tem por finalidade orientar os&hellip;<\/p>\n","category_list":"","author_info":{"name":"anavirginia","url":"https:\/\/portal.pi.gov.br\/cge\/author\/anavirginia\/"},"comments_num":"0 coment\u00e1rio","featured_image_urls_v2":{"full":"","thumbnail":"","medium":"","medium_large":"","large":"","sgg-420":"","sgg-540":"","sgg-780":"","1536x1536":"","2048x2048":"","homepage-slider":"","homepage-slider-small":"","page-top":"","page-small":"","loop-main":"","thumb-gallery-widget":""},"post_excerpt_stackable_v2":"<p>Neste campo voc\u00ea encontrar\u00e1 os Guias e as Cartilhas publicadas pela CGE ou com o apoio da CGE, para orientar servidores estaduais quanto aos procedimentos relacionados \u00e0s \u00e1reas de atua\u00e7\u00e3o no \u00e2mbito do controle interno. Para facilitar a busca utilize o atalho Ctrl + F e digite a palavra-chave. Cartilha Suprimento de Fundos Tutorial desenvolvido pela Secretaria da Administra\u00e7\u00e3o do Piau\u00ed, por interm\u00e9dio da Superintend\u00eancia de Gest\u00e3o Administrativa visando esclarecer as principais d\u00favidas sobre essa pr\u00e1tica administrativa. Acesse o documento Guia de Orienta\u00e7\u00f5es T\u00e9cnicas &#8211; Reajuste de Pre\u00e7os de Contratos Administrativos Guia de Orienta\u00e7\u00f5es T\u00e9cnicas tem por finalidade orientar os&hellip;<\/p>\n","category_list_v2":"","author_info_v2":{"name":"anavirginia","url":"https:\/\/portal.pi.gov.br\/cge\/author\/anavirginia\/"},"comments_num_v2":"0 coment\u00e1rio","jetpack_sharing_enabled":true,"_links":{"self":[{"href":"https:\/\/portal.pi.gov.br\/cge\/wp-json\/wp\/v2\/pages\/4074"}],"collection":[{"href":"https:\/\/portal.pi.gov.br\/cge\/wp-json\/wp\/v2\/pages"}],"about":[{"href":"https:\/\/portal.pi.gov.br\/cge\/wp-json\/wp\/v2\/types\/page"}],"author":[{"embeddable":true,"href":"https:\/\/portal.pi.gov.br\/cge\/wp-json\/wp\/v2\/users\/41"}],"replies":[{"embeddable":true,"href":"https:\/\/portal.pi.gov.br\/cge\/wp-json\/wp\/v2\/comments?post=4074"}],"version-history":[{"count":13,"href":"https:\/\/portal.pi.gov.br\/cge\/wp-json\/wp\/v2\/pages\/4074\/revisions"}],"predecessor-version":[{"id":11629,"href":"https:\/\/portal.pi.gov.br\/cge\/wp-json\/wp\/v2\/pages\/4074\/revisions\/11629"}],"wp:attachment":[{"href":"https:\/\/portal.pi.gov.br\/cge\/wp-json\/wp\/v2\/media?parent=4074"}],"curies":[{"name":"wp","href":"https:\/\/api.w.org\/{rel}","templated":true}]}}