{"id":4217,"date":"2022-08-02T09:16:10","date_gmt":"2022-08-02T12:16:10","guid":{"rendered":"https:\/\/portal.pi.gov.br\/cge\/?page_id=4217"},"modified":"2022-08-02T12:42:24","modified_gmt":"2022-08-02T15:42:24","slug":"efd-reinf","status":"publish","type":"page","link":"https:\/\/portal.pi.gov.br\/cge\/efd-reinf\/","title":{"rendered":"EFD-Reinf"},"content":{"rendered":"\n<h2 class=\"wp-block-heading\">O que \u00e9?<\/h2>\n\n\n\n<p class=\"has-text-align-justify\">A <strong>Escritura\u00e7\u00e3o Fiscal Digital de Reten\u00e7\u00f5es e Outras Informa\u00e7\u00f5es Fiscais EFD-Reinf <\/strong>\u00e9 um dos m\u00f3dulos do <strong>Sistema P\u00fablico de Escritura\u00e7\u00e3o Digital &#8211; SPED<\/strong>, a ser utilizado pelas pessoas jur\u00eddicas e f\u00edsicas, em complemento ao Sistema de Escritura\u00e7\u00e3o Digital das Obriga\u00e7\u00f5es Fiscais, Previdenci\u00e1rias e Trabalhistas \u2013 <strong>eSocial<\/strong>.<\/p>\n\n\n\n<p class=\"has-text-align-justify\">Tem por objeto a escritura\u00e7\u00e3o de rendimentos pagos e reten\u00e7\u00f5es de Imposto de Renda, Contribui\u00e7\u00e3o Social do contribuinte exceto aquelas relacionadas ao trabalho e informa\u00e7\u00f5es sobre a receita bruta para a apura\u00e7\u00e3o das contribui\u00e7\u00f5es previdenci\u00e1rias substitu\u00eddas. Substituir\u00e1, portanto, o m\u00f3dulo da EFD-Contribui\u00e7\u00f5es que apura a Contribui\u00e7\u00e3o Previdenci\u00e1ria sobre a Receita Bruta (CPRB).<\/p>\n\n\n\n<p class=\"has-text-align-justify\">A EFD-Reinf junto ao <strong>eSocial<\/strong>, ap\u00f3s o in\u00edcio de sua obrigatoriedade, abre espa\u00e7o para substitui\u00e7\u00e3o de informa\u00e7\u00f5es solicitadas em outras obriga\u00e7\u00f5es acess\u00f3rias, tais como a GFIP, a DIRF e tamb\u00e9m obriga\u00e7\u00f5es acess\u00f3rias institu\u00eddas por outros \u00f3rg\u00e3os de governo como a RAIS e o CAGED.<\/p>\n\n\n\n<p><strong>Consulte a <a href=\"http:\/\/normas.receita.fazenda.gov.br\/sijut2consulta\/link.action?naoPublicado=&amp;idAto=119859&amp;visao=anotado;\">Instru\u00e7\u00e3o Normativa N\u00ba\u00a02043,\u00a0de 12 de agosto de 2021<\/a><\/strong><\/p>\n\n\n\n<div class=\"wp-block-stackable-button-group stk-block-button-group stk-block stk-f9a0b41\" data-block-id=\"f9a0b41\"><style>.stk-f9a0b41{margin-bottom:25px !important}.stk-f9a0b41 .stk-inner-blocks{column-gap:0px !important;row-gap:0px !important}.stk-f9a0b41 .stk-button-group{flex-wrap:wrap-reverse !important}<\/style><div class=\"stk-row stk-inner-blocks stk-block-content stk-button-group\">\n<div class=\"wp-block-stackable-button stk-block-button stk-block stk-70ba9d3\" data-block-id=\"70ba9d3\"><style>.stk-70ba9d3 .stk-button{background:#1071a1 !important}.stk-70ba9d3 .stk-button{border-radius:15px !important}<\/style><a class=\"stk-link stk-button stk--hover-effect-lift-scale\" href=\"http:\/\/sped.rfb.gov.br\/pasta\/show\/1495\" target=\"_blank\" rel=\"noreferrer noopener\"><span class=\"stk-button__inner-text\">Fa\u00e7a o download dos leiautes<\/span><\/a><\/div>\n<\/div><\/div>\n","protected":false},"excerpt":{"rendered":"<p>O que \u00e9? A Escritura\u00e7\u00e3o Fiscal Digital de Reten\u00e7\u00f5es e Outras Informa\u00e7\u00f5es Fiscais EFD-Reinf \u00e9 um dos m\u00f3dulos do Sistema P\u00fablico de Escritura\u00e7\u00e3o Digital &#8211; SPED, a ser utilizado pelas [&hellip;]<\/p>\n","protected":false},"author":41,"featured_media":0,"parent":0,"menu_order":0,"comment_status":"closed","ping_status":"closed","template":"","meta":[],"featured_image_urls":{"full":"","thumbnail":"","medium":"","medium_large":"","large":"","sgg-420":"","sgg-540":"","sgg-780":"","1536x1536":"","2048x2048":"","homepage-slider":"","homepage-slider-small":"","page-top":"","page-small":"","loop-main":"","thumb-gallery-widget":""},"post_excerpt_stackable":"<p>O que \u00e9? A Escritura\u00e7\u00e3o Fiscal Digital de Reten\u00e7\u00f5es e Outras Informa\u00e7\u00f5es Fiscais EFD-Reinf \u00e9 um dos m\u00f3dulos do Sistema P\u00fablico de Escritura\u00e7\u00e3o Digital &#8211; SPED, a ser utilizado pelas pessoas jur\u00eddicas e f\u00edsicas, em complemento ao Sistema de Escritura\u00e7\u00e3o Digital das Obriga\u00e7\u00f5es Fiscais, Previdenci\u00e1rias e Trabalhistas \u2013 eSocial. Tem por objeto a escritura\u00e7\u00e3o de rendimentos pagos e reten\u00e7\u00f5es de Imposto de Renda, Contribui\u00e7\u00e3o Social do contribuinte exceto aquelas relacionadas ao trabalho e informa\u00e7\u00f5es sobre a receita bruta para a apura\u00e7\u00e3o das contribui\u00e7\u00f5es previdenci\u00e1rias substitu\u00eddas. Substituir\u00e1, portanto, o m\u00f3dulo da EFD-Contribui\u00e7\u00f5es que apura a Contribui\u00e7\u00e3o Previdenci\u00e1ria sobre a Receita Bruta&hellip;<\/p>\n","category_list":"","author_info":{"name":"anavirginia","url":"https:\/\/portal.pi.gov.br\/cge\/author\/anavirginia\/"},"comments_num":"0 coment\u00e1rio","featured_image_urls_v2":{"full":"","thumbnail":"","medium":"","medium_large":"","large":"","sgg-420":"","sgg-540":"","sgg-780":"","1536x1536":"","2048x2048":"","homepage-slider":"","homepage-slider-small":"","page-top":"","page-small":"","loop-main":"","thumb-gallery-widget":""},"post_excerpt_stackable_v2":"<p>O que \u00e9? A Escritura\u00e7\u00e3o Fiscal Digital de Reten\u00e7\u00f5es e Outras Informa\u00e7\u00f5es Fiscais EFD-Reinf \u00e9 um dos m\u00f3dulos do Sistema P\u00fablico de Escritura\u00e7\u00e3o Digital &#8211; SPED, a ser utilizado pelas pessoas jur\u00eddicas e f\u00edsicas, em complemento ao Sistema de Escritura\u00e7\u00e3o Digital das Obriga\u00e7\u00f5es Fiscais, Previdenci\u00e1rias e Trabalhistas \u2013 eSocial. Tem por objeto a escritura\u00e7\u00e3o de rendimentos pagos e reten\u00e7\u00f5es de Imposto de Renda, Contribui\u00e7\u00e3o Social do contribuinte exceto aquelas relacionadas ao trabalho e informa\u00e7\u00f5es sobre a receita bruta para a apura\u00e7\u00e3o das contribui\u00e7\u00f5es previdenci\u00e1rias substitu\u00eddas. Substituir\u00e1, portanto, o m\u00f3dulo da EFD-Contribui\u00e7\u00f5es que apura a Contribui\u00e7\u00e3o Previdenci\u00e1ria sobre a Receita Bruta&hellip;<\/p>\n","category_list_v2":"","author_info_v2":{"name":"anavirginia","url":"https:\/\/portal.pi.gov.br\/cge\/author\/anavirginia\/"},"comments_num_v2":"0 coment\u00e1rio","jetpack_sharing_enabled":true,"_links":{"self":[{"href":"https:\/\/portal.pi.gov.br\/cge\/wp-json\/wp\/v2\/pages\/4217"}],"collection":[{"href":"https:\/\/portal.pi.gov.br\/cge\/wp-json\/wp\/v2\/pages"}],"about":[{"href":"https:\/\/portal.pi.gov.br\/cge\/wp-json\/wp\/v2\/types\/page"}],"author":[{"embeddable":true,"href":"https:\/\/portal.pi.gov.br\/cge\/wp-json\/wp\/v2\/users\/41"}],"replies":[{"embeddable":true,"href":"https:\/\/portal.pi.gov.br\/cge\/wp-json\/wp\/v2\/comments?post=4217"}],"version-history":[{"count":4,"href":"https:\/\/portal.pi.gov.br\/cge\/wp-json\/wp\/v2\/pages\/4217\/revisions"}],"predecessor-version":[{"id":4258,"href":"https:\/\/portal.pi.gov.br\/cge\/wp-json\/wp\/v2\/pages\/4217\/revisions\/4258"}],"wp:attachment":[{"href":"https:\/\/portal.pi.gov.br\/cge\/wp-json\/wp\/v2\/media?parent=4217"}],"curies":[{"name":"wp","href":"https:\/\/api.w.org\/{rel}","templated":true}]}}

<h2 class="wp-block-heading">O que é?</h2>



<p class="has-text-align-justify">A <strong>Escrituração Fiscal Digital de Retenções e Outras Informações Fiscais EFD-Reinf </strong>é um dos módulos do <strong>Sistema Público de Escrituração Digital &#8211; SPED</strong>, a ser utilizado pelas pessoas jurídicas e físicas, em complemento ao Sistema de Escrituração Digital das Obrigações Fiscais, Previdenciárias e Trabalhistas – <strong>eSocial</strong>.</p>



<p class="has-text-align-justify">Tem por objeto a escrituração de rendimentos pagos e retenções de Imposto de Renda, Contribuição Social do contribuinte exceto aquelas relacionadas ao trabalho e informações sobre a receita bruta para a apuração das contribuições previdenciárias substituídas. Substituirá, portanto, o módulo da EFD-Contribuições que apura a Contribuição Previdenciária sobre a Receita Bruta (CPRB).</p>



<p class="has-text-align-justify">A EFD-Reinf junto ao <strong>eSocial</strong>, após o início de sua obrigatoriedade, abre espaço para substituição de informações solicitadas em outras obrigações acessórias, tais como a GFIP, a DIRF e também obrigações acessórias instituídas por outros órgãos de governo como a RAIS e o CAGED.</p>



<p><strong>Consulte a <a href="http://normas.receita.fazenda.gov.br/sijut2consulta/link.action?naoPublicado=&amp;idAto=119859&amp;visao=anotado;">Instrução Normativa Nº 2043, de 12 de agosto de 2021</a></strong></p>



<div class="wp-block-stackable-button-group stk-block-button-group stk-block stk-f9a0b41" data-block-id="f9a0b41"><style>.stk-f9a0b41{margin-bottom:25px !important}.stk-f9a0b41 .stk-inner-blocks{column-gap:0px !important;row-gap:0px !important}.stk-f9a0b41 .stk-button-group{flex-wrap:wrap-reverse !important}</style><div class="stk-row stk-inner-blocks stk-block-content stk-button-group">
<div class="wp-block-stackable-button stk-block-button stk-block stk-70ba9d3" data-block-id="70ba9d3"><style>.stk-70ba9d3 .stk-button{background:#1071a1 !important}.stk-70ba9d3 .stk-button{border-radius:15px !important}</style><a class="stk-link stk-button stk--hover-effect-lift-scale" href="http://sped.rfb.gov.br/pasta/show/1495" target="_blank" rel="noreferrer noopener"><span class="stk-button__inner-text">Faça o download dos leiautes</span></a></div>
</div></div>

<p>O que é? A Escrituração Fiscal Digital de Retenções e Outras Informações Fiscais EFD-Reinf é um dos módulos do Sistema Público de Escrituração Digital &#8211; SPED, a ser utilizado pelas [&hellip;]</p>

<p>O que é? A Escrituração Fiscal Digital de Retenções e Outras Informações Fiscais EFD-Reinf é um dos módulos do Sistema Público de Escrituração Digital &#8211; SPED, a ser utilizado pelas pessoas jurídicas e físicas, em complemento ao Sistema de Escrituração Digital das Obrigações Fiscais, Previdenciárias e Trabalhistas – eSocial. Tem por objeto a escrituração de rendimentos pagos e retenções de Imposto de Renda, Contribuição Social do contribuinte exceto aquelas relacionadas ao trabalho e informações sobre a receita bruta para a apuração das contribuições previdenciárias substituídas. Substituirá, portanto, o módulo da EFD-Contribuições que apura a Contribuição Previdenciária sobre a Receita Bruta&hellip;</p>

0 comentário
