{"id":4495,"date":"2022-08-11T10:16:21","date_gmt":"2022-08-11T13:16:21","guid":{"rendered":"https:\/\/portal.pi.gov.br\/cge\/?page_id=4495"},"modified":"2024-12-13T12:58:37","modified_gmt":"2024-12-13T15:58:37","slug":"corregedoria-legislacao","status":"publish","type":"page","link":"https:\/\/portal.pi.gov.br\/cge\/corregedoria-legislacao\/","title":{"rendered":"Legisla\u00e7\u00e3o"},"content":{"rendered":"\n<div class=\"wp-block-columns is-layout-flex wp-container-2\">\n<div class=\"wp-block-column is-layout-flow\">\n<div class=\"wp-block-stackable-image-box stk-block-image-box stk-hover-parent stk-block stk-2b4127f is-style-default\" data-block-id=\"2b4127f\"><div class=\"stk-block-content stk-inner-blocks has-text-align-center stk-row stk-block-image-box__content\">\n<div class=\"wp-block-stackable-image stk-block-image stk-block stk-8d33de2\" data-block-id=\"8d33de2\"><style>.stk-8d33de2 .stk-img-wrapper{height:100px !important}:where(.stk-hover-parent:hover,.stk-hover-parent.stk--is-hovered) .stk-8d33de2 .stk-img-wrapper::after{background-color:#000000 !important}:where(.stk-hover-parent:hover,.stk-hover-parent.stk--is-hovered) .stk-8d33de2 .stk-img-wrapper{--stk-gradient-overlay:0.7 !important}<\/style><figure class=\"stk-img-wrapper stk-image--shape-stretch\"><img decoding=\"async\" loading=\"lazy\" class=\"stk-img wp-image-4547\" src=\"https:\/\/portal.pi.gov.br\/cge\/wp-content\/uploads\/sites\/12\/2022\/08\/Copia-de-EFICIENCIA.png\" width=\"988\" height=\"100\" srcset=\"https:\/\/portal.pi.gov.br\/cge\/wp-content\/uploads\/sites\/12\/2022\/08\/Copia-de-EFICIENCIA.png 988w, https:\/\/portal.pi.gov.br\/cge\/wp-content\/uploads\/sites\/12\/2022\/08\/Copia-de-EFICIENCIA-300x30.png 300w, https:\/\/portal.pi.gov.br\/cge\/wp-content\/uploads\/sites\/12\/2022\/08\/Copia-de-EFICIENCIA-768x78.png 768w, https:\/\/portal.pi.gov.br\/cge\/wp-content\/uploads\/sites\/12\/2022\/08\/Copia-de-EFICIENCIA-420x43.png 420w, https:\/\/portal.pi.gov.br\/cge\/wp-content\/uploads\/sites\/12\/2022\/08\/Copia-de-EFICIENCIA-540x55.png 540w, https:\/\/portal.pi.gov.br\/cge\/wp-content\/uploads\/sites\/12\/2022\/08\/Copia-de-EFICIENCIA-780x79.png 780w, https:\/\/portal.pi.gov.br\/cge\/wp-content\/uploads\/sites\/12\/2022\/08\/Copia-de-EFICIENCIA-947x96.png 947w, https:\/\/portal.pi.gov.br\/cge\/wp-content\/uploads\/sites\/12\/2022\/08\/Copia-de-EFICIENCIA-624x63.png 624w\" sizes=\"(max-width: 988px) 100vw, 988px\" \/><\/figure><\/div>\n\n\n\n<div class=\"wp-block-stackable-column stk-block-column stk-column stk-block stk-fbf8139\" data-v=\"4\" data-block-id=\"fbf8139\"><style>.stk-fbf8139{align-items:center !important;display:flex !important}<\/style><div class=\"stk-column-wrapper stk-block-column__content stk-container stk-fbf8139-container stk--no-background stk--no-padding\"><div class=\"stk-block-content stk-inner-blocks stk-fbf8139-inner-blocks\"><\/div><\/div><\/div>\n<\/div><\/div>\n<\/div>\n<\/div>\n\n\n\n<p>Neste campo voc\u00ea encontrar\u00e1 a Legisla\u00e7\u00e3o referente ao servi\u00e7o de Corregedoria.<\/p>\n\n\n\n<p><em>Para facilitar a busca utilize o atalho Ctrl + F e digite a palavra-chave.<\/em><\/p>\n\n\n\n<details class=\"wp-block-stackable-accordion stk-block-accordion stk-inner-blocks stk-block-content stk-block stk-04ec659 is-style-default\" data-block-id=\"04ec659\"><style>.stk-04ec659{margin-bottom:1px !important}<\/style>\n<summary class=\"wp-block-stackable-column stk-block-column stk-column stk-block stk-74bf44f stk--container-small stk-block-accordion__heading\" data-v=\"4\" data-block-id=\"74bf44f\"><div class=\"stk-column-wrapper stk-block-column__content stk-container stk-74bf44f-container stk-hover-parent\"><div class=\"stk-block-content stk-inner-blocks stk-74bf44f-inner-blocks\">\n<div class=\"wp-block-stackable-icon-label stk-block-icon-label stk-block stk-4b083c5\" data-block-id=\"4b083c5\"><div class=\"stk-row stk-inner-blocks stk-block-content\">\n<div class=\"wp-block-stackable-heading stk-block-heading stk-block-heading--v2 stk-block stk-d0cef76\" id=\"span-style-color-2-c-6-b-96-class-stk-highlight-leis-e-decretos-span\" data-block-id=\"d0cef76\"><h3 class=\"stk-block-heading__text stk-block-heading--use-theme-margins\"><span style=\"color: #2c6b96\" class=\"stk-highlight\">Leis e Decretos<\/span><\/h3><\/div>\n\n\n\n<div class=\"wp-block-stackable-icon stk-block-icon stk-block stk-0db759e\" data-block-id=\"0db759e\"><span class=\"stk--svg-wrapper\"><div class=\"stk--inner-svg\"><svg style=\"height:0;width:0\"><defs><linearGradient id=\"linear-gradient-0db759e\" x1=\"0\" x2=\"100%\" y1=\"0\" y2=\"0\"><stop offset=\"0%\" style=\"stop-opacity:1;stop-color:var(--linear-gradient-0-db-759-e-color-1)\"><\/stop><stop offset=\"100%\" style=\"stop-opacity:1;stop-color:var(--linear-gradient-0-db-759-e-color-2)\"><\/stop><\/linearGradient><\/defs><\/svg><svg data-prefix=\"fas\" data-icon=\"chevron-down\" class=\"svg-inline--fa fa-chevron-down fa-w-14\" xmlns=\"http:\/\/www.w3.org\/2000\/svg\" viewBox=\"0 0 448 512\" aria-hidden=\"true\" width=\"32\" height=\"32\"><path fill=\"currentColor\" d=\"M207.029 381.476L12.686 187.132c-9.373-9.373-9.373-24.569 0-33.941l22.667-22.667c9.357-9.357 24.522-9.375 33.901-.04L224 284.505l154.745-154.021c9.379-9.335 24.544-9.317 33.901.04l22.667 22.667c9.373 9.373 9.373 24.569 0 33.941L240.971 381.476c-9.373 9.372-24.569 9.372-33.942 0z\"><\/path><\/svg><\/div><\/span><\/div>\n<\/div><\/div>\n<\/div><\/div><\/summary>\n\n\n\n<div class=\"wp-block-stackable-column stk-block-column stk-column stk-block stk-b9a96ea stk-block-accordion__content\" data-v=\"4\" data-block-id=\"b9a96ea\"><div class=\"stk-column-wrapper stk-block-column__content stk-container stk-b9a96ea-container stk--no-background stk--no-padding\"><div class=\"stk-block-content stk-inner-blocks stk-b9a96ea-inner-blocks\">\n<div class=\"wp-block-group is-vertical is-layout-flex wp-container-3\">\n<div class=\"wp-block-stackable-heading stk-block-heading stk-block-heading--v2 stk-block stk-aff8f4f\" id=\"decreto-estadual-n-22-959-de-03-de-maio-de-2024\" data-block-id=\"aff8f4f\"><style>.stk-aff8f4f{margin-bottom:0px !important}.stk-aff8f4f .stk-block-heading__text{color:#000000 !important}.stk-aff8f4f .stk-block-heading__top-line{height:4px !important;width:450px !important;background-color:#1071a1 !important;margin-bottom:0px !important}.stk-aff8f4f .stk-block-heading__bottom-line{height:4px !important;width:0px !important;background-color:#1071a1 !important;margin-top:7px !important}<\/style><div class=\"stk-block-heading__top-line\"><\/div><h2 class=\"stk-block-heading__text has-text-color has-black-color stk-block-heading--use-theme-margins\">Decreto estadual N.\u00ba 22.959, de 03 de maio de 2024<\/h2><\/div>\n\n\n\n<p class=\"has-text-align-justify\">Disp\u00f5e sobre o Sistema de Correi\u00e7\u00e3o do Poder Executivo Estadual e d\u00e1 outras provid\u00eancias<\/p>\n\n\n\n<p><em><a href=\"https:\/\/portal.pi.gov.br\/cge\/download\/279\/legislacao\/8652\/decreto-22-959-2024-decreto-do-sistema-de-correicao-3-2.pdf\">Acesse o documento<\/a><\/em><\/p>\n<\/div>\n\n\n\n<div class=\"wp-block-group is-vertical is-layout-flex wp-container-4\">\n<div class=\"wp-block-stackable-heading stk-block-heading stk-block-heading--v2 stk-block stk-b4b7565\" id=\"lei-n-8-320-de-18-de-marco-de-2024\" data-block-id=\"b4b7565\"><style>.stk-b4b7565{margin-bottom:0px !important}.stk-b4b7565 .stk-block-heading__text{color:#000000 !important}.stk-b4b7565 .stk-block-heading__top-line{height:4px !important;width:450px !important;background-color:#1071a1 !important;margin-bottom:0px !important}.stk-b4b7565 .stk-block-heading__bottom-line{height:4px !important;width:0px !important;background-color:#1071a1 !important;margin-top:7px !important}<\/style><div class=\"stk-block-heading__top-line\"><\/div><h2 class=\"stk-block-heading__text has-text-color has-black-color stk-block-heading--use-theme-margins\">Lei n\u00ba 8.320, de 18 de mar\u00e7o de 2024<\/h2><\/div>\n\n\n\n<p class=\"has-text-align-justify\">Altera a Lei Complementar n\u00ba 13, de 03 de janeiro de 1994, que disp\u00f5e sobre o Estatuto dos Servidores P\u00fablicos Civis do Estado do Piau\u00ed, das autarquias e das funda\u00e7\u00f5es p\u00fablicas estaduais<\/p>\n\n\n\n<p><em><a href=\"https:\/\/portal.pi.gov.br\/cge\/download\/279\/legislacao\/8028\/lei-no-8-320-2024-altera-a-lc-no-13-2024-processo-administrativo-disciplinar.pdf\">Acesse o documento<\/a><\/em><\/p>\n<\/div>\n\n\n\n<div class=\"wp-block-group is-vertical is-layout-flex wp-container-5\">\n<div class=\"wp-block-stackable-heading stk-block-heading stk-block-heading--v2 stk-block stk-28b962e\" id=\"decreto-estadual-n-22-677-de-15-de-janeiro-de-2024\" data-block-id=\"28b962e\"><style>.stk-28b962e{margin-bottom:0px !important}.stk-28b962e .stk-block-heading__text{color:#000000 !important}.stk-28b962e .stk-block-heading__top-line{height:4px !important;width:450px !important;background-color:#1071a1 !important;margin-bottom:0px !important}.stk-28b962e .stk-block-heading__bottom-line{height:4px !important;width:0px !important;background-color:#1071a1 !important;margin-top:7px !important}<\/style><div class=\"stk-block-heading__top-line\"><\/div><h2 class=\"stk-block-heading__text has-text-color has-black-color stk-block-heading--use-theme-margins\">Decreto estadual N.\u00ba 22.677, de 15 de janeiro de 2024<\/h2><\/div>\n\n\n\n<p class=\"has-text-align-justify\">Disciplina, no \u00e2mbito do Poder Executivo do Estado do Piau\u00ed, a aplica\u00e7\u00e3o da Lei Federal n\u00ba 12.846, de 1\u00ba de agosto de 2013, que disp\u00f5e sobre a responsabiliza\u00e7\u00e3o administrativa e civil de pessoas jur\u00eddicas pela pr\u00e1tica de atos lesivos contra a Administra\u00e7\u00e3o P\u00fablica, e d\u00e1 outras provid\u00eancias.<\/p>\n\n\n\n<p><em><a href=\"https:\/\/portal.pi.gov.br\/cge\/download\/279\/legislacao\/7676\/decreto-estadual-no-22-677-2024-disciplina-a-lei-federal-no-12-846-2013-resp-civil-e-adm-de-pj-contra-atos-lesivos.pdf\">Acesse o documento<\/a><\/em><\/p>\n<\/div>\n\n\n\n<div class=\"wp-block-group is-vertical is-content-justification-stretch is-layout-flex wp-container-6\">\n<div class=\"wp-block-stackable-heading stk-block-heading stk-block-heading--v2 stk-block stk-85addb8\" id=\"lei-n-7-884-de-8-de-dezembro-de-2022\" data-block-id=\"85addb8\"><style>.stk-85addb8{margin-bottom:0px !important}.stk-85addb8 .stk-block-heading__text{color:#000000 !important}.stk-85addb8 .stk-block-heading__top-line{height:4px !important;width:450px !important;background-color:#1071a1 !important;margin-bottom:0px !important}.stk-85addb8 .stk-block-heading__bottom-line{height:4px !important;width:0px !important;background-color:#1071a1 !important;margin-top:7px !important}<\/style><div class=\"stk-block-heading__top-line\"><\/div><h2 class=\"stk-block-heading__text has-text-color has-black-color stk-block-heading--use-theme-margins\">Lei N\u00b0 7.884, de 8 de dezembro de 2022<\/h2><\/div>\n\n\n\n<p class=\"has-text-align-justify\">Lei de organiza\u00e7\u00e3o administrativa do Estado do Piau\u00ed<\/p>\n\n\n\n<p><em><a href=\"https:\/\/portal.pi.gov.br\/cge\/download\/153\/pessoal-assistencia-e-previdencia-social\/5228\/lei-7884_2022-reforma-administrativa-2023-2026.pdf\">Acesse o documento<\/a><\/em><\/p>\n<\/div>\n\n\n\n<div class=\"wp-block-group is-vertical is-layout-flex wp-container-7\">\n<div class=\"wp-block-stackable-heading stk-block-heading stk-block-heading--v2 stk-block stk-86c5c97\" id=\"lc-n-261-de-25-de-outubro-de-2021\" data-block-id=\"86c5c97\"><style>.stk-86c5c97{margin-bottom:0px !important}.stk-86c5c97 .stk-block-heading__text{color:#000000 !important}.stk-86c5c97 .stk-block-heading__top-line{height:4px !important;width:450px !important;background-color:#1071a1 !important;margin-bottom:0px !important}.stk-86c5c97 .stk-block-heading__bottom-line{height:4px !important;width:0px !important;background-color:#1071a1 !important;margin-top:7px !important}<\/style><div class=\"stk-block-heading__top-line\"><\/div><h2 class=\"stk-block-heading__text has-text-color has-black-color stk-block-heading--use-theme-margins\">LC N\u00ba 261, de 25 de outubro de 2021<\/h2><\/div>\n\n\n\n<p class=\"has-text-align-justify\">Altera a Lei Complementar n\u00ba 13, de 3 de janeiro de 1994, a Lei Complementar n\u00ba 28, de 9 de junho de 2003, e a Lei n\u00ba 4.051, de 21 de maio de 1986.<\/p>\n\n\n\n<p><em><a href=\"https:\/\/portal.pi.gov.br\/cge\/download\/279\/legislacao\/3279\/lc-261-2021-altera-a-lc-13-1994.pdf\">Acesse o documento<\/a><\/em><\/p>\n<\/div>\n\n\n\n<div class=\"wp-block-group is-vertical is-layout-flex wp-container-8\">\n<div class=\"wp-block-stackable-heading stk-block-heading stk-block-heading--v2 stk-block stk-73f5953\" id=\"lei-n-7-433-de-28-de-dezembro-de-2020\" data-block-id=\"73f5953\"><style>.stk-73f5953{margin-bottom:0px !important}.stk-73f5953 .stk-block-heading__text{color:#000000 !important}.stk-73f5953 .stk-block-heading__top-line{height:4px !important;width:450px !important;background-color:#1071a1 !important;margin-bottom:0px !important}.stk-73f5953 .stk-block-heading__bottom-line{height:4px !important;width:0px !important;background-color:#1071a1 !important;margin-top:7px !important}<\/style><div class=\"stk-block-heading__top-line\"><\/div><h2 class=\"stk-block-heading__text has-text-color has-black-color stk-block-heading--use-theme-margins\">Lei n\u00ba 7.433, de 28 de dezembro de 2020<\/h2><\/div>\n\n\n\n<p class=\"has-text-align-justify\">Altera a Lei n\u00ba 7.384\/2020 sobre abono de perman\u00eancia<\/p>\n\n\n\n<p><em><a href=\"https:\/\/portal.pi.gov.br\/cge\/download\/279\/legislacao\/8029\/lei-no-7-433-2020-altera-a-lei-no-7-384-2020-abono-de-permanencia.pdf\">Acesse o documento<\/a><\/em><\/p>\n<\/div>\n\n\n\n<div class=\"wp-block-group is-layout-constrained\"><div class=\"wp-block-group__inner-container\">\n<div class=\"wp-block-stackable-heading stk-block-heading stk-block-heading--v2 stk-block stk-030fec5\" id=\"lc-n-241-de-22-de-abril-de-2019\" data-block-id=\"030fec5\"><style>.stk-030fec5{margin-bottom:0px !important}.stk-030fec5 .stk-block-heading__text{color:#000000 !important}.stk-030fec5 .stk-block-heading__top-line{height:4px !important;width:450px !important;background-color:#1071a1 !important;margin-bottom:0px !important}.stk-030fec5 .stk-block-heading__bottom-line{height:4px !important;width:0px !important;background-color:#1071a1 !important;margin-top:7px !important}<\/style><div class=\"stk-block-heading__top-line\"><\/div><h2 class=\"stk-block-heading__text has-text-color has-black-color stk-block-heading--use-theme-margins\">LC n\u00ba 241, de 22 de abril de 2019<\/h2><\/div>\n\n\n\n<p class=\"has-text-align-justify\">Institui a Corregedoria-Geral do Estado no \u00e2mbito da Controladoria-Geral do Estado.<br><em><a href=\"https:\/\/portal.pi.gov.br\/cge\/download\/279\/legislacao\/3198\/lc-no-241-de-22-de-abril-de-2019-institui-a-corregedoria-geral-do-estado-no-ambito-da-controladoria.pdf\">Acesse o documento<\/a><\/em><\/p>\n<\/div><\/div>\n\n\n\n<div class=\"wp-block-group is-vertical is-layout-flex wp-container-10\">\n<div class=\"wp-block-stackable-heading stk-block-heading stk-block-heading--v2 stk-block stk-9f1c73b\" id=\"lc-n-13-de-03-de-janeiro-de-1994-atualizada-ate-2021\" data-block-id=\"9f1c73b\"><style>.stk-9f1c73b{margin-bottom:0px !important}.stk-9f1c73b .stk-block-heading__text{color:#000000 !important}.stk-9f1c73b .stk-block-heading__top-line{height:4px !important;width:450px !important;background-color:#1071a1 !important;margin-bottom:0px !important}.stk-9f1c73b .stk-block-heading__bottom-line{height:4px !important;width:0px !important;background-color:#1071a1 !important;margin-top:7px !important}<\/style><div class=\"stk-block-heading__top-line\"><\/div><h2 class=\"stk-block-heading__text has-text-color has-black-color stk-block-heading--use-theme-margins\">LC N\u00ba 13, de 03 de janeiro de 1994 atualizada at\u00e9 2021<\/h2><\/div>\n\n\n\n<p class=\"has-text-align-justify\">Disp\u00f5e sobre o Estatuto dos Servidores P\u00fablicos Civis do Estado do Piau\u00ed, das autarquias e das Funda\u00e7\u00f5es p\u00fablicas estaduais e d\u00e1 outras provid\u00eancias.<\/p>\n\n\n\n<p><em><a href=\"https:\/\/portal.pi.gov.br\/cge\/download\/279\/legislacao\/3197\/lc-no-13-de-03-de-janeiro-de-1994-atualizada-ate-2021.pdf\">Acesse o documento<\/a><\/em><\/p>\n<\/div>\n<\/div><\/div><\/div>\n<\/details>\n\n\n\n<div class=\"wp-block-group is-layout-constrained\"><div class=\"wp-block-group__inner-container\">\n<div class=\"wp-block-stackable-columns stk-block-columns stk-block stk-b6292bd\" data-block-id=\"b6292bd\"><div class=\"stk-row stk-inner-blocks stk-block-content stk-content-align stk-b6292bd-column\">\n<div class=\"wp-block-stackable-column stk-block-column stk-column stk-block stk-55d3b63\" data-v=\"4\" data-block-id=\"55d3b63\"><div class=\"stk-column-wrapper stk-block-column__content stk-container stk-55d3b63-container stk--no-background stk--no-padding\"><div class=\"stk-block-content stk-inner-blocks stk-55d3b63-inner-blocks\">\n<details class=\"wp-block-stackable-accordion stk-block-accordion stk-inner-blocks stk-block-content stk-block stk-5dbfe36 is-style-default\" data-block-id=\"5dbfe36\">\n<summary class=\"wp-block-stackable-column stk-block-column stk-column stk-block stk-adcba5d stk--container-small stk-block-accordion__heading\" data-v=\"4\" data-block-id=\"adcba5d\"><style>.stk-adcba5d-container{border-radius:12px !important;overflow:hidden !important;box-shadow:0 5px 5px 0 rgba(18,63,82,0.035) !important}<\/style><div class=\"stk-column-wrapper stk-block-column__content stk-container stk-adcba5d-container stk-hover-parent\"><div class=\"stk-block-content stk-inner-blocks stk-adcba5d-inner-blocks\">\n<div class=\"wp-block-stackable-icon-label stk-block-icon-label stk-block stk-aa39dba\" data-block-id=\"aa39dba\"><div class=\"stk-row stk-inner-blocks stk-block-content\">\n<div class=\"wp-block-stackable-heading stk-block-heading stk-block-heading--v2 stk-block stk-f399676\" id=\"span-style-color-2-c-6-b-96-class-stk-highlight-portarias-span\" data-block-id=\"f399676\"><h3 class=\"stk-block-heading__text stk-block-heading--use-theme-margins\"><span style=\"color: #2c6b96\" class=\"stk-highlight\">Portarias<\/span><\/h3><\/div>\n\n\n\n<div class=\"wp-block-stackable-icon stk-block-icon stk-block stk-b26151d\" data-block-id=\"b26151d\"><span class=\"stk--svg-wrapper\"><div class=\"stk--inner-svg\"><svg style=\"height:0;width:0\"><defs><linearGradient id=\"linear-gradient-b26151d\" x1=\"0\" x2=\"100%\" y1=\"0\" y2=\"0\"><stop offset=\"0%\" style=\"stop-opacity:1;stop-color:var(--linear-gradient-b-26151-d-color-1)\"><\/stop><stop offset=\"100%\" style=\"stop-opacity:1;stop-color:var(--linear-gradient-b-26151-d-color-2)\"><\/stop><\/linearGradient><\/defs><\/svg><svg data-prefix=\"fas\" data-icon=\"chevron-down\" class=\"svg-inline--fa fa-chevron-down fa-w-14\" xmlns=\"http:\/\/www.w3.org\/2000\/svg\" viewBox=\"0 0 448 512\" aria-hidden=\"true\" width=\"32\" height=\"32\"><path fill=\"currentColor\" d=\"M207.029 381.476L12.686 187.132c-9.373-9.373-9.373-24.569 0-33.941l22.667-22.667c9.357-9.357 24.522-9.375 33.901-.04L224 284.505l154.745-154.021c9.379-9.335 24.544-9.317 33.901.04l22.667 22.667c9.373 9.373 9.373 24.569 0 33.941L240.971 381.476c-9.373 9.372-24.569 9.372-33.942 0z\"><\/path><\/svg><\/div><\/span><\/div>\n<\/div><\/div>\n<\/div><\/div><\/summary>\n\n\n\n<div class=\"wp-block-stackable-column stk-block-column stk-column stk-block stk-0105558 stk-block-accordion__content\" data-v=\"4\" data-block-id=\"0105558\"><div class=\"stk-column-wrapper stk-block-column__content stk-container stk-0105558-container stk--no-background stk--no-padding\"><div class=\"stk-block-content stk-inner-blocks stk-0105558-inner-blocks\">\n<div class=\"wp-block-group is-vertical is-layout-flex wp-container-11\">\n<div class=\"wp-block-stackable-heading stk-block-heading stk-block-heading--v2 stk-block stk-e73de66\" id=\"portaria-cge-n-15-2024\" data-block-id=\"e73de66\"><style>.stk-e73de66{margin-bottom:0px !important}.stk-e73de66 .stk-block-heading__text{color:#000000 !important}.stk-e73de66 .stk-block-heading__top-line{height:4px !important;width:450px !important;background-color:#1071a1 !important;margin-bottom:0px !important}.stk-e73de66 .stk-block-heading__bottom-line{height:4px !important;width:0px !important;background-color:#1071a1 !important;margin-top:7px !important}<\/style><div class=\"stk-block-heading__top-line\"><\/div><h2 class=\"stk-block-heading__text has-text-color has-black-color stk-block-heading--use-theme-margins\">Portaria CGE n\u00ba 15\/2024<\/h2><\/div>\n\n\n\n<p>Regulamenta a destina\u00e7\u00e3o de bens a entidades p\u00fablicas ou privadas com finalidade social, decorrentes da formaliza\u00e7\u00e3o de Termo de Ajustamento de Conduta por servidores p\u00fablicos do Poder Executivo Estadual.<\/p>\n\n\n\n<p><em><a href=\"https:\/\/portal.pi.gov.br\/cge\/download\/279\/legislacao\/9540\/portaria-015-2024-regulamenta-destinacao-de-bens-em-tac-1.pdf\">Acesse o documento<\/a><\/em><\/p>\n<\/div>\n\n\n\n<div class=\"wp-block-group is-vertical is-layout-flex wp-container-12\">\n<div class=\"wp-block-stackable-heading stk-block-heading stk-block-heading--v2 stk-block stk-22a64e0\" id=\"portaria-cge-n-023-2023\" data-block-id=\"22a64e0\"><style>.stk-22a64e0{margin-bottom:0px !important}.stk-22a64e0 .stk-block-heading__text{color:#000000 !important}.stk-22a64e0 .stk-block-heading__top-line{height:4px !important;width:450px !important;background-color:#1071a1 !important;margin-bottom:0px !important}.stk-22a64e0 .stk-block-heading__bottom-line{height:4px !important;width:0px !important;background-color:#1071a1 !important;margin-top:7px !important}<\/style><div class=\"stk-block-heading__top-line\"><\/div><h2 class=\"stk-block-heading__text has-text-color has-black-color stk-block-heading--use-theme-margins\">Portaria CGE n\u00ba 023\/2023<\/h2><\/div>\n\n\n\n<p class=\"has-text-align-justify\">Disp\u00f5e sobre o uso de recursos tecnol\u00f3gicos para realiza\u00e7\u00e3o de atos de comunica\u00e7\u00e3o processual no \u00e2mbito do Sistema de Correi\u00e7\u00e3o do Poder Executivo Estadual.<\/p>\n\n\n\n<p class=\"has-text-align-justify\">Disp\u00f5e sobre o uso de recursos tecnol\u00f3gicos para realiza\u00e7\u00e3o de atos de comunica\u00e7\u00e3o processual no \u00e2mbito do Sistema de Correi\u00e7\u00e3o do Poder Executivo Estadual.<\/p>\n\n\n\n<p><em><a href=\"https:\/\/portal.pi.gov.br\/cge\/download\/279\/legislacao\/6330\/portaria-23-2023-doe.pdf\">Acesse o documento<\/a><\/em><\/p>\n<\/div>\n<\/div><\/div><\/div>\n<\/details>\n<\/div><\/div><\/div>\n<\/div><\/div>\n<\/div><\/div>\n","protected":false},"excerpt":{"rendered":"<p>Neste campo voc\u00ea encontrar\u00e1 a Legisla\u00e7\u00e3o referente ao servi\u00e7o de Corregedoria. Para facilitar a busca utilize o atalho Ctrl + F e digite a palavra-chave. Leis e Decretos Decreto estadual [&hellip;]<\/p>\n","protected":false},"author":44,"featured_media":0,"parent":0,"menu_order":0,"comment_status":"closed","ping_status":"closed","template":"","meta":[],"featured_image_urls":{"full":"","thumbnail":"","medium":"","medium_large":"","large":"","sgg-420":"","sgg-540":"","sgg-780":"","1536x1536":"","2048x2048":"","homepage-slider":"","homepage-slider-small":"","page-top":"","page-small":"","loop-main":"","thumb-gallery-widget":""},"post_excerpt_stackable":"<p>Neste campo voc\u00ea encontrar\u00e1 a Legisla\u00e7\u00e3o referente ao servi\u00e7o de Corregedoria. Para facilitar a busca utilize o atalho Ctrl + F e digite a palavra-chave. Leis e Decretos Decreto estadual N.\u00ba 22.959, de 03 de maio de 2024 Disp\u00f5e sobre o Sistema de Correi\u00e7\u00e3o do Poder Executivo Estadual e d\u00e1 outras provid\u00eancias Acesse o documento Lei n\u00ba 8.320, de 18 de mar\u00e7o de 2024 Altera a Lei Complementar n\u00ba 13, de 03 de janeiro de 1994, que disp\u00f5e sobre o Estatuto dos Servidores P\u00fablicos Civis do Estado do Piau\u00ed, das autarquias e das funda\u00e7\u00f5es p\u00fablicas estaduais Acesse o documento Decreto&hellip;<\/p>\n","category_list":"","author_info":{"name":"andressa","url":"https:\/\/portal.pi.gov.br\/cge\/author\/andressa\/"},"comments_num":"0 coment\u00e1rio","featured_image_urls_v2":{"full":"","thumbnail":"","medium":"","medium_large":"","large":"","sgg-420":"","sgg-540":"","sgg-780":"","1536x1536":"","2048x2048":"","homepage-slider":"","homepage-slider-small":"","page-top":"","page-small":"","loop-main":"","thumb-gallery-widget":""},"post_excerpt_stackable_v2":"<p>Neste campo voc\u00ea encontrar\u00e1 a Legisla\u00e7\u00e3o referente ao servi\u00e7o de Corregedoria. Para facilitar a busca utilize o atalho Ctrl + F e digite a palavra-chave. Leis e Decretos Decreto estadual N.\u00ba 22.959, de 03 de maio de 2024 Disp\u00f5e sobre o Sistema de Correi\u00e7\u00e3o do Poder Executivo Estadual e d\u00e1 outras provid\u00eancias Acesse o documento Lei n\u00ba 8.320, de 18 de mar\u00e7o de 2024 Altera a Lei Complementar n\u00ba 13, de 03 de janeiro de 1994, que disp\u00f5e sobre o Estatuto dos Servidores P\u00fablicos Civis do Estado do Piau\u00ed, das autarquias e das funda\u00e7\u00f5es p\u00fablicas estaduais Acesse o documento Decreto&hellip;<\/p>\n","category_list_v2":"","author_info_v2":{"name":"andressa","url":"https:\/\/portal.pi.gov.br\/cge\/author\/andressa\/"},"comments_num_v2":"0 coment\u00e1rio","jetpack_sharing_enabled":true,"_links":{"self":[{"href":"https:\/\/portal.pi.gov.br\/cge\/wp-json\/wp\/v2\/pages\/4495"}],"collection":[{"href":"https:\/\/portal.pi.gov.br\/cge\/wp-json\/wp\/v2\/pages"}],"about":[{"href":"https:\/\/portal.pi.gov.br\/cge\/wp-json\/wp\/v2\/types\/page"}],"author":[{"embeddable":true,"href":"https:\/\/portal.pi.gov.br\/cge\/wp-json\/wp\/v2\/users\/44"}],"replies":[{"embeddable":true,"href":"https:\/\/portal.pi.gov.br\/cge\/wp-json\/wp\/v2\/comments?post=4495"}],"version-history":[{"count":16,"href":"https:\/\/portal.pi.gov.br\/cge\/wp-json\/wp\/v2\/pages\/4495\/revisions"}],"predecessor-version":[{"id":9544,"href":"https:\/\/portal.pi.gov.br\/cge\/wp-json\/wp\/v2\/pages\/4495\/revisions\/9544"}],"wp:attachment":[{"href":"https:\/\/portal.pi.gov.br\/cge\/wp-json\/wp\/v2\/media?parent=4495"}],"curies":[{"name":"wp","href":"https:\/\/api.w.org\/{rel}","templated":true}]}}