{"id":52,"date":"2020-08-21T16:09:23","date_gmt":"2020-08-21T19:09:23","guid":{"rendered":"http:\/\/www2.pi.gov.br\/cge\/?page_id=52"},"modified":"2026-02-10T08:33:30","modified_gmt":"2026-02-10T11:33:30","slug":"noticias","status":"publish","type":"page","link":"https:\/\/portal.pi.gov.br\/cge\/noticias\/","title":{"rendered":"Not\u00edcias"},"content":{"rendered":"\n<p>Acesse as not\u00edcias e <a href=\"https:\/\/portal.pi.gov.br\/cge\/category\/noticias\/\"><strong>fique por dentro do que acontece na Controladoria-Geral do Estado do Piau\u00ed<\/strong>.<\/a>.<\/p>\n\n\n\n<p>Encontre-nos, tamb\u00e9m, nas redes sociais (@cgepi) e confira nossos conte\u00fados no nosso canal do <strong><a href=\"https:\/\/www.youtube.com\/channel\/UCbxCDtaDZvhfVylzNzpFssg\" data-type=\"URL\" data-id=\"https:\/\/www.youtube.com\/channel\/UCbxCDtaDZvhfVylzNzpFssg\">Youtube<\/a><\/strong> <\/p>\n\n\n\n<p><\/p>\n","protected":false},"excerpt":{"rendered":"<p>Acesse as not\u00edcias e fique por dentro do que acontece na Controladoria-Geral do Estado do Piau\u00ed.. Encontre-nos, tamb\u00e9m, nas redes sociais (@cgepi) e confira nossos conte\u00fados no nosso canal do [&hellip;]<\/p>\n","protected":false},"author":1,"featured_media":0,"parent":0,"menu_order":0,"comment_status":"closed","ping_status":"closed","template":"","meta":[],"featured_image_urls":{"full":"","thumbnail":"","medium":"","medium_large":"","large":"","sgg-420":"","sgg-540":"","sgg-780":"","1536x1536":"","2048x2048":"","homepage-slider":"","homepage-slider-small":"","page-top":"","page-small":"","loop-main":"","thumb-gallery-widget":""},"post_excerpt_stackable":"<p>Acesse as not\u00edcias e fique por dentro do que acontece na Controladoria-Geral do Estado do Piau\u00ed.. Encontre-nos, tamb\u00e9m, nas redes sociais (@cgepi) e confira nossos conte\u00fados no nosso canal do Youtube<\/p>\n","category_list":"","author_info":{"name":"admin","url":"https:\/\/portal.pi.gov.br\/cge\/author\/admin\/"},"comments_num":"0 coment\u00e1rio","featured_image_urls_v2":{"full":"","thumbnail":"","medium":"","medium_large":"","large":"","sgg-420":"","sgg-540":"","sgg-780":"","1536x1536":"","2048x2048":"","homepage-slider":"","homepage-slider-small":"","page-top":"","page-small":"","loop-main":"","thumb-gallery-widget":""},"post_excerpt_stackable_v2":"<p>Acesse as not\u00edcias e fique por dentro do que acontece na Controladoria-Geral do Estado do Piau\u00ed.. Encontre-nos, tamb\u00e9m, nas redes sociais (@cgepi) e confira nossos conte\u00fados no nosso canal do Youtube<\/p>\n","category_list_v2":"","author_info_v2":{"name":"admin","url":"https:\/\/portal.pi.gov.br\/cge\/author\/admin\/"},"comments_num_v2":"0 coment\u00e1rio","jetpack_sharing_enabled":true,"_links":{"self":[{"href":"https:\/\/portal.pi.gov.br\/cge\/wp-json\/wp\/v2\/pages\/52"}],"collection":[{"href":"https:\/\/portal.pi.gov.br\/cge\/wp-json\/wp\/v2\/pages"}],"about":[{"href":"https:\/\/portal.pi.gov.br\/cge\/wp-json\/wp\/v2\/types\/page"}],"author":[{"embeddable":true,"href":"https:\/\/portal.pi.gov.br\/cge\/wp-json\/wp\/v2\/users\/1"}],"replies":[{"embeddable":true,"href":"https:\/\/portal.pi.gov.br\/cge\/wp-json\/wp\/v2\/comments?post=52"}],"version-history":[{"count":6,"href":"https:\/\/portal.pi.gov.br\/cge\/wp-json\/wp\/v2\/pages\/52\/revisions"}],"predecessor-version":[{"id":11347,"href":"https:\/\/portal.pi.gov.br\/cge\/wp-json\/wp\/v2\/pages\/52\/revisions\/11347"}],"wp:attachment":[{"href":"https:\/\/portal.pi.gov.br\/cge\/wp-json\/wp\/v2\/media?parent=52"}],"curies":[{"name":"wp","href":"https:\/\/api.w.org\/{rel}","templated":true}]}}