{"id":8335,"date":"2024-05-02T13:58:00","date_gmt":"2024-05-02T16:58:00","guid":{"rendered":"https:\/\/portal.pi.gov.br\/cge\/?page_id=8335"},"modified":"2024-05-09T11:03:52","modified_gmt":"2024-05-09T14:03:52","slug":"materiais-de-apoio","status":"publish","type":"page","link":"https:\/\/portal.pi.gov.br\/cge\/capacitacoes-2\/materiais-de-apoio\/","title":{"rendered":"Materiais de apoio"},"content":{"rendered":"\n<details class=\"wp-block-stackable-accordion stk-block-accordion stk-inner-blocks stk-block-content stk-block stk-c4761de is-style-default\" data-block-id=\"c4761de\">\n<summary class=\"wp-block-stackable-column stk-block-column stk-column stk-block stk-4bd3972 stk--container-small stk-block-accordion__heading\" data-v=\"4\" data-block-id=\"4bd3972\"><div class=\"stk-column-wrapper stk-block-column__content stk-container stk-4bd3972-container stk-hover-parent\"><div class=\"stk-block-content stk-inner-blocks stk-4bd3972-inner-blocks\">\n<div class=\"wp-block-stackable-icon-label stk-block-icon-label stk-block stk-6cca58b\" data-block-id=\"6cca58b\"><div class=\"stk-row stk-inner-blocks stk-block-content\">\n<div class=\"wp-block-stackable-heading stk-block-heading stk-block-heading--v2 stk-block stk-04a7dca\" id=\"span-style-color-00406-b-class-stk-highlight-reuniao-tecnica-sobre-regularidade-fiscal-economico-financeira-e-administrativa-span\" data-block-id=\"04a7dca\"><h4 class=\"stk-block-heading__text\"><span style=\"color: #00406b\" class=\"stk-highlight\">Reuni\u00e3o T\u00e9cnica sobre Regularidade Fiscal Econ\u00f4mico-Financeira e Administrativa<\/span><\/h4><\/div>\n\n\n\n<div class=\"wp-block-stackable-icon stk-block-icon stk-block stk-442af99\" data-block-id=\"442af99\"><span class=\"stk--svg-wrapper\"><div class=\"stk--inner-svg\"><svg style=\"height:0;width:0\"><defs><linearGradient id=\"linear-gradient-442af99\" x1=\"0\" x2=\"100%\" y1=\"0\" y2=\"0\"><stop offset=\"0%\" style=\"stop-opacity:1;stop-color:var(--linear-gradient-442-af-99-color-1)\"><\/stop><stop offset=\"100%\" style=\"stop-opacity:1;stop-color:var(--linear-gradient-442-af-99-color-2)\"><\/stop><\/linearGradient><\/defs><\/svg><svg data-prefix=\"fas\" data-icon=\"chevron-down\" class=\"svg-inline--fa fa-chevron-down fa-w-14\" xmlns=\"http:\/\/www.w3.org\/2000\/svg\" viewBox=\"0 0 448 512\" aria-hidden=\"true\" width=\"32\" height=\"32\"><path fill=\"currentColor\" d=\"M207.029 381.476L12.686 187.132c-9.373-9.373-9.373-24.569 0-33.941l22.667-22.667c9.357-9.357 24.522-9.375 33.901-.04L224 284.505l154.745-154.021c9.379-9.335 24.544-9.317 33.901.04l22.667 22.667c9.373 9.373 9.373 24.569 0 33.941L240.971 381.476c-9.373 9.372-24.569 9.372-33.942 0z\"><\/path><\/svg><\/div><\/span><\/div>\n<\/div><\/div>\n<\/div><\/div><\/summary>\n\n\n\n<div class=\"wp-block-stackable-column stk-block-column stk-column stk-block stk-c9a5b0d stk-block-accordion__content\" data-v=\"4\" data-block-id=\"c9a5b0d\"><div class=\"stk-column-wrapper stk-block-column__content stk-container stk-c9a5b0d-container stk--no-background stk--no-padding\"><div class=\"stk-block-content stk-inner-blocks stk-c9a5b0d-inner-blocks\">\n<div class=\"wp-block-group is-vertical is-layout-flex wp-container-1\">\n<div class=\"wp-block-stackable-heading stk-block-heading stk-block-heading--v2 stk-block stk-340fa88\" id=\"guia-de-regularidade\" data-block-id=\"340fa88\"><style>.stk-340fa88{margin-bottom:1px !important}.stk-340fa88 .stk-block-heading__text{color:#000000 !important}.stk-340fa88 .stk-block-heading__top-line{height:4px !important;width:450px !important;background-color:#1071a1 !important;margin-bottom:0px !important}.stk-340fa88 .stk-block-heading__bottom-line{height:4px !important;width:0px !important;background-color:#1071a1 !important;margin-top:7px !important}<\/style><div class=\"stk-block-heading__top-line\"><\/div><h2 class=\"stk-block-heading__text has-text-color has-black-color stk-block-heading--use-theme-margins\">Guia de Regularidade<\/h2><\/div>\n\n\n\n<p>Slides apresentados durante a Reuni\u00e3o T\u00e9cnica<\/p>\n\n\n\n<p><em><a href=\"https:\/\/portal.pi.gov.br\/cge\/download\/125\/treinamentos\/8289\/reuniao-tecnica-regularidade.pdf\">Acesse o documento<\/a><\/em><\/p>\n<\/div>\n<\/div><\/div><\/div>\n<\/details>\n","protected":false},"excerpt":{"rendered":"<p>Reuni\u00e3o T\u00e9cnica sobre Regularidade Fiscal Econ\u00f4mico-Financeira e Administrativa Guia de Regularidade Slides apresentados durante a Reuni\u00e3o T\u00e9cnica Acesse o documento<\/p>\n","protected":false},"author":41,"featured_media":0,"parent":625,"menu_order":0,"comment_status":"closed","ping_status":"closed","template":"","meta":[],"featured_image_urls":{"full":"","thumbnail":"","medium":"","medium_large":"","large":"","sgg-420":"","sgg-540":"","sgg-780":"","1536x1536":"","2048x2048":"","homepage-slider":"","homepage-slider-small":"","page-top":"","page-small":"","loop-main":"","thumb-gallery-widget":""},"post_excerpt_stackable":"<p>Reuni\u00e3o T\u00e9cnica sobre Regularidade Fiscal Econ\u00f4mico-Financeira e Administrativa Guia de Regularidade Slides apresentados durante a Reuni\u00e3o T\u00e9cnica Acesse o documento<\/p>\n","category_list":"","author_info":{"name":"anavirginia","url":"https:\/\/portal.pi.gov.br\/cge\/author\/anavirginia\/"},"comments_num":"0 coment\u00e1rio","featured_image_urls_v2":{"full":"","thumbnail":"","medium":"","medium_large":"","large":"","sgg-420":"","sgg-540":"","sgg-780":"","1536x1536":"","2048x2048":"","homepage-slider":"","homepage-slider-small":"","page-top":"","page-small":"","loop-main":"","thumb-gallery-widget":""},"post_excerpt_stackable_v2":"<p>Reuni\u00e3o T\u00e9cnica sobre Regularidade Fiscal Econ\u00f4mico-Financeira e Administrativa Guia de Regularidade Slides apresentados durante a Reuni\u00e3o T\u00e9cnica Acesse o documento<\/p>\n","category_list_v2":"","author_info_v2":{"name":"anavirginia","url":"https:\/\/portal.pi.gov.br\/cge\/author\/anavirginia\/"},"comments_num_v2":"0 coment\u00e1rio","jetpack_sharing_enabled":true,"_links":{"self":[{"href":"https:\/\/portal.pi.gov.br\/cge\/wp-json\/wp\/v2\/pages\/8335"}],"collection":[{"href":"https:\/\/portal.pi.gov.br\/cge\/wp-json\/wp\/v2\/pages"}],"about":[{"href":"https:\/\/portal.pi.gov.br\/cge\/wp-json\/wp\/v2\/types\/page"}],"author":[{"embeddable":true,"href":"https:\/\/portal.pi.gov.br\/cge\/wp-json\/wp\/v2\/users\/41"}],"replies":[{"embeddable":true,"href":"https:\/\/portal.pi.gov.br\/cge\/wp-json\/wp\/v2\/comments?post=8335"}],"version-history":[{"count":6,"href":"https:\/\/portal.pi.gov.br\/cge\/wp-json\/wp\/v2\/pages\/8335\/revisions"}],"predecessor-version":[{"id":8388,"href":"https:\/\/portal.pi.gov.br\/cge\/wp-json\/wp\/v2\/pages\/8335\/revisions\/8388"}],"up":[{"embeddable":true,"href":"https:\/\/portal.pi.gov.br\/cge\/wp-json\/wp\/v2\/pages\/625"}],"wp:attachment":[{"href":"https:\/\/portal.pi.gov.br\/cge\/wp-json\/wp\/v2\/media?parent=8335"}],"curies":[{"name":"wp","href":"https:\/\/api.w.org\/{rel}","templated":true}]}}