{"id":5921,"date":"2023-05-12T08:50:30","date_gmt":"2023-05-12T11:50:30","guid":{"rendered":"https:\/\/portal.pi.gov.br\/cge\/?post_type=tribe_events&#038;p=5921"},"modified":"2023-05-15T08:19:36","modified_gmt":"2023-05-15T11:19:36","slug":"webinario-sobre-folha-de-pagamento-no-esocial","status":"publish","type":"tribe_events","link":"https:\/\/portal.pi.gov.br\/cge\/event\/webinario-sobre-folha-de-pagamento-no-esocial\/","title":{"rendered":"Curso de Forma\u00e7\u00e3o sobre Educa\u00e7\u00e3o Fiscal"},"content":{"rendered":"<p>Est\u00e3o aberta as inscri\u00e7\u00f5es para o curso de Forma\u00e7\u00e3o sobre Educa\u00e7\u00e3o Fiscal. A forma\u00e7\u00e3o \u00e9 organizada pelo Sindicato dos T\u00e9cnicos Tribut\u00e1rios do RS \u2013 Afocefe Sindicato, Instituto Justi\u00e7a Fiscal (IJF), Instituto de Estudos Socioecon\u00f4micos (Inesc) e a Rede de Justi\u00e7a Fiscal da Am\u00e9rica Latina e Caribe.<\/p>\n<p>Per\u00edodo 23\/05\/2023 a 30\/06\/2023.<\/p>\n<p>Ser\u00e3o 4 m\u00f3dulos<\/p>\n<p>Os inscritos com aproveitamento superior a 70% do conte\u00fado recebem certificado.<\/p>\n<p><strong>Inscri\u00e7\u00f5es: <\/strong><\/p>\n<p><em>https:\/\/portal.pi.gov.br\/cge\/2023\/05\/12\/inscricoes-abertas-para-o-curso-de-formacao-sobre-educacao-fiscal\/<\/em><\/p>\n","protected":false},"excerpt":{"rendered":"<p>Est\u00e3o aberta as inscri\u00e7\u00f5es para o curso de Forma\u00e7\u00e3o sobre Educa\u00e7\u00e3o Fiscal. A forma\u00e7\u00e3o \u00e9 organizada pelo Sindicato dos T\u00e9cnicos Tribut\u00e1rios do RS \u2013 Afocefe Sindicato, Instituto Justi\u00e7a Fiscal (IJF), [&hellip;]<\/p>\n","protected":false},"author":1729,"featured_media":5926,"comment_status":"open","ping_status":"closed","template":"","meta":{"_tribe_events_status":"","_tribe_events_status_reason":""},"tags":[],"tribe_events_cat":[],"featured_image_urls":{"full":["https:\/\/portal.pi.gov.br\/cge\/wp-content\/uploads\/sites\/12\/2023\/05\/WhatsApp-Image-2023-05-12-at-08.47.08.jpeg",1280,1600,false],"thumbnail":["https:\/\/portal.pi.gov.br\/cge\/wp-content\/uploads\/sites\/12\/2023\/05\/WhatsApp-Image-2023-05-12-at-08.47.08-150x150.jpeg",150,150,true],"medium":["https:\/\/portal.pi.gov.br\/cge\/wp-content\/uploads\/sites\/12\/2023\/05\/WhatsApp-Image-2023-05-12-at-08.47.08-240x300.jpeg",240,300,true],"medium_large":["https:\/\/portal.pi.gov.br\/cge\/wp-content\/uploads\/sites\/12\/2023\/05\/WhatsApp-Image-2023-05-12-at-08.47.08-768x960.jpeg",768,960,true],"large":["https:\/\/portal.pi.gov.br\/cge\/wp-content\/uploads\/sites\/12\/2023\/05\/WhatsApp-Image-2023-05-12-at-08.47.08-819x1024.jpeg",819,1024,true],"sgg-420":["https:\/\/portal.pi.gov.br\/cge\/wp-content\/uploads\/sites\/12\/2023\/05\/WhatsApp-Image-2023-05-12-at-08.47.08-336x420.jpeg",336,420,true],"sgg-540":["https:\/\/portal.pi.gov.br\/cge\/wp-content\/uploads\/sites\/12\/2023\/05\/WhatsApp-Image-2023-05-12-at-08.47.08-432x540.jpeg",432,540,true],"sgg-780":["https:\/\/portal.pi.gov.br\/cge\/wp-content\/uploads\/sites\/12\/2023\/05\/WhatsApp-Image-2023-05-12-at-08.47.08-624x780.jpeg",624,780,true],"1536x1536":["https:\/\/portal.pi.gov.br\/cge\/wp-content\/uploads\/sites\/12\/2023\/05\/WhatsApp-Image-2023-05-12-at-08.47.08-1229x1536.jpeg",1229,1536,true],"2048x2048":["https:\/\/portal.pi.gov.br\/cge\/wp-content\/uploads\/sites\/12\/2023\/05\/WhatsApp-Image-2023-05-12-at-08.47.08.jpeg",1280,1600,false],"homepage-slider":["https:\/\/portal.pi.gov.br\/cge\/wp-content\/uploads\/sites\/12\/2023\/05\/WhatsApp-Image-2023-05-12-at-08.47.08-1270x500.jpeg",1270,500,true],"homepage-slider-small":["https:\/\/portal.pi.gov.br\/cge\/wp-content\/uploads\/sites\/12\/2023\/05\/WhatsApp-Image-2023-05-12-at-08.47.08-947x500.jpeg",947,500,true],"page-top":["https:\/\/portal.pi.gov.br\/cge\/wp-content\/uploads\/sites\/12\/2023\/05\/WhatsApp-Image-2023-05-12-at-08.47.08-947x1184.jpeg",947,1184,true],"page-small":["https:\/\/portal.pi.gov.br\/cge\/wp-content\/uploads\/sites\/12\/2023\/05\/WhatsApp-Image-2023-05-12-at-08.47.08-624x780.jpeg",624,780,true],"loop-main":["https:\/\/portal.pi.gov.br\/cge\/wp-content\/uploads\/sites\/12\/2023\/05\/WhatsApp-Image-2023-05-12-at-08.47.08-365x240.jpeg",365,240,true],"thumb-gallery-widget":["https:\/\/portal.pi.gov.br\/cge\/wp-content\/uploads\/sites\/12\/2023\/05\/WhatsApp-Image-2023-05-12-at-08.47.08-84x56.jpeg",84,56,true]},"post_excerpt_stackable":"<p>Est\u00e3o aberta as inscri\u00e7\u00f5es para o curso de Forma\u00e7\u00e3o sobre Educa\u00e7\u00e3o Fiscal. A forma\u00e7\u00e3o \u00e9 organizada pelo Sindicato dos T\u00e9cnicos Tribut\u00e1rios do RS \u2013 Afocefe Sindicato, Instituto Justi\u00e7a Fiscal (IJF), Instituto de Estudos Socioecon\u00f4micos (Inesc) e a Rede de Justi\u00e7a Fiscal da Am\u00e9rica Latina e Caribe. Per\u00edodo 23\/05\/2023 a 30\/06\/2023. Ser\u00e3o 4 m\u00f3dulos Os inscritos com aproveitamento superior a 70% do conte\u00fado recebem certificado. Inscri\u00e7\u00f5es: https:\/\/portal.pi.gov.br\/cge\/2023\/05\/12\/inscricoes-abertas-para-o-curso-de-formacao-sobre-educacao-fiscal\/<\/p>\n","category_list":"","author_info":{"name":"sleticiacb","url":"https:\/\/portal.pi.gov.br\/cge\/author\/sleticiacb\/"},"comments_num":"0 coment\u00e1rio","featured_image_urls_v2":{"full":["https:\/\/portal.pi.gov.br\/cge\/wp-content\/uploads\/sites\/12\/2023\/05\/WhatsApp-Image-2023-05-12-at-08.47.08.jpeg",1280,1600,false],"thumbnail":["https:\/\/portal.pi.gov.br\/cge\/wp-content\/uploads\/sites\/12\/2023\/05\/WhatsApp-Image-2023-05-12-at-08.47.08-150x150.jpeg",150,150,true],"medium":["https:\/\/portal.pi.gov.br\/cge\/wp-content\/uploads\/sites\/12\/2023\/05\/WhatsApp-Image-2023-05-12-at-08.47.08-240x300.jpeg",240,300,true],"medium_large":["https:\/\/portal.pi.gov.br\/cge\/wp-content\/uploads\/sites\/12\/2023\/05\/WhatsApp-Image-2023-05-12-at-08.47.08-768x960.jpeg",768,960,true],"large":["https:\/\/portal.pi.gov.br\/cge\/wp-content\/uploads\/sites\/12\/2023\/05\/WhatsApp-Image-2023-05-12-at-08.47.08-819x1024.jpeg",819,1024,true],"sgg-420":["https:\/\/portal.pi.gov.br\/cge\/wp-content\/uploads\/sites\/12\/2023\/05\/WhatsApp-Image-2023-05-12-at-08.47.08-336x420.jpeg",336,420,true],"sgg-540":["https:\/\/portal.pi.gov.br\/cge\/wp-content\/uploads\/sites\/12\/2023\/05\/WhatsApp-Image-2023-05-12-at-08.47.08-432x540.jpeg",432,540,true],"sgg-780":["https:\/\/portal.pi.gov.br\/cge\/wp-content\/uploads\/sites\/12\/2023\/05\/WhatsApp-Image-2023-05-12-at-08.47.08-624x780.jpeg",624,780,true],"1536x1536":["https:\/\/portal.pi.gov.br\/cge\/wp-content\/uploads\/sites\/12\/2023\/05\/WhatsApp-Image-2023-05-12-at-08.47.08-1229x1536.jpeg",1229,1536,true],"2048x2048":["https:\/\/portal.pi.gov.br\/cge\/wp-content\/uploads\/sites\/12\/2023\/05\/WhatsApp-Image-2023-05-12-at-08.47.08.jpeg",1280,1600,false],"homepage-slider":["https:\/\/portal.pi.gov.br\/cge\/wp-content\/uploads\/sites\/12\/2023\/05\/WhatsApp-Image-2023-05-12-at-08.47.08-1270x500.jpeg",1270,500,true],"homepage-slider-small":["https:\/\/portal.pi.gov.br\/cge\/wp-content\/uploads\/sites\/12\/2023\/05\/WhatsApp-Image-2023-05-12-at-08.47.08-947x500.jpeg",947,500,true],"page-top":["https:\/\/portal.pi.gov.br\/cge\/wp-content\/uploads\/sites\/12\/2023\/05\/WhatsApp-Image-2023-05-12-at-08.47.08-947x1184.jpeg",947,1184,true],"page-small":["https:\/\/portal.pi.gov.br\/cge\/wp-content\/uploads\/sites\/12\/2023\/05\/WhatsApp-Image-2023-05-12-at-08.47.08-624x780.jpeg",624,780,true],"loop-main":["https:\/\/portal.pi.gov.br\/cge\/wp-content\/uploads\/sites\/12\/2023\/05\/WhatsApp-Image-2023-05-12-at-08.47.08-365x240.jpeg",365,240,true],"thumb-gallery-widget":["https:\/\/portal.pi.gov.br\/cge\/wp-content\/uploads\/sites\/12\/2023\/05\/WhatsApp-Image-2023-05-12-at-08.47.08-84x56.jpeg",84,56,true]},"post_excerpt_stackable_v2":"<p>Est\u00e3o aberta as inscri\u00e7\u00f5es para o curso de Forma\u00e7\u00e3o sobre Educa\u00e7\u00e3o Fiscal. A forma\u00e7\u00e3o \u00e9 organizada pelo Sindicato dos T\u00e9cnicos Tribut\u00e1rios do RS \u2013 Afocefe Sindicato, Instituto Justi\u00e7a Fiscal (IJF), Instituto de Estudos Socioecon\u00f4micos (Inesc) e a Rede de Justi\u00e7a Fiscal da Am\u00e9rica Latina e Caribe. Per\u00edodo 23\/05\/2023 a 30\/06\/2023. Ser\u00e3o 4 m\u00f3dulos Os inscritos com aproveitamento superior a 70% do conte\u00fado recebem certificado. Inscri\u00e7\u00f5es: https:\/\/portal.pi.gov.br\/cge\/2023\/05\/12\/inscricoes-abertas-para-o-curso-de-formacao-sobre-educacao-fiscal\/<\/p>\n","category_list_v2":"","author_info_v2":{"name":"sleticiacb","url":"https:\/\/portal.pi.gov.br\/cge\/author\/sleticiacb\/"},"comments_num_v2":"0 coment\u00e1rio","jetpack_sharing_enabled":true,"_links":{"self":[{"href":"https:\/\/portal.pi.gov.br\/cge\/wp-json\/wp\/v2\/tribe_events\/5921"}],"collection":[{"href":"https:\/\/portal.pi.gov.br\/cge\/wp-json\/wp\/v2\/tribe_events"}],"about":[{"href":"https:\/\/portal.pi.gov.br\/cge\/wp-json\/wp\/v2\/types\/tribe_events"}],"author":[{"embeddable":true,"href":"https:\/\/portal.pi.gov.br\/cge\/wp-json\/wp\/v2\/users\/1729"}],"replies":[{"embeddable":true,"href":"https:\/\/portal.pi.gov.br\/cge\/wp-json\/wp\/v2\/comments?post=5921"}],"version-history":[{"count":5,"href":"https:\/\/portal.pi.gov.br\/cge\/wp-json\/wp\/v2\/tribe_events\/5921\/revisions"}],"predecessor-version":[{"id":5928,"href":"https:\/\/portal.pi.gov.br\/cge\/wp-json\/wp\/v2\/tribe_events\/5921\/revisions\/5928"}],"wp:featuredmedia":[{"embeddable":true,"href":"https:\/\/portal.pi.gov.br\/cge\/wp-json\/wp\/v2\/media\/5926"}],"wp:attachment":[{"href":"https:\/\/portal.pi.gov.br\/cge\/wp-json\/wp\/v2\/media?parent=5921"}],"wp:term":[{"taxonomy":"post_tag","embeddable":true,"href":"https:\/\/portal.pi.gov.br\/cge\/wp-json\/wp\/v2\/tags?post=5921"},{"taxonomy":"tribe_events_cat","embeddable":true,"href":"https:\/\/portal.pi.gov.br\/cge\/wp-json\/wp\/v2\/tribe_events_cat?post=5921"}],"curies":[{"name":"wp","href":"https:\/\/api.w.org\/{rel}","templated":true}]}}

Curso de Formação sobre Educação Fiscal

<p>Estão aberta as inscrições para o curso de Formação sobre Educação Fiscal. A formação é organizada pelo Sindicato dos Técnicos Tributários do RS – Afocefe Sindicato, Instituto Justiça Fiscal (IJF), Instituto de Estudos Socioeconômicos (Inesc) e a Rede de Justiça Fiscal da América Latina e Caribe.</p>
<p>Período 23/05/2023 a 30/06/2023.</p>
<p>Serão 4 módulos</p>
<p>Os inscritos com aproveitamento superior a 70% do conteúdo recebem certificado.</p>
<p><strong>Inscrições: </strong></p>
<p><em>https://portal.pi.gov.br/cge/2023/05/12/inscricoes-abertas-para-o-curso-de-formacao-sobre-educacao-fiscal/</em></p>

<p>Estão aberta as inscrições para o curso de Formação sobre Educação Fiscal. A formação é organizada pelo Sindicato dos Técnicos Tributários do RS – Afocefe Sindicato, Instituto Justiça Fiscal (IJF), [&hellip;]</p>

<p>Estão aberta as inscrições para o curso de Formação sobre Educação Fiscal. A formação é organizada pelo Sindicato dos Técnicos Tributários do RS – Afocefe Sindicato, Instituto Justiça Fiscal (IJF), Instituto de Estudos Socioeconômicos (Inesc) e a Rede de Justiça Fiscal da América Latina e Caribe. Período 23/05/2023 a 30/06/2023. Serão 4 módulos Os inscritos com aproveitamento superior a 70% do conteúdo recebem certificado. Inscrições: https://portal.pi.gov.br/cge/2023/05/12/inscricoes-abertas-para-o-curso-de-formacao-sobre-educacao-fiscal/</p>

0 comentário
