{"id":959,"date":"2024-07-22T08:39:40","date_gmt":"2024-07-22T11:39:40","guid":{"rendered":"https:\/\/portal.pi.gov.br\/cojuv\/?page_id=959"},"modified":"2024-08-20T13:04:23","modified_gmt":"2024-08-20T16:04:23","slug":"escola-livre-digital-coliga","status":"publish","type":"page","link":"https:\/\/portal.pi.gov.br\/cojuv\/escola-livre-digital-coliga\/","title":{"rendered":"Escola Livre Digital &#8211; COLIGA"},"content":{"rendered":"\n<p><strong><em>Uma escola para as juventudes<\/em><\/strong><br><\/p>\n\n\n\n<figure class=\"wp-block-image size-large\"><a href=\"https:\/\/coliga.digital\/\" target=\"_blank\" rel=\"noreferrer noopener\"><img decoding=\"async\" loading=\"lazy\" width=\"1024\" height=\"253\" src=\"https:\/\/portal.pi.gov.br\/cojuv\/wp-content\/uploads\/sites\/98\/2024\/08\/xlarge_Capa_noticia_campanha_coliga_2000x800_d6498425c0-e1724029772558-1024x253.png\" alt=\"\" class=\"wp-image-1069\" srcset=\"https:\/\/portal.pi.gov.br\/cojuv\/wp-content\/uploads\/sites\/98\/2024\/08\/xlarge_Capa_noticia_campanha_coliga_2000x800_d6498425c0-e1724029772558-1024x253.png 1024w, https:\/\/portal.pi.gov.br\/cojuv\/wp-content\/uploads\/sites\/98\/2024\/08\/xlarge_Capa_noticia_campanha_coliga_2000x800_d6498425c0-e1724029772558-300x74.png 300w, https:\/\/portal.pi.gov.br\/cojuv\/wp-content\/uploads\/sites\/98\/2024\/08\/xlarge_Capa_noticia_campanha_coliga_2000x800_d6498425c0-e1724029772558-768x190.png 768w, https:\/\/portal.pi.gov.br\/cojuv\/wp-content\/uploads\/sites\/98\/2024\/08\/xlarge_Capa_noticia_campanha_coliga_2000x800_d6498425c0-e1724029772558-420x104.png 420w, https:\/\/portal.pi.gov.br\/cojuv\/wp-content\/uploads\/sites\/98\/2024\/08\/xlarge_Capa_noticia_campanha_coliga_2000x800_d6498425c0-e1724029772558-540x134.png 540w, https:\/\/portal.pi.gov.br\/cojuv\/wp-content\/uploads\/sites\/98\/2024\/08\/xlarge_Capa_noticia_campanha_coliga_2000x800_d6498425c0-e1724029772558-780x193.png 780w, https:\/\/portal.pi.gov.br\/cojuv\/wp-content\/uploads\/sites\/98\/2024\/08\/xlarge_Capa_noticia_campanha_coliga_2000x800_d6498425c0-e1724029772558-1536x380.png 1536w, https:\/\/portal.pi.gov.br\/cojuv\/wp-content\/uploads\/sites\/98\/2024\/08\/xlarge_Capa_noticia_campanha_coliga_2000x800_d6498425c0-e1724029772558-947x234.png 947w, https:\/\/portal.pi.gov.br\/cojuv\/wp-content\/uploads\/sites\/98\/2024\/08\/xlarge_Capa_noticia_campanha_coliga_2000x800_d6498425c0-e1724029772558-624x154.png 624w, https:\/\/portal.pi.gov.br\/cojuv\/wp-content\/uploads\/sites\/98\/2024\/08\/xlarge_Capa_noticia_campanha_coliga_2000x800_d6498425c0-e1724029772558.png 1920w\" sizes=\"(max-width: 1024px) 100vw, 1024px\" \/><\/a><\/figure>\n\n\n\n<h2 class=\"wp-block-heading\"><br><\/h2>\n\n\n\n<p>A&nbsp;<strong><a href=\"https:\/\/coliga.digital\/\" data-type=\"URL\" data-id=\"https:\/\/coliga.digital\/\" target=\"_blank\" rel=\"noreferrer noopener\">co.liga<\/a><\/strong>&nbsp;\u00e9 uma escola livre, que busca promover a inclus\u00e3o das juventudes no campo da Economia Criativa.&nbsp;<\/p>\n\n\n\n<p>Na plataforma online \u00e9 poss\u00edvel fazer cursos gratuitos, autoinstrucionais e de curta dura\u00e7\u00e3o segmentados em cinco \u00e1reas da Economia Criativa \u2013 Patrim\u00f4nio, M\u00fasica, Multim\u00eddia, Design e Artes Visuais \u2013 al\u00e9m de temas transversais como empreendedorismo, l\u00ednguas, cidadania e elabora\u00e7\u00e3o de projetos culturais, que d\u00e3o suporte \u00e0 trajet\u00f3ria dos jovens.<\/p>\n\n\n\n<p>E, acima de tudo, a co.liga \u00e9 um espa\u00e7o de fortalecimento de redes, com o objetivo de conectar pessoas: estudantes, profissionais e institui\u00e7\u00f5es.<br><br>Se liga, jovem!<br><\/p>\n","protected":false},"excerpt":{"rendered":"<p>Uma escola para as juventudes A&nbsp;co.liga&nbsp;\u00e9 uma escola livre, que busca promover a inclus\u00e3o das juventudes no campo da Economia Criativa.&nbsp; Na plataforma online \u00e9 poss\u00edvel fazer cursos gratuitos, autoinstrucionais [&hellip;]<\/p>\n","protected":false},"author":1,"featured_media":0,"parent":0,"menu_order":0,"comment_status":"closed","ping_status":"closed","template":"template-fullwidth.php","meta":[],"featured_image_urls":{"full":"","thumbnail":"","medium":"","medium_large":"","large":"","sgg-420":"","sgg-540":"","sgg-780":"","1536x1536":"","2048x2048":"","homepage-slider":"","homepage-slider-small":"","page-top":"","page-small":"","loop-main":"","thumb-gallery-widget":""},"post_excerpt_stackable":"<p>Uma escola para as juventudes A&nbsp;co.liga&nbsp;\u00e9 uma escola livre, que busca promover a inclus\u00e3o das juventudes no campo da Economia Criativa.&nbsp; Na plataforma online \u00e9 poss\u00edvel fazer cursos gratuitos, autoinstrucionais e de curta dura\u00e7\u00e3o segmentados em cinco \u00e1reas da Economia Criativa \u2013 Patrim\u00f4nio, M\u00fasica, Multim\u00eddia, Design e Artes Visuais \u2013 al\u00e9m de temas transversais como empreendedorismo, l\u00ednguas, cidadania e elabora\u00e7\u00e3o de projetos culturais, que d\u00e3o suporte \u00e0 trajet\u00f3ria dos jovens. E, acima de tudo, a co.liga \u00e9 um espa\u00e7o de fortalecimento de redes, com o objetivo de conectar pessoas: estudantes, profissionais e institui\u00e7\u00f5es.Se liga, jovem!<\/p>\n","category_list":"","author_info":{"name":"admin","url":"https:\/\/portal.pi.gov.br\/cojuv\/author\/admin\/"},"comments_num":"0 coment\u00e1rio","featured_image_urls_v2":{"full":"","thumbnail":"","medium":"","medium_large":"","large":"","sgg-420":"","sgg-540":"","sgg-780":"","1536x1536":"","2048x2048":"","homepage-slider":"","homepage-slider-small":"","page-top":"","page-small":"","loop-main":"","thumb-gallery-widget":""},"post_excerpt_stackable_v2":"<p>Uma escola para as juventudes A&nbsp;co.liga&nbsp;\u00e9 uma escola livre, que busca promover a inclus\u00e3o das juventudes no campo da Economia Criativa.&nbsp; Na plataforma online \u00e9 poss\u00edvel fazer cursos gratuitos, autoinstrucionais e de curta dura\u00e7\u00e3o segmentados em cinco \u00e1reas da Economia Criativa \u2013 Patrim\u00f4nio, M\u00fasica, Multim\u00eddia, Design e Artes Visuais \u2013 al\u00e9m de temas transversais como empreendedorismo, l\u00ednguas, cidadania e elabora\u00e7\u00e3o de projetos culturais, que d\u00e3o suporte \u00e0 trajet\u00f3ria dos jovens. E, acima de tudo, a co.liga \u00e9 um espa\u00e7o de fortalecimento de redes, com o objetivo de conectar pessoas: estudantes, profissionais e institui\u00e7\u00f5es.Se liga, jovem!<\/p>\n","category_list_v2":"","author_info_v2":{"name":"admin","url":"https:\/\/portal.pi.gov.br\/cojuv\/author\/admin\/"},"comments_num_v2":"0 coment\u00e1rio","_links":{"self":[{"href":"https:\/\/portal.pi.gov.br\/cojuv\/wp-json\/wp\/v2\/pages\/959"}],"collection":[{"href":"https:\/\/portal.pi.gov.br\/cojuv\/wp-json\/wp\/v2\/pages"}],"about":[{"href":"https:\/\/portal.pi.gov.br\/cojuv\/wp-json\/wp\/v2\/types\/page"}],"author":[{"embeddable":true,"href":"https:\/\/portal.pi.gov.br\/cojuv\/wp-json\/wp\/v2\/users\/1"}],"replies":[{"embeddable":true,"href":"https:\/\/portal.pi.gov.br\/cojuv\/wp-json\/wp\/v2\/comments?post=959"}],"version-history":[{"count":14,"href":"https:\/\/portal.pi.gov.br\/cojuv\/wp-json\/wp\/v2\/pages\/959\/revisions"}],"predecessor-version":[{"id":1137,"href":"https:\/\/portal.pi.gov.br\/cojuv\/wp-json\/wp\/v2\/pages\/959\/revisions\/1137"}],"wp:attachment":[{"href":"https:\/\/portal.pi.gov.br\/cojuv\/wp-json\/wp\/v2\/media?parent=959"}],"curies":[{"name":"wp","href":"https:\/\/api.w.org\/{rel}","templated":true}]}}