{"id":2821,"date":"2026-01-16T12:35:25","date_gmt":"2026-01-16T15:35:25","guid":{"rendered":"https:\/\/portal.pi.gov.br\/defesacivil\/?page_id=2821"},"modified":"2026-02-11T10:38:56","modified_gmt":"2026-02-11T13:38:56","slug":"relatorio-de-gestao-consolidado","status":"publish","type":"page","link":"https:\/\/portal.pi.gov.br\/defesacivil\/relatorio-de-gestao-consolidado\/","title":{"rendered":"Relat\u00f3rio de Gest\u00e3o Consolidado"},"content":{"rendered":"\n<p>A Secretaria de Estado da Defesa Civil (SEDEC) apresenta o Relat\u00f3rio de Gest\u00e3o 2024\u20132025, com a finalidade de demonstrar \u00e0 sociedade os resultados alcan\u00e7ados e a capacidade institucional de gerar valor p\u00fablico, em conformidade com as normas vigentes e as diretrizes da Pol\u00edtica Nacional de Prote\u00e7\u00e3o e Defesa Civil.<\/p>\n\n\n<script type=\"text\/x-handlebars-template\"        id=\"wpfd-template-table-categories-50\">    <div class=\"wpfd-categories\">{{#if category}}{{#with category}}{{#if parent}}<a class=\"catlink backcategory\" href=\"#\" data-idcat=\"{{parent}}\">                        <i class=\"zmdi zmdi-chevron-left\"><\/i><span>Voltar<\/span><\/a>{{\/if}}{{\/with}}{{\/if}}<\/div><\/script><script type=\"text\/x-handlebars-template\" id=\"wpfd-template-table-50\">    {{#if files}}    {{#each files}}    <tr class=\"file\" data-id=\"{{ID}}\" data-catid=\"{{catid}}\">    <td class=\"file_title\"><a class=\"wpfd_downloadlink\" href=\"{{linkdownload}}\" title=\"{{post_title}}\"><span class=\"extcol\">{{#if file_custom_icon}}<span class=\"icon-custom\"><img src=\"{{file_custom_icon}}\"><\/span>{{else}}<span class=\"ext ext-{{ext}}\"><\/span>{{\/if}}<\/span>{{{crop_title}}}<\/a><\/td><td class=\"file_size\">{{bytesToSize size}}<\/td><td class=\"file_created\">{{created}}<\/td>                    <td class=\"col-download\">                <a class=\"downloadlink wpfd_downloadlink\"  href=\"{{linkdownload}}\" style=\"background-color:#033b85;color:#ffffff;\">Baixar<i class=\"zmdi zmdi-cloud-download wpfd-download\"><\/i><\/a>{{#if openpdflink}}<a class=\"openlink wpfdlightbox wpfd_previewlink\" href=\"{{openpdflink}}\" target=\"\">Visualizar                            <i class=\"zmdi zmdi-filter-center-focus wpfd-preview\"><\/i>                        <\/a>{{else}}{{#if viewerlink}}<a                            href=\"{{viewerlink}}\"                            class=\"openlink wpfdlightbox wpfd_previewlink\"                            target=\"\"                            data-id=\"{{ID}}\"                            data-catid=\"{{catid}}\"                            data-file-type=\"{{ext}}\">Visualizar<i class=\"zmdi zmdi-filter-center-focus wpfd-preview\"><\/i>                        <\/a>{{\/if}}{{\/if}}            <\/td>            <\/tr>    {{\/each}}    {{\/if}}<\/script><div class=\"wpfd-content wpfd-content-table wpfd-content-multi colstyle\" data-category=\"50\"><input type=\"hidden\" id=\"current_category_50\" value=\"50\" \/>                    <input type=\"hidden\" id=\"current_category_slug_50\" value=\"relatorio-de-gestao-consolidado\" \/>                    <input type=\"hidden\" id=\"current_ordering_50\" value=\"created_time\" \/>                    <input type=\"hidden\" id=\"current_ordering_direction_50\" value=\"desc\" \/><div class=\"wpfd-container\">        <div class=\"wpfd-open-tree\"><\/div>    <div class=\"wpfd-container-table \">        <div class=\"wpfd-categories\"><\/div>        <table class=\"wpfd-table wpfd-table-bordered wpfd-table-striped mediaTable\">            <thead>            <tr>                <th class=\"essential persist file_title\">T\u00edtulo<\/th><th class=\"optional file_size\">Tamanho<\/th><th class=\"optional file_created\">Data de Publica\u00e7\u00e3o<\/th><th class=\"essential file_download\">Baixar<\/th>            <\/tr>            <\/thead>            <tbody>                            <tr class=\"file\" data-id=\"2901\"                    data-catid=\"50\">                    <td class=\"file_title\"><a class=\"wpfd_downloadlink\" href=\"https:\/\/portal.pi.gov.br\/defesacivil\/download\/50\/relatorio-de-gestao-consolidado\/2901\/relatorio-de-gestao-consolidado-2025.pdf\" title=\"Relat\u00f3rio de Gest\u00e3o Consolidado 2025\"><span class=\"extcol\">                                <span class=\"ext ext-pdf\"><\/span>                                Relat\u00f3rio de Gest\u00e3o Consolidado 2025                            <\/span><\/a><\/td><td class=\"file_size\">2.10 MB<\/td><td class=\"file_created\">01-04-2026<\/td>                                            <td class=\"col-download\">                            <a class=\"downloadlink wpfd_downloadlink\"  href=\"https:\/\/portal.pi.gov.br\/defesacivil\/download\/50\/relatorio-de-gestao-consolidado\/2901\/relatorio-de-gestao-consolidado-2025.pdf\" style=\"background-color:#033b85;color:#ffffff;\">Baixar<i class=\"zmdi zmdi-cloud-download wpfd-download\"><\/i><\/a><a                            href=\"https:\/\/docs.google.com\/viewer?url=https%3A%2F%2Fportal.pi.gov.br%2Fdefesacivil%2Fwp-admin%2Fadmin-ajax.php%3Fjuwpfisadmin%3Dfalse%26action%3Dwpfd%26task%3Dfile.download%26wpfd_category_id%3D50%26wpfd_file_id%3D2901%26token%3D%26preview%3D1&#038;embedded=true\"                            class=\"openlink wpfdlightbox wpfd_previewlink\"                            target=\"\"                            data-id=\"2901\"                            data-catid=\"50\"                            data-file-type=\"pdf\">Visualizar<i class=\"zmdi zmdi-filter-center-focus wpfd-preview\"><\/i>                        <\/a>                        <\/td>                                    <\/tr>                            <tr class=\"file\" data-id=\"2845\"                    data-catid=\"50\">                    <td class=\"file_title\"><a class=\"wpfd_downloadlink\" href=\"https:\/\/portal.pi.gov.br\/defesacivil\/download\/50\/relatorio-de-gestao-consolidado\/2845\/relatorio-de-gestao-consolidado-2024-defesa-civil.pdf\" title=\"Relatorio-de-Gestao-Consolidado-2024-Defesa-Civil-\"><span class=\"extcol\">                                <span class=\"ext ext-pdf\"><\/span>                                Relatorio-de-Gestao-Consolidado-2024-Defesa-Civil-                            <\/span><\/a><\/td><td class=\"file_size\">38.67 MB<\/td><td class=\"file_created\">11-02-2026<\/td>                                            <td class=\"col-download\">                            <a class=\"downloadlink wpfd_downloadlink\"  href=\"https:\/\/portal.pi.gov.br\/defesacivil\/download\/50\/relatorio-de-gestao-consolidado\/2845\/relatorio-de-gestao-consolidado-2024-defesa-civil.pdf\" style=\"background-color:#033b85;color:#ffffff;\">Baixar<i class=\"zmdi zmdi-cloud-download wpfd-download\"><\/i><\/a><a                            href=\"https:\/\/docs.google.com\/viewer?url=https%3A%2F%2Fportal.pi.gov.br%2Fdefesacivil%2Fwp-admin%2Fadmin-ajax.php%3Fjuwpfisadmin%3Dfalse%26action%3Dwpfd%26task%3Dfile.download%26wpfd_category_id%3D50%26wpfd_file_id%3D2845%26token%3D%26preview%3D1&#038;embedded=true\"                            class=\"openlink wpfdlightbox wpfd_previewlink\"                            target=\"\"                            data-id=\"2845\"                            data-catid=\"50\"                            data-file-type=\"pdf\">Visualizar<i class=\"zmdi zmdi-filter-center-focus wpfd-preview\"><\/i>                        <\/a>                        <\/td>                                    <\/tr>                        <\/tbody>        <\/table>            <\/div><\/div><\/div>\n","protected":false},"excerpt":{"rendered":"<p>A Secretaria de Estado da Defesa Civil (SEDEC) apresenta o Relat\u00f3rio de Gest\u00e3o 2024\u20132025, com a finalidade de demonstrar \u00e0 sociedade os resultados alcan\u00e7ados e a capacidade institucional de gerar [&hellip;]<\/p>\n","protected":false},"author":1842,"featured_media":0,"parent":0,"menu_order":0,"comment_status":"closed","ping_status":"closed","template":"template-fullwidth.php","meta":[],"featured_image_urls":{"full":"","thumbnail":"","medium":"","medium_large":"","large":"","sgg-420":"","sgg-540":"","sgg-780":"","1536x1536":"","2048x2048":"","homepage-slider":"","homepage-slider-small":"","page-top":"","page-small":"","loop-main":"","thumb-gallery-widget":""},"post_excerpt_stackable":"<p>A Secretaria de Estado da Defesa Civil (SEDEC) apresenta o Relat\u00f3rio de Gest\u00e3o 2024\u20132025, com a finalidade de demonstrar \u00e0 sociedade os resultados alcan\u00e7ados e a capacidade institucional de gerar valor p\u00fablico, em conformidade com as normas vigentes e as diretrizes da Pol\u00edtica Nacional de Prote\u00e7\u00e3o e Defesa Civil. T\u00edtuloTamanhoData de Publica\u00e7\u00e3oBaixar Relat\u00f3rio de Gest\u00e3o Consolidado 2025 2.10 MB01-04-2026 BaixarVisualizar Relatorio-de-Gestao-Consolidado-2024-Defesa-Civil- 38.67 MB11-02-2026 BaixarVisualizar<\/p>\n","category_list":"","author_info":{"name":"franciscopaiva","url":"https:\/\/portal.pi.gov.br\/defesacivil\/author\/franciscopaiva\/"},"comments_num":"0 coment\u00e1rio","featured_image_urls_v2":{"full":"","thumbnail":"","medium":"","medium_large":"","large":"","sgg-420":"","sgg-540":"","sgg-780":"","1536x1536":"","2048x2048":"","homepage-slider":"","homepage-slider-small":"","page-top":"","page-small":"","loop-main":"","thumb-gallery-widget":""},"post_excerpt_stackable_v2":"<p>A Secretaria de Estado da Defesa Civil (SEDEC) apresenta o Relat\u00f3rio de Gest\u00e3o 2024\u20132025, com a finalidade de demonstrar \u00e0 sociedade os resultados alcan\u00e7ados e a capacidade institucional de gerar valor p\u00fablico, em conformidade com as normas vigentes e as diretrizes da Pol\u00edtica Nacional de Prote\u00e7\u00e3o e Defesa Civil. T\u00edtuloTamanhoData de Publica\u00e7\u00e3oBaixar Relat\u00f3rio de Gest\u00e3o Consolidado 2025 2.10 MB01-04-2026 BaixarVisualizar Relatorio-de-Gestao-Consolidado-2024-Defesa-Civil- 38.67 MB11-02-2026 BaixarVisualizar<\/p>\n","category_list_v2":"","author_info_v2":{"name":"franciscopaiva","url":"https:\/\/portal.pi.gov.br\/defesacivil\/author\/franciscopaiva\/"},"comments_num_v2":"0 coment\u00e1rio","_links":{"self":[{"href":"https:\/\/portal.pi.gov.br\/defesacivil\/wp-json\/wp\/v2\/pages\/2821"}],"collection":[{"href":"https:\/\/portal.pi.gov.br\/defesacivil\/wp-json\/wp\/v2\/pages"}],"about":[{"href":"https:\/\/portal.pi.gov.br\/defesacivil\/wp-json\/wp\/v2\/types\/page"}],"author":[{"embeddable":true,"href":"https:\/\/portal.pi.gov.br\/defesacivil\/wp-json\/wp\/v2\/users\/1842"}],"replies":[{"embeddable":true,"href":"https:\/\/portal.pi.gov.br\/defesacivil\/wp-json\/wp\/v2\/comments?post=2821"}],"version-history":[{"count":2,"href":"https:\/\/portal.pi.gov.br\/defesacivil\/wp-json\/wp\/v2\/pages\/2821\/revisions"}],"predecessor-version":[{"id":2847,"href":"https:\/\/portal.pi.gov.br\/defesacivil\/wp-json\/wp\/v2\/pages\/2821\/revisions\/2847"}],"wp:attachment":[{"href":"https:\/\/portal.pi.gov.br\/defesacivil\/wp-json\/wp\/v2\/media?parent=2821"}],"curies":[{"name":"wp","href":"https:\/\/api.w.org\/{rel}","templated":true}]}}