{"id":1013,"date":"2023-02-13T19:53:14","date_gmt":"2023-02-13T22:53:14","guid":{"rendered":"https:\/\/portal.pi.gov.br\/detran\/?page_id=1013"},"modified":"2026-04-17T14:45:43","modified_gmt":"2026-04-17T17:45:43","slug":"editais","status":"publish","type":"page","link":"https:\/\/portal.pi.gov.br\/detran\/editais\/","title":{"rendered":"Editais"},"content":{"rendered":"\n<div class=\"container\" style=\"max-width: 800px;background: #fff;padding: 20px;border-radius: 10px;font-family: Arial, sans-serif;margin: 20px;padding: 20px;background-color: #fff\">\n        <h1 style=\"font-size: 22px;color: #333;text-align: center\">\ud83d\udcccLISTA DE INSTRUTORES AUT\u00d4NOMOS CREDENCIADOS (EDITAL N\u00ba 01\/2026 &#8211; DETRAN-PI)<\/h1>\n    <p><strong>Acesse clicando no link abaixo:<\/strong><\/p>\n    <ul class=\"document-list\" style=\"padding: 0\">\n        <li style=\"margin: 15px 0;padding: 10px;background: #e9ecef;border-radius: 5px\">\ud83d\udcc4 <a href=\"https:\/\/portal.pi.gov.br\/detran\/wp-content\/uploads\/sites\/62\/2026\/04\/LISTA-DE-INSTRUTORES-AUTONOMOS-CREDENCIADOS-EDITAL-01-2026.pdf\" target=\"_blank\" style=\"text-decoration: none;font-weight: bold;color: #0056b3\" rel=\"noopener\">LISTA DE INSTRUTORES AUT\u00d4NOMOS CREDENCIADOS (EDITAL N\u00ba 01\/2026 &#8211; DETRAN-PI)<\/a><\/li>            \n    <\/ul>\n        \n      <h1 style=\"font-size: 22px;color: #333;text-align: center\">\ud83d\udccc 04\u00ba Publica\u00e7\u00e3o de Notifica\u00e7\u00e3o dos Ve\u00edculos Conservados e Sucata Aproveit\u00e1vel de 2026.<\/h1>\n    <p><strong>Acesse clicando no link abaixo:<\/strong><\/p>\n    <ul class=\"document-list\" style=\"padding: 0\">\n        <li style=\"margin: 15px 0;padding: 10px;background: #e9ecef;border-radius: 5px\">\ud83d\udcc4 <a href=\"https:\/\/portal.pi.gov.br\/detran\/wp-content\/uploads\/sites\/62\/2026\/04\/PUBLICACAO-DE-NOTIFICACAO-DOS-VEICULOS-CONSERVADOS-E-SUCATA-APROVEITAVEL-DE-2026-3.docx\" target=\"_blank\" style=\"text-decoration: none;font-weight: bold;color: #0056b3\" rel=\"noopener\">04\u00ba Publica\u00e7\u00e3o de Notifica\u00e7\u00e3o dos Ve\u00edculos Conservados e Sucata Aproveit\u00e1vel de 2026.<\/a><\/li>            \n    <\/ul>\n      <h1 style=\"font-size: 22px;color: #333;text-align: center\">\ud83d\udccc Rela\u00e7\u00e3o de Instrutores Aut\u00f4nomos Credenciados para a Realiza\u00e7\u00e3o de Aulas Pr\u00e1ticas de Dire\u00e7\u00e3o Veicular.<\/h1>\n    <p><strong>Acesse clicando no link abaixo:<\/strong><\/p>\n    <ul class=\"document-list\" style=\"padding: 0\">\n        <li style=\"margin: 15px 0;padding: 10px;background: #e9ecef;border-radius: 5px\">\ud83d\udcc4 <a href=\"https:\/\/portal.pi.gov.br\/detran\/wp-content\/uploads\/sites\/62\/2026\/03\/LISTA-INSTRUTORES-AUTONOMOS-CREDENCIADOS-DETRAN.pdf\" target=\"_blank\" style=\"text-decoration: none;font-weight: bold;color: #0056b3\" rel=\"noopener\">Rela\u00e7\u00e3o de Instrutores Aut\u00f4nomos Credenciados.<\/a><\/li>            \n    <\/ul>\n     <h1 style=\"font-size: 22px;color: #333;text-align: center\">\ud83d\udccc EDITAL \u2013 Credenciamento de Instrutor de Tr\u00e2nsito Aut\u00f4nomo para Aulas Pr\u00e1ticas de Dire\u00e7\u00e3o Veicular<\/h1>\n    <p><strong>Acesse clicando no link abaixo:<\/strong><\/p>\n    <ul class=\"document-list\" style=\"padding: 0\">\n        <li style=\"margin: 15px 0;padding: 10px;background: #e9ecef;border-radius: 5px\">\ud83d\udcc4 <a href=\"https:\/\/portal.pi.gov.br\/detran\/wp-content\/uploads\/sites\/62\/2026\/02\/EDITAL-INSTRUTORES-AUTONOMOS-FEV.pdf\" target=\"_blank\" style=\"text-decoration: none;font-weight: bold;color: #0056b3\" rel=\"noopener\">Edital para credenciamento de instrutores aut\u00f4nomos.<\/a><\/li>            \n    <\/ul>\n    <h1 style=\"font-size: 22px;color: #333;text-align: center\">\ud83d\udcccEDITAL &#8211; Credenciamento DETRANPI 01-2026 &#8211; Instrutores Aut\u00f4nomos com data para Documentac\u00e3o.<\/h1>\n    <p><strong>Acesse clicando no link abaixo:<\/strong><\/p>\n    <ul class=\"document-list\" style=\"padding: 0\">\n        <li style=\"margin: 15px 0;padding: 10px;background: #e9ecef;border-radius: 5px\">\ud83d\udcc4 <a href=\"https:\/\/portal.pi.gov.br\/detran\/wp-content\/uploads\/sites\/62\/2026\/02\/EDITAL-Credenciamento-DETRANPI-01-2026-inst.-autonomos_com-data-para-documentaca.pdf\" target=\"_blank\" style=\"text-decoration: none;font-weight: bold;color: #0056b3\" rel=\"noopener\">Edital para credenciamento de instrutores aut\u00f4nomos.<\/a><\/li>            \n    <\/ul>\n    <h1 style=\"font-size: 22px;color: #333;text-align: center\">\ud83d\udcccDETRAN-PI divulga resultado da 1\u00aa Etapa do Processo Seletivo para Instrutores de Tr\u00e2nsito.<\/h1>\n    <p><strong>Acesse \u00e0 documenta\u00e7\u00e3o clicando no link abaixo:<\/strong><\/p>\n    <ul class=\"document-list\" style=\"padding: 0\">\n        <li style=\"margin: 15px 0;padding: 10px;background: #e9ecef;border-radius: 5px\">\ud83d\udcc4 <a href=\"https:\/\/portal.pi.gov.br\/detran\/wp-content\/uploads\/sites\/62\/2025\/11\/SEI_0021086403_Analise_1.pdf\" target=\"_blank\" style=\"text-decoration: none;font-weight: bold;color: #0056b3\" rel=\"noopener\">Resultado da 1\u00aa Etapa do Processo Seletivo para Instrutores de Tr\u00e2nsito.<\/a><\/li>            \n    <\/ul>\n      <h1 style=\"font-size: 22px;color: #333;text-align: center\">\ud83d\udcccREABERTURA DO EDITAL DE PROCESSO SELETIVO PARA CONTRATA\u00c7\u00c3O DE INSTRUTORES DE TR\u00c2NSITO<\/h1>\n    <p><strong>Acesse \u00e0 documenta\u00e7\u00e3o clicando no link abaixo:<\/strong><\/p>\n    <ul class=\"document-list\" style=\"padding: 0\">\n        <li style=\"margin: 15px 0;padding: 10px;background: #e9ecef;border-radius: 5px\">\ud83d\udcc4 <a href=\"https:\/\/portal.pi.gov.br\/detran\/wp-content\/uploads\/sites\/62\/2025\/10\/SEI_0020592723_Edital_01_2025-1.pdf\" target=\"_blank\" style=\"text-decoration: none;font-weight: bold;color: #0056b3\" rel=\"noopener\">REABERTURA DO EDITAL DE PROCESSO SELETIVO PARA CONTRATA\u00c7\u00c3O DE INSTRUTORES DE TR\u00c2NSITO<\/a><\/li>            \n    <\/ul>\n     <h1 style=\"font-size: 22px;color: #333;text-align: center\">\ud83d\udcccEDITAL DE PROCESSO SELETIVO PARA CONTRATA\u00c7\u00c3O DE INSTRUTORES DE TR\u00c2NSITO<\/h1>\n    <p><strong>Acesse \u00e0 documenta\u00e7\u00e3o clicando no link abaixo:<\/strong><\/p>\n    <ul class=\"document-list\" style=\"padding: 0\">\n        <li style=\"margin: 15px 0;padding: 10px;background: #e9ecef;border-radius: 5px\">\ud83d\udcc4 <a href=\"https:\/\/portal.pi.gov.br\/detran\/wp-content\/uploads\/sites\/62\/2025\/08\/SEI_GOV-PI-0019484666-Edital-n-01-2025-seletivo-30-instrutores.pdf\" target=\"_blank\" style=\"text-decoration: none;font-weight: bold;color: #0056b3\" rel=\"noopener\">EDITAL DE PROCESSO SELETIVO PARA CONTRATA\u00c7\u00c3O DE INSTRUTORES DE TR\u00c2NSITO<\/a><\/li>            \n    <\/ul>\n  <h1 style=\"font-size: 22px;color: #333;text-align: center\">\ud83d\udcccEDITAL DE CREDENCIAMENTO N\u00ba 01\/2025 &#8211; CREDENCIAMENTO DE CL\u00cdNICAS\u00a0(CNH\u00a0SOCIAL)<\/h1>\n    <p><strong>Acesse \u00e0 documenta\u00e7\u00e3o clicando no link abaixo:<\/strong><\/p>\n    <ul class=\"document-list\" style=\"padding: 0\">\n        <li style=\"margin: 15px 0;padding: 10px;background: #e9ecef;border-radius: 5px\">\ud83d\udcc4 <a href=\"https:\/\/portal.pi.gov.br\/detran\/wp-content\/uploads\/sites\/62\/2025\/05\/SEI_GOV-PI-017138828-Edital-de-Credenciamento-01.20251.pdf\" target=\"_blank\" style=\"text-decoration: none;font-weight: bold;color: #0056b3\" rel=\"noopener\">Edital de Credenciamento 01\/2025<\/a><\/li>            \n    <\/ul>\n    <ul class=\"document-list\" style=\"padding: 0\">\n        <li style=\"margin: 15px 0;padding: 10px;background: #e9ecef;border-radius: 5px\">\ud83d\udcc4 <a href=\"https:\/\/portal.pi.gov.br\/detran\/wp-content\/uploads\/sites\/62\/2025\/05\/SEI_GOV-PI-017734037-Termo-de-Referencia-Cred.Clinicas-CNH-Social1.pdf\" target=\"_blank\" style=\"text-decoration: none;font-weight: bold;color: #0056b3\" rel=\"noopener\">Termo de Refer\u00eancia<\/a><\/li>            \n    <\/ul>\n    <ul class=\"document-list\" style=\"padding: 0\">\n        <li style=\"margin: 15px 0;padding: 10px;background: #e9ecef;border-radius: 5px\">\ud83d\udcc4 <a href=\"https:\/\/portal.pi.gov.br\/detran\/wp-content\/uploads\/sites\/62\/2025\/05\/PUBLICACAO-DOEPI_81_2025___EDITAL-CRED_01.2025___CLINICAS_CNH_SOCIAL1.pdf\" target=\"_blank\" style=\"text-decoration: none;font-weight: bold;color: #0056b3\" rel=\"noopener\">Publica\u00e7\u00e3o &#8211; DOEPI<\/a><\/li>            \n    <\/ul>\n    <ul class=\"document-list\" style=\"padding: 0\">\n        <li style=\"margin: 15px 0;padding: 10px;background: #e9ecef;border-radius: 5px\">\ud83d\udcc4 <a href=\"https:\/\/portal.pi.gov.br\/detran\/wp-content\/uploads\/sites\/62\/2025\/05\/Recibo_divulgacao_lic_TCEPI-10472631.pdf\" target=\"_blank\" style=\"text-decoration: none;font-weight: bold;color: #0056b3\" rel=\"noopener\">Recibo &#8211; Divulga\u00e7\u00e3o<\/a><\/li>            \n    <\/ul>\n  <h1 style=\"font-size: 22px;color: #333;text-align: center\">\ud83d\udcccEDITAL DE PR\u00c9-QUALIFICA\u00c7\u00c3O PERMANENTE EM APOIO AOS PROCESSOS DE INFRA\u00c7\u00d5ES DE TR\u00c2NSITO E SERVI\u00c7OS TECNOL\u00d3GICOS AOS PROCESSOS\nADMINISTRATIVOS DE FISCALIZA\u00c7\u00c3O N\u00ba 01\/2024\u00a0&#8211;\u00a0DETRAN\/PI<\/h1>\n    <p><strong>Acesse \u00e0 documenta\u00e7\u00e3o clicando no link abaixo:<\/strong><\/p>\n    <ul class=\"document-list\" style=\"padding: 0\">\n        <li style=\"margin: 15px 0;padding: 10px;background: #e9ecef;border-radius: 5px\">\ud83d\udcc4 <a href=\"https:\/\/portal.pi.gov.br\/detran\/wp-content\/uploads\/sites\/62\/2025\/04\/SEI_GOV-PI-017801445-Edital.pdf\" target=\"_blank\" style=\"text-decoration: none;font-weight: bold;color: #0056b3\" rel=\"noopener\">EDITAL DE PR\u00c9-QUALIFICA\u00c7\u00c3O PERMANENTE EM APOIO AOS PROCESSOS DE INFRA\u00c7\u00d5ES DE TR\u00c2NSITO E SERVI\u00c7OS TECNOL\u00d3GICOS AOS PROCESSOS\nADMINISTRATIVOS DE FISCALIZA\u00c7\u00c3O N\u00ba 01\/2024\u00a0&#8211;\u00a0DETRAN\/PI<\/a><\/li>            \n    <\/ul>\n     <h1 style=\"font-size: 22px;color: #333;text-align: center\">\ud83d\udccc EDITAL DE CREDENCIAMENTO N\u00ba 02\/2024 &#8211; TICKET ALIMENTA\u00c7\u00c3O<\/h1>\n    <p><strong>Acesse os documentos clicando nos links abaixo:<\/strong><\/p>\n    <ul class=\"document-list\" style=\"padding: 0\">\n        <li style=\"margin: 15px 0;padding: 10px;background: #e9ecef;border-radius: 5px\">\ud83d\udcc4 <a href=\"https:\/\/portal.pi.gov.br\/detran\/wp-content\/uploads\/sites\/62\/2025\/01\/DOEPI_3_2025-Errata-Aviso-de-Abertura-de-Credenciamento-02-2025.pdf\" target=\"_blank\" style=\"text-decoration: none;font-weight: bold;color: #0056b3\" rel=\"noopener\">ERRATA AVISO DE ABERTURA DE CREDENCIAMENTO 02\/2025<\/a><\/li>\n        <li style=\"margin: 15px 0;padding: 10px;background: #e9ecef;border-radius: 5px\">\ud83d\udcc4 <a href=\"https:\/\/portal.pi.gov.br\/detran\/wp-content\/uploads\/sites\/62\/2025\/01\/EDITAL_CRED_02.2024-TICKET_ALIMENTACAO-2.pdf\" target=\"_blank\" style=\"text-decoration: none;font-weight: bold;color: #0056b3\" rel=\"noopener\">EDITAL DE CREDENCIAMENTO N\u00ba 02\/2024 &#8211; TICKET ALIMENTA\u00c7\u00c3O<\/a><\/li>\n        <li style=\"margin: 15px 0;padding: 10px;background: #e9ecef;border-radius: 5px\">\ud83d\udcc4 <a href=\"https:\/\/portal.pi.gov.br\/detran\/wp-content\/uploads\/sites\/62\/2025\/01\/Publicacao-de-AVISO-de-abertura-de-Edital-de-Credenciamento-TICKET_ALIMENTACAO1.pdf\" target=\"_blank\" style=\"text-decoration: none;font-weight: bold;color:  #0056b3\" rel=\"noopener\">AVISO DE ABERTURA DO EDITAL &#8211; TICKET ALIMENTA\u00c7\u00c3O<\/a><\/li>\n        <li style=\"margin: 15px 0;padding: 10px;background: #e9ecef;border-radius: 5px\">\ud83d\udcc4 <a href=\"https:\/\/portal.pi.gov.br\/detran\/wp-content\/uploads\/sites\/62\/2025\/01\/SEI_GOV-PI-015973200-Termo-de-Referencia-Credenciamento-TICKET_ALIMENTACAO.pdf\" target=\"_blank\" style=\"text-decoration: none;font-weight: bold;color:  #0056b3\" rel=\"noopener\">TERMO DE REFER\u00caNCIA &#8211; CREDENCIAMENTO TICKET ALIMENTA\u00c7\u00c3O<\/a><\/li>\n        <li style=\"margin: 15px 0;padding: 10px;background: #e9ecef;border-radius: 5px\">\ud83d\udcc4 <a href=\"https:\/\/portal.pi.gov.br\/detran\/wp-content\/uploads\/sites\/62\/2025\/01\/Contrato_Padrao_Lei_14.133_Bens_e_Servicos-TICKET_ALIMENTACAO.pdf\" target=\"_blank\" style=\"text-decoration: none;font-weight: bold;color:  #0056b3\" rel=\"noopener\">CONTRATO PADR\u00c3O (Lei n\u00ba 14.133) &#8211; BENS E SERVI\u00c7OS &#8211; TICKET ALIMENTA\u00c7\u00c3O<\/a><\/li>\n    <\/ul>\n    <h1 style=\"font-size: 22px;color: #333;text-align: center\">\ud83d\udcccPORTARIA N\u00ba 93\/2023 \/ EDITAL N\u00ba 04\/2023 \u2013 RECREDENCIAMENTO DE CL\u00cdNICAS<\/h1>\n    <p><strong>Publica\u00e7\u00e3o da Portaria n\u00ba 93\/2023-GDG DETRAN\/PI, na Edi\u00e7\u00e3o n\u00ba 179 do DOE\/PI (homologat\u00f3rio do Edital n\u00ba 04\/2023 de Recredenciamento de Cl\u00ednicas.:<\/strong><\/p>\n    <ul class=\"document-list\" style=\"padding: 0\">\n        <li style=\"margin: 15px 0;padding: 10px;background: #e9ecef;border-radius: 5px\">\ud83d\udcc4 <a href=\"https:\/\/portal.pi.gov.br\/detran\/wp-content\/uploads\/sites\/62\/2025\/04\/Portaria-93-2023-N.179-DOE-PI-Homologa.-Edital-n.-04-2023-Recred.-clinicas-18-09-23.pdf\" target=\"_blank\" style=\"text-decoration: none;font-weight: bold;color:  #0056b3\" rel=\"noopener\">Acesse aqui a Portaria<\/a><\/li>\n        <li style=\"margin: 15px 0;padding: 10px;background: #e9ecef;border-radius: 5px\">\ud83d\udcc4 <a href=\"https:\/\/portal.pi.gov.br\/detran\/wp-content\/uploads\/sites\/62\/2025\/04\/EDITAL-04.2023-RECREDENCIAMENTO-CLINICAS-ATUAL-18.09.pdf\" target=\"_blank\" style=\"text-decoration: none;font-weight: bold;color:  #0056b3\" rel=\"noopener\">Acesse aqui o Edital<\/a><\/li>\n        <li style=\"margin: 15px 0;padding: 10px;background: #e9ecef;border-radius: 5px\">\ud83d\udcc4 <a href=\"https:\/\/portal.pi.gov.br\/detran\/wp-content\/uploads\/sites\/62\/2025\/04\/Notificac\u0327a\u0303o-CLINICAS-prazos-de-geolocalizacao.pdf\" target=\"_blank\" style=\"text-decoration: none;font-weight: bold;color: #0056b3\" rel=\"noopener\">Acesse Aqui a Notifica\u00e7\u00e3o<\/a><\/li>\n    <\/ul>\n    <h1 style=\"font-size: 22px;color: #333;text-align: center\">\ud83d\udccc PORTARIA n\u00ba 39\/2023 e EDITAL DE CREDENCIAMENTO n\u00ba 03\/2023 &#8211; CREDENCIAMENTO\/RENOVA\u00c7\u00c3O\u00a0DE\u00a0CFC&#8217;s<\/h1>\n    <p><strong>Acesse os documentos clicando nos links abaixo:<\/strong><\/p>\n    <ul class=\"document-list\" style=\"padding: 0\">\n        <li style=\"margin: 15px 0;padding: 10px;background: #e9ecef;border-radius: 5px\">\ud83d\udcc4 <a href=\"https:\/\/portal.pi.gov.br\/detran\/wp-content\/uploads\/sites\/62\/2025\/04\/Edital-n.03-2023_CFC_Oficial-alteracoes-de-erratas1.pdf\" target=\"_blank\" style=\"text-decoration: none;font-weight: bold;color: #0056b3\" rel=\"noopener\">ABRIR EDITAL n\u00ba 03\/2003 &#8211; CREDENCIAMENTO DE CENTROS DE FORMA\u00c7\u00c3O DE CONDUTORES JUNTO\nAO DETRAN\/PI<\/a><\/li>         \n    <\/ul>\n<\/div>\n\n\n\n<p><\/p>\n","protected":false},"excerpt":{"rendered":"<p>\ud83d\udcccLISTA DE INSTRUTORES AUT\u00d4NOMOS CREDENCIADOS (EDITAL N\u00ba 01\/2026 &#8211; DETRAN-PI) Acesse clicando no link abaixo: \ud83d\udcc4 LISTA DE INSTRUTORES AUT\u00d4NOMOS CREDENCIADOS (EDITAL N\u00ba 01\/2026 &#8211; DETRAN-PI) \ud83d\udccc 04\u00ba Publica\u00e7\u00e3o de [&hellip;]<\/p>\n","protected":false},"author":1713,"featured_media":0,"parent":0,"menu_order":0,"comment_status":"closed","ping_status":"closed","template":"template-fullwidth.php","meta":[],"featured_image_urls":{"full":"","thumbnail":"","medium":"","medium_large":"","large":"","sgg-420":"","sgg-540":"","sgg-780":"","1536x1536":"","2048x2048":"","homepage-slider":"","homepage-slider-small":"","page-top":"","page-small":"","loop-main":"","thumb-gallery-widget":""},"post_excerpt_stackable":"<p>\ud83d\udcccLISTA DE INSTRUTORES AUT\u00d4NOMOS CREDENCIADOS (EDITAL N\u00ba 01\/2026 &#8211; DETRAN-PI) Acesse clicando no link abaixo: \ud83d\udcc4 LISTA DE INSTRUTORES AUT\u00d4NOMOS CREDENCIADOS (EDITAL N\u00ba 01\/2026 &#8211; DETRAN-PI) \ud83d\udccc 04\u00ba Publica\u00e7\u00e3o de Notifica\u00e7\u00e3o dos Ve\u00edculos Conservados e Sucata Aproveit\u00e1vel de 2026. Acesse clicando no link abaixo: \ud83d\udcc4 04\u00ba Publica\u00e7\u00e3o de Notifica\u00e7\u00e3o dos Ve\u00edculos Conservados e Sucata Aproveit\u00e1vel de 2026. \ud83d\udccc Rela\u00e7\u00e3o de Instrutores Aut\u00f4nomos Credenciados para a Realiza\u00e7\u00e3o de Aulas Pr\u00e1ticas de Dire\u00e7\u00e3o Veicular. Acesse clicando no link abaixo: \ud83d\udcc4 Rela\u00e7\u00e3o de Instrutores Aut\u00f4nomos Credenciados. \ud83d\udccc EDITAL \u2013 Credenciamento de Instrutor de Tr\u00e2nsito Aut\u00f4nomo para Aulas Pr\u00e1ticas de Dire\u00e7\u00e3o Veicular Acesse clicando&hellip;<\/p>\n","category_list":"","author_info":{"name":"pedroneto","url":"https:\/\/portal.pi.gov.br\/detran\/author\/pedroneto\/"},"comments_num":"0 coment\u00e1rio","featured_image_urls_v2":{"full":"","thumbnail":"","medium":"","medium_large":"","large":"","sgg-420":"","sgg-540":"","sgg-780":"","1536x1536":"","2048x2048":"","homepage-slider":"","homepage-slider-small":"","page-top":"","page-small":"","loop-main":"","thumb-gallery-widget":""},"post_excerpt_stackable_v2":"<p>\ud83d\udcccLISTA DE INSTRUTORES AUT\u00d4NOMOS CREDENCIADOS (EDITAL N\u00ba 01\/2026 &#8211; DETRAN-PI) Acesse clicando no link abaixo: \ud83d\udcc4 LISTA DE INSTRUTORES AUT\u00d4NOMOS CREDENCIADOS (EDITAL N\u00ba 01\/2026 &#8211; DETRAN-PI) \ud83d\udccc 04\u00ba Publica\u00e7\u00e3o de Notifica\u00e7\u00e3o dos Ve\u00edculos Conservados e Sucata Aproveit\u00e1vel de 2026. Acesse clicando no link abaixo: \ud83d\udcc4 04\u00ba Publica\u00e7\u00e3o de Notifica\u00e7\u00e3o dos Ve\u00edculos Conservados e Sucata Aproveit\u00e1vel de 2026. \ud83d\udccc Rela\u00e7\u00e3o de Instrutores Aut\u00f4nomos Credenciados para a Realiza\u00e7\u00e3o de Aulas Pr\u00e1ticas de Dire\u00e7\u00e3o Veicular. Acesse clicando no link abaixo: \ud83d\udcc4 Rela\u00e7\u00e3o de Instrutores Aut\u00f4nomos Credenciados. \ud83d\udccc EDITAL \u2013 Credenciamento de Instrutor de Tr\u00e2nsito Aut\u00f4nomo para Aulas Pr\u00e1ticas de Dire\u00e7\u00e3o Veicular Acesse clicando&hellip;<\/p>\n","category_list_v2":"","author_info_v2":{"name":"pedroneto","url":"https:\/\/portal.pi.gov.br\/detran\/author\/pedroneto\/"},"comments_num_v2":"0 coment\u00e1rio","_links":{"self":[{"href":"https:\/\/portal.pi.gov.br\/detran\/wp-json\/wp\/v2\/pages\/1013"}],"collection":[{"href":"https:\/\/portal.pi.gov.br\/detran\/wp-json\/wp\/v2\/pages"}],"about":[{"href":"https:\/\/portal.pi.gov.br\/detran\/wp-json\/wp\/v2\/types\/page"}],"author":[{"embeddable":true,"href":"https:\/\/portal.pi.gov.br\/detran\/wp-json\/wp\/v2\/users\/1713"}],"replies":[{"embeddable":true,"href":"https:\/\/portal.pi.gov.br\/detran\/wp-json\/wp\/v2\/comments?post=1013"}],"version-history":[{"count":44,"href":"https:\/\/portal.pi.gov.br\/detran\/wp-json\/wp\/v2\/pages\/1013\/revisions"}],"predecessor-version":[{"id":4226,"href":"https:\/\/portal.pi.gov.br\/detran\/wp-json\/wp\/v2\/pages\/1013\/revisions\/4226"}],"wp:attachment":[{"href":"https:\/\/portal.pi.gov.br\/detran\/wp-json\/wp\/v2\/media?parent=1013"}],"curies":[{"name":"wp","href":"https:\/\/api.w.org\/{rel}","templated":true}]}}