{"id":2628,"date":"2025-02-11T08:52:26","date_gmt":"2025-02-11T11:52:26","guid":{"rendered":"https:\/\/portal.pi.gov.br\/detran\/?page_id=2628"},"modified":"2026-02-11T09:49:18","modified_gmt":"2026-02-11T12:49:18","slug":"relatorios-de-gestao","status":"publish","type":"page","link":"https:\/\/portal.pi.gov.br\/detran\/relatorios-de-gestao\/","title":{"rendered":"Relat\u00f3rios de Gest\u00e3o"},"content":{"rendered":"\n<style>\n.relatorios-lista {\n  list-style: none;\n  padding: 0;\n  margin: 0;\n}\n\n\/* Card *\/\n.relatorio-card {\n  display: flex;\n  gap: 20px;\n  background: #ffffff;\n  padding: 18px 0;\n  align-items: center;\n  border-bottom: 1px solid #e0e0e0; \/* LINHA SEPARADORA *\/\n  transition: all 0.3s ease;\n}\n\n.relatorio-card:last-child {\n  border-bottom: none; \/* Remove a linha do \u00faltimo *\/\n}\n\n.relatorio-card:hover {\n  background: #f9fbfd;\n}\n\n\/* Imagem *\/\n.relatorio-img {\n  width: 170px;\n  height: 110px;\n  object-fit: cover;\n  border-radius: 10px;\n}\n\n\/* Conte\u00fado *\/\n.relatorio-info {\n  flex: 1;\n}\n\n.relatorio-data {\n  font-size: 13px;\n  color: #6c757d;\n  margin-bottom: 6px;\n  display: block;\n  font-weight: 500;\n}\n\n.relatorio-titulo {\n  font-size: 20px;\n  font-weight: 600;\n  margin: 0 0 14px 0;\n  color: #1f2d3d;\n}\n\n\/* Bot\u00e3o *\/\n.relatorio-btn {\n  display: inline-block;\n  background: #0056b3;\n  color: #fff;\n  padding: 8px 16px;\n  border-radius: 6px;\n  font-size: 14px;\n  font-weight: 600;\n  text-decoration: none;\n  transition: all 0.3s ease;\n}\n\n.relatorio-btn:hover {\n  background: #003f8a;\n}\n\n\/* Responsivo *\/\n@media (max-width: 768px) {\n  .relatorio-card {\n    flex-direction: column;\n    align-items: flex-start;\n  }\n\n  .relatorio-img {\n    width: 100%;\n    height: 180px;\n  }\n}\n<\/style>\n\n\n<ul class=\"relatorios-lista\">\n\n  <li class=\"relatorio-card\">\n    <img decoding=\"async\" src=\"https:\/\/portal.pi.gov.br\/detran\/wp-content\/uploads\/sites\/62\/2026\/02\/imagem-relatorio-gestao-2025.png\" alt=\"Relat\u00f3rio de Gest\u00e3o 2025\" class=\"relatorio-img\">\n    <div class=\"relatorio-info\">\n      <h3 class=\"relatorio-titulo\">Relat\u00f3rio de Gest\u00e3o Detran-PI 2025<\/h3>\n      <a href=\"https:\/\/portal.pi.gov.br\/detran\/wp-content\/uploads\/sites\/62\/2026\/02\/RELATORIO-DE-GESTAO-2025-DETRAN-PI.pdf\" class=\"relatorio-btn\" target=\"_blank\" rel=\"noopener noreferrer\">\n        \ud83d\udcc4 Baixar Relat\u00f3rio\n      <\/a>\n    <\/div>\n  <\/li>\n\n  <li class=\"relatorio-card\">\n    <img decoding=\"async\" src=\"https:\/\/portal.pi.gov.br\/detran\/wp-content\/uploads\/sites\/62\/2025\/02\/ROMU0149-300x200-1.jpg\" alt=\"Relat\u00f3rio de Gest\u00e3o 2024\" class=\"relatorio-img\">\n    <div class=\"relatorio-info\">\n      <h3 class=\"relatorio-titulo\">Relat\u00f3rio de Gest\u00e3o Detran-PI 2024<\/h3>\n      <a href=\"https:\/\/portal.pi.gov.br\/detran\/wp-content\/uploads\/sites\/62\/2025\/02\/relatorio_detran2024_ok1.pdf\" class=\"relatorio-btn\" target=\"_blank\" rel=\"noopener noreferrer\">\n        \ud83d\udcc4 Baixar Relat\u00f3rio\n      <\/a>\n    <\/div>\n  <\/li>\n\n  <li class=\"relatorio-card\">\n    <img decoding=\"async\" src=\"https:\/\/portal.pi.gov.br\/detran\/wp-content\/uploads\/sites\/62\/2025\/02\/WhatsApp-Image-2023-10-11-at-08.45.47-300x203-1.jpg\" alt=\"Relat\u00f3rio de Gest\u00e3o 2023\" class=\"relatorio-img\">\n    <div class=\"relatorio-info\">\n      <h3 class=\"relatorio-titulo\">Relat\u00f3rio de Gest\u00e3o Detran-PI 2023<\/h3>\n      <a href=\"https:\/\/portal.pi.gov.br\/detran\/wp-content\/uploads\/sites\/62\/2025\/02\/Rela\u0301torio-de-Gesta\u0303o-Detran-2023-1.pdf\" class=\"relatorio-btn\" target=\"_blank\" rel=\"noopener noreferrer\">\n        \ud83d\udcc4 Baixar Relat\u00f3rio\n      <\/a>\n    <\/div>\n  <\/li>\n\n  <li class=\"relatorio-card\">\n    <img decoding=\"async\" src=\"https:\/\/portal.pi.gov.br\/detran\/wp-content\/uploads\/sites\/62\/2025\/02\/detran-pi-departamento-de-transito-estadual-do-piaui-1594839124-300x225-1.jpg\" alt=\"Relat\u00f3rio de Gest\u00e3o 2022\" class=\"relatorio-img\">\n    <div class=\"relatorio-info\">\n      <h3 class=\"relatorio-titulo\">Relat\u00f3rio de Gest\u00e3o Detran-PI 2022<\/h3>\n      <a href=\"https:\/\/portal.pi.gov.br\/detran\/wp-content\/uploads\/sites\/62\/2025\/02\/Relatorio-de-Gestao-Consolidado-2022-DETRAN-PI_compressed1.pdf\" class=\"relatorio-btn\" target=\"_blank\" rel=\"noopener noreferrer\">\n        \ud83d\udcc4 Baixar Relat\u00f3rio\n      <\/a>\n    <\/div>\n  <\/li>\n\n<\/ul>\n\n","protected":false},"excerpt":{"rendered":"<p>Relat\u00f3rio de Gest\u00e3o Detran-PI 2025 \ud83d\udcc4 Baixar Relat\u00f3rio Relat\u00f3rio de Gest\u00e3o Detran-PI 2024 \ud83d\udcc4 Baixar Relat\u00f3rio Relat\u00f3rio de Gest\u00e3o Detran-PI 2023 \ud83d\udcc4 Baixar Relat\u00f3rio Relat\u00f3rio de Gest\u00e3o Detran-PI 2022 \ud83d\udcc4 [&hellip;]<\/p>\n","protected":false},"author":1783,"featured_media":0,"parent":0,"menu_order":0,"comment_status":"closed","ping_status":"closed","template":"","meta":[],"featured_image_urls":{"full":"","thumbnail":"","medium":"","medium_large":"","large":"","sgg-420":"","sgg-540":"","sgg-780":"","1536x1536":"","2048x2048":"","homepage-slider":"","homepage-slider-small":"","page-top":"","page-small":"","loop-main":"","thumb-gallery-widget":""},"post_excerpt_stackable":"<p>Relat\u00f3rio de Gest\u00e3o Detran-PI 2025 \ud83d\udcc4 Baixar Relat\u00f3rio Relat\u00f3rio de Gest\u00e3o Detran-PI 2024 \ud83d\udcc4 Baixar Relat\u00f3rio Relat\u00f3rio de Gest\u00e3o Detran-PI 2023 \ud83d\udcc4 Baixar Relat\u00f3rio Relat\u00f3rio de Gest\u00e3o Detran-PI 2022 \ud83d\udcc4 Baixar Relat\u00f3rio<\/p>\n","category_list":"","author_info":{"name":"marcoschaves","url":"https:\/\/portal.pi.gov.br\/detran\/author\/marcoschaves\/"},"comments_num":"0 coment\u00e1rio","featured_image_urls_v2":{"full":"","thumbnail":"","medium":"","medium_large":"","large":"","sgg-420":"","sgg-540":"","sgg-780":"","1536x1536":"","2048x2048":"","homepage-slider":"","homepage-slider-small":"","page-top":"","page-small":"","loop-main":"","thumb-gallery-widget":""},"post_excerpt_stackable_v2":"<p>Relat\u00f3rio de Gest\u00e3o Detran-PI 2025 \ud83d\udcc4 Baixar Relat\u00f3rio Relat\u00f3rio de Gest\u00e3o Detran-PI 2024 \ud83d\udcc4 Baixar Relat\u00f3rio Relat\u00f3rio de Gest\u00e3o Detran-PI 2023 \ud83d\udcc4 Baixar Relat\u00f3rio Relat\u00f3rio de Gest\u00e3o Detran-PI 2022 \ud83d\udcc4 Baixar Relat\u00f3rio<\/p>\n","category_list_v2":"","author_info_v2":{"name":"marcoschaves","url":"https:\/\/portal.pi.gov.br\/detran\/author\/marcoschaves\/"},"comments_num_v2":"0 coment\u00e1rio","_links":{"self":[{"href":"https:\/\/portal.pi.gov.br\/detran\/wp-json\/wp\/v2\/pages\/2628"}],"collection":[{"href":"https:\/\/portal.pi.gov.br\/detran\/wp-json\/wp\/v2\/pages"}],"about":[{"href":"https:\/\/portal.pi.gov.br\/detran\/wp-json\/wp\/v2\/types\/page"}],"author":[{"embeddable":true,"href":"https:\/\/portal.pi.gov.br\/detran\/wp-json\/wp\/v2\/users\/1783"}],"replies":[{"embeddable":true,"href":"https:\/\/portal.pi.gov.br\/detran\/wp-json\/wp\/v2\/comments?post=2628"}],"version-history":[{"count":16,"href":"https:\/\/portal.pi.gov.br\/detran\/wp-json\/wp\/v2\/pages\/2628\/revisions"}],"predecessor-version":[{"id":4128,"href":"https:\/\/portal.pi.gov.br\/detran\/wp-json\/wp\/v2\/pages\/2628\/revisions\/4128"}],"wp:attachment":[{"href":"https:\/\/portal.pi.gov.br\/detran\/wp-json\/wp\/v2\/media?parent=2628"}],"curies":[{"name":"wp","href":"https:\/\/api.w.org\/{rel}","templated":true}]}}