{"id":1156,"date":"2024-01-11T11:05:31","date_gmt":"2024-01-11T14:05:31","guid":{"rendered":"https:\/\/portal.pi.gov.br\/emgerpi\/?page_id=1156"},"modified":"2024-02-02T08:54:21","modified_gmt":"2024-02-02T11:54:21","slug":"pregoes","status":"publish","type":"page","link":"https:\/\/portal.pi.gov.br\/emgerpi\/pregoes\/","title":{"rendered":"Preg\u00e3o"},"content":{"rendered":"<script type=\"text\/x-handlebars-template\"        id=\"wpfd-template-table-categories-44\">    <div class=\"wpfd-categories\">{{#if category}}{{#with category}}{{#if parent}}<a class=\"catlink backcategory\" href=\"#\" data-idcat=\"{{parent}}\">                        <i class=\"zmdi zmdi-chevron-left\"><\/i><span>Voltar<\/span><\/a>{{\/if}}{{\/with}}{{\/if}}<\/div><\/script><script type=\"text\/x-handlebars-template\" id=\"wpfd-template-table-44\">    {{#if files}}    {{#each files}}    <tr class=\"file\" data-id=\"{{ID}}\" data-catid=\"{{catid}}\">    <td class=\"file_title\"><a class=\"wpfd_downloadlink\" href=\"{{linkdownload}}\" title=\"{{post_title}}\"><span class=\"extcol\">{{#if file_custom_icon}}<span class=\"icon-custom\"><img src=\"{{file_custom_icon}}\"><\/span>{{else}}<span class=\"ext ext-{{ext}}\"><\/span>{{\/if}}<\/span>{{{crop_title}}}<\/a><\/td><td class=\"file_size\">{{bytesToSize size}}<\/td><td class=\"file_created\">{{created}}<\/td>                    <td class=\"col-download\">                <a class=\"downloadlink wpfd_downloadlink\"  href=\"{{linkdownload}}\" style=\"background-color:#033b85;color:#ffffff;\">Baixar<i class=\"zmdi zmdi-cloud-download wpfd-download\"><\/i><\/a>{{#if openpdflink}}<a class=\"openlink wpfdlightbox wpfd_previewlink\" href=\"{{openpdflink}}\" target=\"\">Visualizar                            <i class=\"zmdi zmdi-filter-center-focus wpfd-preview\"><\/i>                        <\/a>{{else}}{{#if viewerlink}}<a                            href=\"{{viewerlink}}\"                            class=\"openlink wpfdlightbox wpfd_previewlink\"                            target=\"\"                            data-id=\"{{ID}}\"                            data-catid=\"{{catid}}\"                            data-file-type=\"{{ext}}\">Visualizar<i class=\"zmdi zmdi-filter-center-focus wpfd-preview\"><\/i>                        <\/a>{{\/if}}{{\/if}}            <\/td>            <\/tr>    {{\/each}}    {{\/if}}<\/script><div class=\"wpfd-content wpfd-content-table wpfd-content-multi colstyle\" data-category=\"44\"><input type=\"hidden\" id=\"current_category_44\" value=\"44\" \/>                    <input type=\"hidden\" id=\"current_category_slug_44\" value=\"pregao\" \/>                    <input type=\"hidden\" id=\"current_ordering_44\" value=\"created_time\" \/>                    <input type=\"hidden\" id=\"current_ordering_direction_44\" value=\"desc\" \/><div class=\"wpfd-container\">        <div class=\"wpfd-open-tree\"><\/div>    <div class=\"wpfd-container-table \">        <div class=\"wpfd-categories\"><\/div>        <table class=\"wpfd-table wpfd-table-bordered wpfd-table-striped mediaTable\">            <thead>            <tr>                <th class=\"essential persist file_title\">T\u00edtulo<\/th><th class=\"optional file_size\">Tamanho<\/th><th class=\"optional file_created\">Data de Publica\u00e7\u00e3o<\/th><th class=\"essential file_download\">Baixar<\/th>            <\/tr>            <\/thead>            <tbody>                            <tr class=\"file\" data-id=\"1706\"                    data-catid=\"44\">                    <td class=\"file_title\"><a class=\"wpfd_downloadlink\" href=\"https:\/\/portal.pi.gov.br\/emgerpi\/download\/44\/pregao\/1706\/extrato-de-homologacao-adjudicacao-pe-srp-no-02-2023.pdf\" title=\"EXTRATO DE HOMOLOGA\u00c7\u00c3O ADJUDICA\u00c7\u00c3O PE SRP N\u00ba 02\/2023\"><span class=\"extcol\">                                <span class=\"ext ext-pdf\"><\/span>                                EXTRATO DE HOMOLOGA\u00c7\u00c3O ADJUDICA\u00c7\u00c3O PE SRP N\u00ba 02\/2023                            <\/span><\/a><\/td><td class=\"file_size\">1.21 MB<\/td><td class=\"file_created\">23-02-2024<\/td>                                            <td class=\"col-download\">                            <a class=\"downloadlink wpfd_downloadlink\"  href=\"https:\/\/portal.pi.gov.br\/emgerpi\/download\/44\/pregao\/1706\/extrato-de-homologacao-adjudicacao-pe-srp-no-02-2023.pdf\" style=\"background-color:#033b85;color:#ffffff;\">Baixar<i class=\"zmdi zmdi-cloud-download wpfd-download\"><\/i><\/a><a                            href=\"https:\/\/docs.google.com\/viewer?url=https%3A%2F%2Fportal.pi.gov.br%2Femgerpi%2Fwp-admin%2Fadmin-ajax.php%3Fjuwpfisadmin%3Dfalse%26action%3Dwpfd%26task%3Dfile.download%26wpfd_category_id%3D44%26wpfd_file_id%3D1706%26token%3D%26preview%3D1&#038;embedded=true\"                            class=\"openlink wpfdlightbox wpfd_previewlink\"                            target=\"\"                            data-id=\"1706\"                            data-catid=\"44\"                            data-file-type=\"pdf\">Visualizar<i class=\"zmdi zmdi-filter-center-focus wpfd-preview\"><\/i>                        <\/a>                        <\/td>                                    <\/tr>                            <tr class=\"file\" data-id=\"1703\"                    data-catid=\"44\">                    <td class=\"file_title\"><a class=\"wpfd_downloadlink\" href=\"https:\/\/portal.pi.gov.br\/emgerpi\/download\/44\/pregao\/1703\/aviso-de-licitacao-relancamento-pe-srp-no-02-2023-emgerpi.pdf\" title=\"AVISO DE LICITA\u00c7\u00c3O - RELAN\u00c7AMENTO PE SRP N\u00ba 02\/2023 - EMGERPI\"><span class=\"extcol\">                                <span class=\"ext ext-pdf\"><\/span>                                AVISO DE LICITA\u00c7\u00c3O - RELAN\u00c7AMENTO PE SRP N\u00ba 02\/2023 - EMGERPI                            <\/span><\/a><\/td><td class=\"file_size\">1.74 MB<\/td><td class=\"file_created\">29-01-2024<\/td>                                            <td class=\"col-download\">                            <a class=\"downloadlink wpfd_downloadlink\"  href=\"https:\/\/portal.pi.gov.br\/emgerpi\/download\/44\/pregao\/1703\/aviso-de-licitacao-relancamento-pe-srp-no-02-2023-emgerpi.pdf\" style=\"background-color:#033b85;color:#ffffff;\">Baixar<i class=\"zmdi zmdi-cloud-download wpfd-download\"><\/i><\/a><a                            href=\"https:\/\/docs.google.com\/viewer?url=https%3A%2F%2Fportal.pi.gov.br%2Femgerpi%2Fwp-admin%2Fadmin-ajax.php%3Fjuwpfisadmin%3Dfalse%26action%3Dwpfd%26task%3Dfile.download%26wpfd_category_id%3D44%26wpfd_file_id%3D1703%26token%3D%26preview%3D1&#038;embedded=true\"                            class=\"openlink wpfdlightbox wpfd_previewlink\"                            target=\"\"                            data-id=\"1703\"                            data-catid=\"44\"                            data-file-type=\"pdf\">Visualizar<i class=\"zmdi zmdi-filter-center-focus wpfd-preview\"><\/i>                        <\/a>                        <\/td>                                    <\/tr>                            <tr class=\"file\" data-id=\"1702\"                    data-catid=\"44\">                    <td class=\"file_title\"><a class=\"wpfd_downloadlink\" href=\"https:\/\/portal.pi.gov.br\/emgerpi\/download\/44\/pregao\/1702\/relancamento-edital-srp-no-02-2023-emgerpi.pdf\" title=\"RELAN\u00c7AMENTO - EDITAL SRP N\u00ba 02\/2023-EMGERPI\"><span class=\"extcol\">                                <span class=\"ext ext-pdf\"><\/span>                                RELAN\u00c7AMENTO - EDITAL SRP N\u00ba 02\/2023-EMGERPI                            <\/span><\/a><\/td><td class=\"file_size\">1.78 MB<\/td><td class=\"file_created\">29-01-2024<\/td>                                            <td class=\"col-download\">                            <a class=\"downloadlink wpfd_downloadlink\"  href=\"https:\/\/portal.pi.gov.br\/emgerpi\/download\/44\/pregao\/1702\/relancamento-edital-srp-no-02-2023-emgerpi.pdf\" style=\"background-color:#033b85;color:#ffffff;\">Baixar<i class=\"zmdi zmdi-cloud-download wpfd-download\"><\/i><\/a><a                            href=\"https:\/\/docs.google.com\/viewer?url=https%3A%2F%2Fportal.pi.gov.br%2Femgerpi%2Fwp-admin%2Fadmin-ajax.php%3Fjuwpfisadmin%3Dfalse%26action%3Dwpfd%26task%3Dfile.download%26wpfd_category_id%3D44%26wpfd_file_id%3D1702%26token%3D%26preview%3D1&#038;embedded=true\"                            class=\"openlink wpfdlightbox wpfd_previewlink\"                            target=\"\"                            data-id=\"1702\"                            data-catid=\"44\"                            data-file-type=\"pdf\">Visualizar<i class=\"zmdi zmdi-filter-center-focus wpfd-preview\"><\/i>                        <\/a>                        <\/td>                                    <\/tr>                            <tr class=\"file\" data-id=\"1701\"                    data-catid=\"44\">                    <td class=\"file_title\"><a class=\"wpfd_downloadlink\" href=\"https:\/\/portal.pi.gov.br\/emgerpi\/download\/44\/pregao\/1701\/termo-de-revogacao-pregao-eletronico-srp-no-02-2023.pdf\" title=\"TERMO DE REVOGA\u00c7\u00c3O PREG\u00c3O ELETR\u00d4NICO SRP N\u00ba 02\/2023\"><span class=\"extcol\">                                <span class=\"ext ext-pdf\"><\/span>                                TERMO DE REVOGA\u00c7\u00c3O PREG\u00c3O ELETR\u00d4NICO SRP N\u00ba 02\/2023                            <\/span><\/a><\/td><td class=\"file_size\">1.17 MB<\/td><td class=\"file_created\">12-01-2024<\/td>                                            <td class=\"col-download\">                            <a class=\"downloadlink wpfd_downloadlink\"  href=\"https:\/\/portal.pi.gov.br\/emgerpi\/download\/44\/pregao\/1701\/termo-de-revogacao-pregao-eletronico-srp-no-02-2023.pdf\" style=\"background-color:#033b85;color:#ffffff;\">Baixar<i class=\"zmdi zmdi-cloud-download wpfd-download\"><\/i><\/a><a                            href=\"https:\/\/docs.google.com\/viewer?url=https%3A%2F%2Fportal.pi.gov.br%2Femgerpi%2Fwp-admin%2Fadmin-ajax.php%3Fjuwpfisadmin%3Dfalse%26action%3Dwpfd%26task%3Dfile.download%26wpfd_category_id%3D44%26wpfd_file_id%3D1701%26token%3D%26preview%3D1&#038;embedded=true\"                            class=\"openlink wpfdlightbox wpfd_previewlink\"                            target=\"\"                            data-id=\"1701\"                            data-catid=\"44\"                            data-file-type=\"pdf\">Visualizar<i class=\"zmdi zmdi-filter-center-focus wpfd-preview\"><\/i>                        <\/a>                        <\/td>                                    <\/tr>                            <tr class=\"file\" data-id=\"1699\"                    data-catid=\"44\">                    <td class=\"file_title\"><a class=\"wpfd_downloadlink\" href=\"https:\/\/portal.pi.gov.br\/emgerpi\/download\/44\/pregao\/1699\/aviso-de-licitacao-pregao-eletronico-no-02-2023-emgerpi.pdf\" title=\"AVISO DE LICITA\u00c7\u00c3O PREG\u00c3O ELETR\u00d4NICO N\u00ba 02\/2023-EMGERPI\"><span class=\"extcol\">                                <span class=\"ext ext-pdf\"><\/span>                                AVISO DE LICITA\u00c7\u00c3O PREG\u00c3O ELETR\u00d4NICO N\u00ba 02\/2023-EMGERPI                            <\/span><\/a><\/td><td class=\"file_size\">1.19 MB<\/td><td class=\"file_created\">18-12-2023<\/td>                                            <td class=\"col-download\">                            <a class=\"downloadlink wpfd_downloadlink\"  href=\"https:\/\/portal.pi.gov.br\/emgerpi\/download\/44\/pregao\/1699\/aviso-de-licitacao-pregao-eletronico-no-02-2023-emgerpi.pdf\" style=\"background-color:#033b85;color:#ffffff;\">Baixar<i class=\"zmdi zmdi-cloud-download wpfd-download\"><\/i><\/a><a                            href=\"https:\/\/docs.google.com\/viewer?url=https%3A%2F%2Fportal.pi.gov.br%2Femgerpi%2Fwp-admin%2Fadmin-ajax.php%3Fjuwpfisadmin%3Dfalse%26action%3Dwpfd%26task%3Dfile.download%26wpfd_category_id%3D44%26wpfd_file_id%3D1699%26token%3D%26preview%3D1&#038;embedded=true\"                            class=\"openlink wpfdlightbox wpfd_previewlink\"                            target=\"\"                            data-id=\"1699\"                            data-catid=\"44\"                            data-file-type=\"pdf\">Visualizar<i class=\"zmdi zmdi-filter-center-focus wpfd-preview\"><\/i>                        <\/a>                        <\/td>                                    <\/tr>                            <tr class=\"file\" data-id=\"1698\"                    data-catid=\"44\">                    <td class=\"file_title\"><a class=\"wpfd_downloadlink\" href=\"https:\/\/portal.pi.gov.br\/emgerpi\/download\/44\/pregao\/1698\/edital-srp-no-02-2023.pdf\" title=\"EDITAL SRP N\u00ba 02\/2023\"><span class=\"extcol\">                                <span class=\"ext ext-pdf\"><\/span>                                EDITAL SRP N\u00ba 02\/2023                            <\/span><\/a><\/td><td class=\"file_size\">1.32 MB<\/td><td class=\"file_created\">18-12-2023<\/td>                                            <td class=\"col-download\">                            <a class=\"downloadlink wpfd_downloadlink\"  href=\"https:\/\/portal.pi.gov.br\/emgerpi\/download\/44\/pregao\/1698\/edital-srp-no-02-2023.pdf\" style=\"background-color:#033b85;color:#ffffff;\">Baixar<i class=\"zmdi zmdi-cloud-download wpfd-download\"><\/i><\/a><a                            href=\"https:\/\/docs.google.com\/viewer?url=https%3A%2F%2Fportal.pi.gov.br%2Femgerpi%2Fwp-admin%2Fadmin-ajax.php%3Fjuwpfisadmin%3Dfalse%26action%3Dwpfd%26task%3Dfile.download%26wpfd_category_id%3D44%26wpfd_file_id%3D1698%26token%3D%26preview%3D1&#038;embedded=true\"                            class=\"openlink wpfdlightbox wpfd_previewlink\"                            target=\"\"                            data-id=\"1698\"                            data-catid=\"44\"                            data-file-type=\"pdf\">Visualizar<i class=\"zmdi zmdi-filter-center-focus wpfd-preview\"><\/i>                        <\/a>                        <\/td>                                    <\/tr>                            <tr class=\"file\" data-id=\"1693\"                    data-catid=\"44\">                    <td class=\"file_title\"><a class=\"wpfd_downloadlink\" href=\"https:\/\/portal.pi.gov.br\/emgerpi\/download\/44\/pregao\/1693\/termo-de-homologacao-pe-no-01-2023.pdf\" title=\"Termo de Homologa\u00e7\u00e3o PE n\u00ba 01\/2023\"><span class=\"extcol\">                                <span class=\"ext ext-pdf\"><\/span>                                Termo de Homologa\u00e7\u00e3o PE n\u00ba 01\/2023                            <\/span><\/a><\/td><td class=\"file_size\">94.56 KB<\/td><td class=\"file_created\">13-04-2023<\/td>                                            <td class=\"col-download\">                            <a class=\"downloadlink wpfd_downloadlink\"  href=\"https:\/\/portal.pi.gov.br\/emgerpi\/download\/44\/pregao\/1693\/termo-de-homologacao-pe-no-01-2023.pdf\" style=\"background-color:#033b85;color:#ffffff;\">Baixar<i class=\"zmdi zmdi-cloud-download wpfd-download\"><\/i><\/a><a                            href=\"https:\/\/docs.google.com\/viewer?url=https%3A%2F%2Fportal.pi.gov.br%2Femgerpi%2Fwp-admin%2Fadmin-ajax.php%3Fjuwpfisadmin%3Dfalse%26action%3Dwpfd%26task%3Dfile.download%26wpfd_category_id%3D44%26wpfd_file_id%3D1693%26token%3D%26preview%3D1&#038;embedded=true\"                            class=\"openlink wpfdlightbox wpfd_previewlink\"                            target=\"\"                            data-id=\"1693\"                            data-catid=\"44\"                            data-file-type=\"pdf\">Visualizar<i class=\"zmdi zmdi-filter-center-focus wpfd-preview\"><\/i>                        <\/a>                        <\/td>                                    <\/tr>                            <tr class=\"file\" data-id=\"1692\"                    data-catid=\"44\">                    <td class=\"file_title\"><a class=\"wpfd_downloadlink\" href=\"https:\/\/portal.pi.gov.br\/emgerpi\/download\/44\/pregao\/1692\/caderno-de-resposta-no-01-empresa-trivale.pdf\" title=\"Caderno de Resposta n\u00ba 01 Empresa Trivale\"><span class=\"extcol\">                                <span class=\"ext ext-pdf\"><\/span>                                Caderno de Resposta n\u00ba 01 Empresa Trivale                            <\/span><\/a><\/td><td class=\"file_size\">1.57 MB<\/td><td class=\"file_created\">13-04-2023<\/td>                                            <td class=\"col-download\">                            <a class=\"downloadlink wpfd_downloadlink\"  href=\"https:\/\/portal.pi.gov.br\/emgerpi\/download\/44\/pregao\/1692\/caderno-de-resposta-no-01-empresa-trivale.pdf\" style=\"background-color:#033b85;color:#ffffff;\">Baixar<i class=\"zmdi zmdi-cloud-download wpfd-download\"><\/i><\/a><a                            href=\"https:\/\/docs.google.com\/viewer?url=https%3A%2F%2Fportal.pi.gov.br%2Femgerpi%2Fwp-admin%2Fadmin-ajax.php%3Fjuwpfisadmin%3Dfalse%26action%3Dwpfd%26task%3Dfile.download%26wpfd_category_id%3D44%26wpfd_file_id%3D1692%26token%3D%26preview%3D1&#038;embedded=true\"                            class=\"openlink wpfdlightbox wpfd_previewlink\"                            target=\"\"                            data-id=\"1692\"                            data-catid=\"44\"                            data-file-type=\"pdf\">Visualizar<i class=\"zmdi zmdi-filter-center-focus wpfd-preview\"><\/i>                        <\/a>                        <\/td>                                    <\/tr>                            <tr class=\"file\" data-id=\"1691\"                    data-catid=\"44\">                    <td class=\"file_title\"><a class=\"wpfd_downloadlink\" href=\"https:\/\/portal.pi.gov.br\/emgerpi\/download\/44\/pregao\/1691\/resposta-a-impugnacao-no-01-2023-emgerpi-combustivel.pdf\" title=\"RESPOSTA \u00c0 IMPUGNA\u00c7\u00c3O N\u00ba 01\/2023 - EMGERPI - COMBUST\u00cdVEL\"><span class=\"extcol\">                                <span class=\"ext ext-pdf\"><\/span>                                RESPOSTA \u00c0 IMPUGNA\u00c7\u00c3O N\u00ba 01\/2023 - EMGERPI - COMBUST\u00cdVEL                            <\/span><\/a><\/td><td class=\"file_size\">41.03 KB<\/td><td class=\"file_created\">13-04-2023<\/td>                                            <td class=\"col-download\">                            <a class=\"downloadlink wpfd_downloadlink\"  href=\"https:\/\/portal.pi.gov.br\/emgerpi\/download\/44\/pregao\/1691\/resposta-a-impugnacao-no-01-2023-emgerpi-combustivel.pdf\" style=\"background-color:#033b85;color:#ffffff;\">Baixar<i class=\"zmdi zmdi-cloud-download wpfd-download\"><\/i><\/a><a                            href=\"https:\/\/docs.google.com\/viewer?url=https%3A%2F%2Fportal.pi.gov.br%2Femgerpi%2Fwp-admin%2Fadmin-ajax.php%3Fjuwpfisadmin%3Dfalse%26action%3Dwpfd%26task%3Dfile.download%26wpfd_category_id%3D44%26wpfd_file_id%3D1691%26token%3D%26preview%3D1&#038;embedded=true\"                            class=\"openlink wpfdlightbox wpfd_previewlink\"                            target=\"\"                            data-id=\"1691\"                            data-catid=\"44\"                            data-file-type=\"pdf\">Visualizar<i class=\"zmdi zmdi-filter-center-focus wpfd-preview\"><\/i>                        <\/a>                        <\/td>                                    <\/tr>                            <tr class=\"file\" data-id=\"1690\"                    data-catid=\"44\">                    <td class=\"file_title\"><a class=\"wpfd_downloadlink\" href=\"https:\/\/portal.pi.gov.br\/emgerpi\/download\/44\/pregao\/1690\/pedido-de-esclarecimento-emp-trivale-no-01.pdf\" title=\"Pedido de Esclarecimento Emp. Trivale n\u00ba 01\"><span class=\"extcol\">                                <span class=\"ext ext-pdf\"><\/span>                                Pedido de Esclarecimento Emp. Trivale n\u00ba 01                            <\/span><\/a><\/td><td class=\"file_size\">72.32 KB<\/td><td class=\"file_created\">12-04-2023<\/td>                                            <td class=\"col-download\">                            <a class=\"downloadlink wpfd_downloadlink\"  href=\"https:\/\/portal.pi.gov.br\/emgerpi\/download\/44\/pregao\/1690\/pedido-de-esclarecimento-emp-trivale-no-01.pdf\" style=\"background-color:#033b85;color:#ffffff;\">Baixar<i class=\"zmdi zmdi-cloud-download wpfd-download\"><\/i><\/a><a                            href=\"https:\/\/docs.google.com\/viewer?url=https%3A%2F%2Fportal.pi.gov.br%2Femgerpi%2Fwp-admin%2Fadmin-ajax.php%3Fjuwpfisadmin%3Dfalse%26action%3Dwpfd%26task%3Dfile.download%26wpfd_category_id%3D44%26wpfd_file_id%3D1690%26token%3D%26preview%3D1&#038;embedded=true\"                            class=\"openlink wpfdlightbox wpfd_previewlink\"                            target=\"\"                            data-id=\"1690\"                            data-catid=\"44\"                            data-file-type=\"pdf\">Visualizar<i class=\"zmdi zmdi-filter-center-focus wpfd-preview\"><\/i>                        <\/a>                        <\/td>                                    <\/tr>                        <\/tbody>        <\/table>            <\/div><\/div><\/div><div class='wpfd-pagination'>\n\t<span class='page-numbers current'>1<\/span>\n<a class='page-numbers' data-page='2' data-sourcecat='44'>2<\/a>\n<a class='page-numbers' data-page='3' data-sourcecat='44'>3<\/a>\n<span class=\"page-numbers dots\">&hellip;<\/span>\n<a class='page-numbers' data-page='9' data-sourcecat='44'>9<\/a>\n<a class='next page-numbers' data-page='2' data-sourcecat='44'>Pr\u00f3ximo &raquo;<\/a>\n<\/div>\n\n","protected":false},"excerpt":{"rendered":"","protected":false},"author":1,"featured_media":0,"parent":0,"menu_order":0,"comment_status":"closed","ping_status":"closed","template":"template-fullwidth.php","meta":[],"featured_image_urls":{"full":"","thumbnail":"","medium":"","medium_large":"","large":"","sgg-420":"","sgg-540":"","sgg-780":"","1536x1536":"","2048x2048":"","homepage-slider":"","homepage-slider-small":"","page-top":"","page-small":"","loop-main":"","thumb-gallery-widget":""},"post_excerpt_stackable":"<p>T\u00edtuloTamanhoData de Publica\u00e7\u00e3oBaixar EXTRATO DE HOMOLOGA\u00c7\u00c3O ADJUDICA\u00c7\u00c3O PE SRP N\u00ba 02\/2023 1.21 MB23-02-2024 BaixarVisualizar AVISO DE LICITA\u00c7\u00c3O &#8211; RELAN\u00c7AMENTO PE SRP N\u00ba 02\/2023 &#8211; EMGERPI 1.74 MB29-01-2024 BaixarVisualizar RELAN\u00c7AMENTO &#8211; EDITAL SRP N\u00ba 02\/2023-EMGERPI 1.78 MB29-01-2024 BaixarVisualizar TERMO DE REVOGA\u00c7\u00c3O PREG\u00c3O ELETR\u00d4NICO SRP N\u00ba 02\/2023 1.17 MB12-01-2024 BaixarVisualizar AVISO DE LICITA\u00c7\u00c3O PREG\u00c3O ELETR\u00d4NICO N\u00ba 02\/2023-EMGERPI 1.19 MB18-12-2023 BaixarVisualizar EDITAL SRP N\u00ba 02\/2023 1.32 MB18-12-2023 BaixarVisualizar Termo de Homologa\u00e7\u00e3o PE n\u00ba 01\/2023 94.56 KB13-04-2023 BaixarVisualizar Caderno de Resposta n\u00ba 01 Empresa Trivale 1.57 MB13-04-2023 BaixarVisualizar RESPOSTA \u00c0 IMPUGNA\u00c7\u00c3O N\u00ba 01\/2023 &#8211; EMGERPI &#8211; COMBUST\u00cdVEL 41.03 KB13-04-2023 BaixarVisualizar Pedido de Esclarecimento Emp.&hellip;<\/p>\n","category_list":"","author_info":{"name":"admin","url":"https:\/\/portal.pi.gov.br\/emgerpi\/author\/admin\/"},"comments_num":"0 coment\u00e1rio","featured_image_urls_v2":{"full":"","thumbnail":"","medium":"","medium_large":"","large":"","sgg-420":"","sgg-540":"","sgg-780":"","1536x1536":"","2048x2048":"","homepage-slider":"","homepage-slider-small":"","page-top":"","page-small":"","loop-main":"","thumb-gallery-widget":""},"post_excerpt_stackable_v2":"<p>T\u00edtuloTamanhoData de Publica\u00e7\u00e3oBaixar EXTRATO DE HOMOLOGA\u00c7\u00c3O ADJUDICA\u00c7\u00c3O PE SRP N\u00ba 02\/2023 1.21 MB23-02-2024 BaixarVisualizar AVISO DE LICITA\u00c7\u00c3O &#8211; RELAN\u00c7AMENTO PE SRP N\u00ba 02\/2023 &#8211; EMGERPI 1.74 MB29-01-2024 BaixarVisualizar RELAN\u00c7AMENTO &#8211; EDITAL SRP N\u00ba 02\/2023-EMGERPI 1.78 MB29-01-2024 BaixarVisualizar TERMO DE REVOGA\u00c7\u00c3O PREG\u00c3O ELETR\u00d4NICO SRP N\u00ba 02\/2023 1.17 MB12-01-2024 BaixarVisualizar AVISO DE LICITA\u00c7\u00c3O PREG\u00c3O ELETR\u00d4NICO N\u00ba 02\/2023-EMGERPI 1.19 MB18-12-2023 BaixarVisualizar EDITAL SRP N\u00ba 02\/2023 1.32 MB18-12-2023 BaixarVisualizar Termo de Homologa\u00e7\u00e3o PE n\u00ba 01\/2023 94.56 KB13-04-2023 BaixarVisualizar Caderno de Resposta n\u00ba 01 Empresa Trivale 1.57 MB13-04-2023 BaixarVisualizar RESPOSTA \u00c0 IMPUGNA\u00c7\u00c3O N\u00ba 01\/2023 &#8211; EMGERPI &#8211; COMBUST\u00cdVEL 41.03 KB13-04-2023 BaixarVisualizar Pedido de Esclarecimento Emp.&hellip;<\/p>\n","category_list_v2":"","author_info_v2":{"name":"admin","url":"https:\/\/portal.pi.gov.br\/emgerpi\/author\/admin\/"},"comments_num_v2":"0 coment\u00e1rio","_links":{"self":[{"href":"https:\/\/portal.pi.gov.br\/emgerpi\/wp-json\/wp\/v2\/pages\/1156"}],"collection":[{"href":"https:\/\/portal.pi.gov.br\/emgerpi\/wp-json\/wp\/v2\/pages"}],"about":[{"href":"https:\/\/portal.pi.gov.br\/emgerpi\/wp-json\/wp\/v2\/types\/page"}],"author":[{"embeddable":true,"href":"https:\/\/portal.pi.gov.br\/emgerpi\/wp-json\/wp\/v2\/users\/1"}],"replies":[{"embeddable":true,"href":"https:\/\/portal.pi.gov.br\/emgerpi\/wp-json\/wp\/v2\/comments?post=1156"}],"version-history":[{"count":2,"href":"https:\/\/portal.pi.gov.br\/emgerpi\/wp-json\/wp\/v2\/pages\/1156\/revisions"}],"predecessor-version":[{"id":1559,"href":"https:\/\/portal.pi.gov.br\/emgerpi\/wp-json\/wp\/v2\/pages\/1156\/revisions\/1559"}],"wp:attachment":[{"href":"https:\/\/portal.pi.gov.br\/emgerpi\/wp-json\/wp\/v2\/media?parent=1156"}],"curies":[{"name":"wp","href":"https:\/\/api.w.org\/{rel}","templated":true}]}}