{"id":947,"date":"2023-12-07T10:44:28","date_gmt":"2023-12-07T13:44:28","guid":{"rendered":"https:\/\/portal.pi.gov.br\/emgerpi\/?page_id=947"},"modified":"2024-03-21T08:54:27","modified_gmt":"2024-03-21T11:54:27","slug":"quem-somos","status":"publish","type":"page","link":"https:\/\/portal.pi.gov.br\/emgerpi\/quem-somos\/","title":{"rendered":"Quem Somos"},"content":{"rendered":"\n<p><strong>A&nbsp;Empresa de Gest\u00e3o de Recursos do Piau\u00ed (EMGERPI),<\/strong>&nbsp;criada atrav\u00e9s da<strong>&nbsp;Lei Complementar n\u00ba 83, de 12 de abril de 2007<\/strong>, \u00e9 uma sociedade de economia mista, vinculada \u00e0 Secretaria de Administra\u00e7\u00e3o do Piau\u00ed (SEAD). Tem como objetivo principal gerir pessoas, recursos e redistribuir servidores para \u00f3rg\u00e3os e entidades da Administra\u00e7\u00e3o P\u00fablica Estadual.<\/p>\n\n\n\n<ul>\n<li><strong>Miss\u00e3o<\/strong><\/li>\n<\/ul>\n\n\n\n<p>Gerir pessoas e recursos, contribuindo para o desenvolvimento do Estado do Piau\u00ed.<\/p>\n\n\n\n<ul>\n<li><strong>Vis\u00e3o<\/strong><\/li>\n<\/ul>\n\n\n\n<p>Ser reconhecida pela excel\u00eancia na gest\u00e3o de pessoas&nbsp; e recursos no Estado do Piau\u00ed.<\/p>\n\n\n\n<ul>\n<li><strong>Valores<\/strong><\/li>\n<\/ul>\n\n\n\n<p>-\u00c9tica;<\/p>\n\n\n\n<p>-Transpar\u00eancia;<\/p>\n\n\n\n<p>-Atitude para resultados;<\/p>\n\n\n\n<p>-Foco no cliente;<\/p>\n\n\n\n<p>-Qualidade nos servi\u00e7os;<\/p>\n\n\n\n<p>-Compromisso institucional, social e ambiental;<\/p>\n\n\n\n<p>-Reconhecimento e valoriza\u00e7\u00e3o do corpo funcional.<\/p>\n","protected":false},"excerpt":{"rendered":"<p>A&nbsp;Empresa de Gest\u00e3o de Recursos do Piau\u00ed (EMGERPI),&nbsp;criada atrav\u00e9s da&nbsp;Lei Complementar n\u00ba 83, de 12 de abril de 2007, \u00e9 uma sociedade de economia mista, vinculada \u00e0 Secretaria de Administra\u00e7\u00e3o [&hellip;]<\/p>\n","protected":false},"author":1,"featured_media":0,"parent":0,"menu_order":0,"comment_status":"closed","ping_status":"closed","template":"template-fullwidth.php","meta":[],"featured_image_urls":{"full":"","thumbnail":"","medium":"","medium_large":"","large":"","sgg-420":"","sgg-540":"","sgg-780":"","1536x1536":"","2048x2048":"","homepage-slider":"","homepage-slider-small":"","page-top":"","page-small":"","loop-main":"","thumb-gallery-widget":""},"post_excerpt_stackable":"<p>A&nbsp;Empresa de Gest\u00e3o de Recursos do Piau\u00ed (EMGERPI),&nbsp;criada atrav\u00e9s da&nbsp;Lei Complementar n\u00ba 83, de 12 de abril de 2007, \u00e9 uma sociedade de economia mista, vinculada \u00e0 Secretaria de Administra\u00e7\u00e3o do Piau\u00ed (SEAD). Tem como objetivo principal gerir pessoas, recursos e redistribuir servidores para \u00f3rg\u00e3os e entidades da Administra\u00e7\u00e3o P\u00fablica Estadual. Miss\u00e3o Gerir pessoas e recursos, contribuindo para o desenvolvimento do Estado do Piau\u00ed. Vis\u00e3o Ser reconhecida pela excel\u00eancia na gest\u00e3o de pessoas&nbsp; e recursos no Estado do Piau\u00ed. Valores -\u00c9tica; -Transpar\u00eancia; -Atitude para resultados; -Foco no cliente; -Qualidade nos servi\u00e7os; -Compromisso institucional, social e ambiental; -Reconhecimento e valoriza\u00e7\u00e3o do&hellip;<\/p>\n","category_list":"","author_info":{"name":"admin","url":"https:\/\/portal.pi.gov.br\/emgerpi\/author\/admin\/"},"comments_num":"0 coment\u00e1rio","featured_image_urls_v2":{"full":"","thumbnail":"","medium":"","medium_large":"","large":"","sgg-420":"","sgg-540":"","sgg-780":"","1536x1536":"","2048x2048":"","homepage-slider":"","homepage-slider-small":"","page-top":"","page-small":"","loop-main":"","thumb-gallery-widget":""},"post_excerpt_stackable_v2":"<p>A&nbsp;Empresa de Gest\u00e3o de Recursos do Piau\u00ed (EMGERPI),&nbsp;criada atrav\u00e9s da&nbsp;Lei Complementar n\u00ba 83, de 12 de abril de 2007, \u00e9 uma sociedade de economia mista, vinculada \u00e0 Secretaria de Administra\u00e7\u00e3o do Piau\u00ed (SEAD). Tem como objetivo principal gerir pessoas, recursos e redistribuir servidores para \u00f3rg\u00e3os e entidades da Administra\u00e7\u00e3o P\u00fablica Estadual. Miss\u00e3o Gerir pessoas e recursos, contribuindo para o desenvolvimento do Estado do Piau\u00ed. Vis\u00e3o Ser reconhecida pela excel\u00eancia na gest\u00e3o de pessoas&nbsp; e recursos no Estado do Piau\u00ed. Valores -\u00c9tica; -Transpar\u00eancia; -Atitude para resultados; -Foco no cliente; -Qualidade nos servi\u00e7os; -Compromisso institucional, social e ambiental; -Reconhecimento e valoriza\u00e7\u00e3o do&hellip;<\/p>\n","category_list_v2":"","author_info_v2":{"name":"admin","url":"https:\/\/portal.pi.gov.br\/emgerpi\/author\/admin\/"},"comments_num_v2":"0 coment\u00e1rio","_links":{"self":[{"href":"https:\/\/portal.pi.gov.br\/emgerpi\/wp-json\/wp\/v2\/pages\/947"}],"collection":[{"href":"https:\/\/portal.pi.gov.br\/emgerpi\/wp-json\/wp\/v2\/pages"}],"about":[{"href":"https:\/\/portal.pi.gov.br\/emgerpi\/wp-json\/wp\/v2\/types\/page"}],"author":[{"embeddable":true,"href":"https:\/\/portal.pi.gov.br\/emgerpi\/wp-json\/wp\/v2\/users\/1"}],"replies":[{"embeddable":true,"href":"https:\/\/portal.pi.gov.br\/emgerpi\/wp-json\/wp\/v2\/comments?post=947"}],"version-history":[{"count":8,"href":"https:\/\/portal.pi.gov.br\/emgerpi\/wp-json\/wp\/v2\/pages\/947\/revisions"}],"predecessor-version":[{"id":1823,"href":"https:\/\/portal.pi.gov.br\/emgerpi\/wp-json\/wp\/v2\/pages\/947\/revisions\/1823"}],"wp:attachment":[{"href":"https:\/\/portal.pi.gov.br\/emgerpi\/wp-json\/wp\/v2\/media?parent=947"}],"curies":[{"name":"wp","href":"https:\/\/api.w.org\/{rel}","templated":true}]}}