{"id":951,"date":"2023-12-07T10:45:14","date_gmt":"2023-12-07T13:45:14","guid":{"rendered":"https:\/\/portal.pi.gov.br\/emgerpi\/?page_id=951"},"modified":"2025-07-11T11:36:04","modified_gmt":"2025-07-11T14:36:04","slug":"perfil-do-gestor","status":"publish","type":"page","link":"https:\/\/portal.pi.gov.br\/emgerpi\/perfil-do-gestor\/","title":{"rendered":". Perfil do Gestor"},"content":{"rendered":"<p style=\"text-align: center\"><img decoding=\"async\" loading=\"lazy\" class=\"alignnone size-medium wp-image-3271\" src=\"https:\/\/portal.pi.gov.br\/emgerpi\/wp-content\/uploads\/sites\/90\/2025\/07\/WhatsApp-Image-2025-07-11-at-11.28.38-280x300.jpeg\" alt=\"\" width=\"280\" height=\"300\" srcset=\"https:\/\/portal.pi.gov.br\/emgerpi\/wp-content\/uploads\/sites\/90\/2025\/07\/WhatsApp-Image-2025-07-11-at-11.28.38-280x300.jpeg 280w, https:\/\/portal.pi.gov.br\/emgerpi\/wp-content\/uploads\/sites\/90\/2025\/07\/WhatsApp-Image-2025-07-11-at-11.28.38-956x1024.jpeg 956w, https:\/\/portal.pi.gov.br\/emgerpi\/wp-content\/uploads\/sites\/90\/2025\/07\/WhatsApp-Image-2025-07-11-at-11.28.38-768x823.jpeg 768w, https:\/\/portal.pi.gov.br\/emgerpi\/wp-content\/uploads\/sites\/90\/2025\/07\/WhatsApp-Image-2025-07-11-at-11.28.38-392x420.jpeg 392w, https:\/\/portal.pi.gov.br\/emgerpi\/wp-content\/uploads\/sites\/90\/2025\/07\/WhatsApp-Image-2025-07-11-at-11.28.38-504x540.jpeg 504w, https:\/\/portal.pi.gov.br\/emgerpi\/wp-content\/uploads\/sites\/90\/2025\/07\/WhatsApp-Image-2025-07-11-at-11.28.38-728x780.jpeg 728w, https:\/\/portal.pi.gov.br\/emgerpi\/wp-content\/uploads\/sites\/90\/2025\/07\/WhatsApp-Image-2025-07-11-at-11.28.38-1433x1536.jpeg 1433w, https:\/\/portal.pi.gov.br\/emgerpi\/wp-content\/uploads\/sites\/90\/2025\/07\/WhatsApp-Image-2025-07-11-at-11.28.38-947x1015.jpeg 947w, https:\/\/portal.pi.gov.br\/emgerpi\/wp-content\/uploads\/sites\/90\/2025\/07\/WhatsApp-Image-2025-07-11-at-11.28.38-624x669.jpeg 624w, https:\/\/portal.pi.gov.br\/emgerpi\/wp-content\/uploads\/sites\/90\/2025\/07\/WhatsApp-Image-2025-07-11-at-11.28.38.jpeg 1493w\" sizes=\"(max-width: 280px) 100vw, 280px\" \/><\/p>\nNatural de Alto Long\u00e1, Ant\u00f4nio Torres, \u00e9 bacharel em administra\u00e7\u00e3o, com habilita\u00e7\u00e3o em Marketing e especialista em Gest\u00e3o Estrat\u00e9gica de Pessoas e Marketing Empresarial. Torres foi diretor-geral da Ag\u00eancia Reguladora dos Servi\u00e7os P\u00fablicos Delegados do Estado do Piau\u00ed (Agrespi), cuja finalidade \u00e9 regular e fiscalizar os servi\u00e7os como: o saneamento b\u00e1sico, transportes, g\u00e1s canalizado, infraestrutura e demais servi\u00e7os p\u00fablicos do Piaui.\n\nAnt\u00f4nio Torres, que tamb\u00e9m \u00e9 bacharel em direito, j\u00e1 foi diretor-geral da antiga Ag\u00eancia de Tecnologia da Informa\u00e7\u00e3o (ATI\/PI), presidente da Prodepi, ex-diretor executivo da Associa\u00e7\u00e3o Brasileira de Entidades P\u00fablicas de Tecnologia, como grande atua\u00e7\u00e3o na Secretaria de Administra\u00e7\u00e3o do Piau\u00ed (Sead)\n<p style=\"text-align: center\"><strong>Ant\u00f4nio Torres da Paz<\/strong><\/p>\n<p style=\"text-align: center\"><!-- \/wp:paragraph --><!-- wp:paragraph {\"align\":\"center\"} --><\/p>\n<p style=\"text-align: center\"><!-- \/wp:paragraph --><!-- wp:paragraph {\"align\":\"center\",\"fontSize\":\"medium\"} --><\/p>\n<p style=\"text-align: center\"><!-- \/wp:paragraph --><!-- wp:paragraph {\"align\":\"center\",\"fontSize\":\"medium\"} --><\/p>\n<p class=\"has-text-align-center\"><strong>Diretor-Presidente Emgerpi<\/strong><\/p>\n<!-- \/wp:paragraph -->\n\n<!-- wp:stackable\/design-library \/-->","protected":false},"excerpt":{"rendered":"<p>Natural de Alto Long\u00e1, Ant\u00f4nio Torres, \u00e9 bacharel em administra\u00e7\u00e3o, com habilita\u00e7\u00e3o em Marketing e especialista em Gest\u00e3o Estrat\u00e9gica de Pessoas e Marketing Empresarial. Torres foi diretor-geral da Ag\u00eancia Reguladora [&hellip;]<\/p>\n","protected":false},"author":1,"featured_media":0,"parent":0,"menu_order":0,"comment_status":"closed","ping_status":"closed","template":"template-fullwidth.php","meta":[],"featured_image_urls":{"full":"","thumbnail":"","medium":"","medium_large":"","large":"","sgg-420":"","sgg-540":"","sgg-780":"","1536x1536":"","2048x2048":"","homepage-slider":"","homepage-slider-small":"","page-top":"","page-small":"","loop-main":"","thumb-gallery-widget":""},"post_excerpt_stackable":"<p>Natural de Alto Long\u00e1, Ant\u00f4nio Torres, \u00e9 bacharel em administra\u00e7\u00e3o, com habilita\u00e7\u00e3o em Marketing e especialista em Gest\u00e3o Estrat\u00e9gica de Pessoas e Marketing Empresarial. Torres foi diretor-geral da Ag\u00eancia Reguladora dos Servi\u00e7os P\u00fablicos Delegados do Estado do Piau\u00ed (Agrespi), cuja finalidade \u00e9 regular e fiscalizar os servi\u00e7os como: o saneamento b\u00e1sico, transportes, g\u00e1s canalizado, infraestrutura e demais servi\u00e7os p\u00fablicos do Piaui. Ant\u00f4nio Torres, que tamb\u00e9m \u00e9 bacharel em direito, j\u00e1 foi diretor-geral da antiga Ag\u00eancia de Tecnologia da Informa\u00e7\u00e3o (ATI\/PI), presidente da Prodepi, ex-diretor executivo da Associa\u00e7\u00e3o Brasileira de Entidades P\u00fablicas de Tecnologia, como grande atua\u00e7\u00e3o na Secretaria de Administra\u00e7\u00e3o&hellip;<\/p>\n","category_list":"","author_info":{"name":"admin","url":"https:\/\/portal.pi.gov.br\/emgerpi\/author\/admin\/"},"comments_num":"0 coment\u00e1rio","featured_image_urls_v2":{"full":"","thumbnail":"","medium":"","medium_large":"","large":"","sgg-420":"","sgg-540":"","sgg-780":"","1536x1536":"","2048x2048":"","homepage-slider":"","homepage-slider-small":"","page-top":"","page-small":"","loop-main":"","thumb-gallery-widget":""},"post_excerpt_stackable_v2":"<p>Natural de Alto Long\u00e1, Ant\u00f4nio Torres, \u00e9 bacharel em administra\u00e7\u00e3o, com habilita\u00e7\u00e3o em Marketing e especialista em Gest\u00e3o Estrat\u00e9gica de Pessoas e Marketing Empresarial. Torres foi diretor-geral da Ag\u00eancia Reguladora dos Servi\u00e7os P\u00fablicos Delegados do Estado do Piau\u00ed (Agrespi), cuja finalidade \u00e9 regular e fiscalizar os servi\u00e7os como: o saneamento b\u00e1sico, transportes, g\u00e1s canalizado, infraestrutura e demais servi\u00e7os p\u00fablicos do Piaui. Ant\u00f4nio Torres, que tamb\u00e9m \u00e9 bacharel em direito, j\u00e1 foi diretor-geral da antiga Ag\u00eancia de Tecnologia da Informa\u00e7\u00e3o (ATI\/PI), presidente da Prodepi, ex-diretor executivo da Associa\u00e7\u00e3o Brasileira de Entidades P\u00fablicas de Tecnologia, como grande atua\u00e7\u00e3o na Secretaria de Administra\u00e7\u00e3o&hellip;<\/p>\n","category_list_v2":"","author_info_v2":{"name":"admin","url":"https:\/\/portal.pi.gov.br\/emgerpi\/author\/admin\/"},"comments_num_v2":"0 coment\u00e1rio","_links":{"self":[{"href":"https:\/\/portal.pi.gov.br\/emgerpi\/wp-json\/wp\/v2\/pages\/951"}],"collection":[{"href":"https:\/\/portal.pi.gov.br\/emgerpi\/wp-json\/wp\/v2\/pages"}],"about":[{"href":"https:\/\/portal.pi.gov.br\/emgerpi\/wp-json\/wp\/v2\/types\/page"}],"author":[{"embeddable":true,"href":"https:\/\/portal.pi.gov.br\/emgerpi\/wp-json\/wp\/v2\/users\/1"}],"replies":[{"embeddable":true,"href":"https:\/\/portal.pi.gov.br\/emgerpi\/wp-json\/wp\/v2\/comments?post=951"}],"version-history":[{"count":13,"href":"https:\/\/portal.pi.gov.br\/emgerpi\/wp-json\/wp\/v2\/pages\/951\/revisions"}],"predecessor-version":[{"id":3274,"href":"https:\/\/portal.pi.gov.br\/emgerpi\/wp-json\/wp\/v2\/pages\/951\/revisions\/3274"}],"wp:attachment":[{"href":"https:\/\/portal.pi.gov.br\/emgerpi\/wp-json\/wp\/v2\/media?parent=951"}],"curies":[{"name":"wp","href":"https:\/\/api.w.org\/{rel}","templated":true}]}}