{"id":947,"date":"2024-09-10T09:45:34","date_gmt":"2024-09-10T12:45:34","guid":{"rendered":"https:\/\/portal.pi.gov.br\/iaspi\/?page_id=947"},"modified":"2024-09-10T11:35:02","modified_gmt":"2024-09-10T14:35:02","slug":"historia","status":"publish","type":"page","link":"https:\/\/portal.pi.gov.br\/iaspi\/historia\/","title":{"rendered":"Hist\u00f3ria"},"content":{"rendered":"\n<p>A reforma administrativa realizada pelo governador Wellington Dias, e aprovada pela Assembleia Legislativa em 2015, em seu artigo 51 da Lei n\u00ba 6.673, de 18 de julho de 2015, criou o Instituto de Assist\u00eancia \u00e0 Sa\u00fade dos Servidores P\u00fablicos do Estado do Piau\u00ed (IASPI), que substitui o IAPEP (Instituto de Previd\u00eancia dos Servidores P\u00fablicos do Estado do Piau\u00ed).<\/p>\n\n\n\n<p>O IASPI passa a ser respons\u00e1vel pelo gerenciamento da assist\u00eancia \u00e0 sa\u00fade dos servidores do Estado e seus dependentes, ao mesmo tempo em que as altera\u00e7\u00f5es contidas na lei relacionada \u00e0 Previd\u00eancia, no seu artigo 3\u00ba estabelece que \u201co regime de Previd\u00eancia Social passa a ser gerido pela Secretaria de Estado da Administra\u00e7\u00e3o e Previd\u00eancia\u201d.<\/p>\n\n\n\n<p>Com a mudan\u00e7a, o IASPI fica respons\u00e1vel pela gest\u00e3o da assist\u00eancia m\u00e9dica dos servidores e dependentes, inclusive duas carteiras de sa\u00fade: Plamta (para atendimento de cirurgias e interna\u00e7\u00f5es) e IASPI Sa\u00fade (para consultas, exames e atendimento odontol\u00f3gico), enquanto a parte de Previd\u00eancia, que administra inativos &#8211; aposentados e pensionistas -, passa para a Superintend\u00eancia de Previd\u00eancia do Estado do Piau\u00ed, subordinada \u00e0 Secretaria de Estado da Administra\u00e7\u00e3o e Previd\u00eancia.<\/p>\n\n\n\n<p>O IASPI \u00e9 o maior plano de sa\u00fade do Estado do Piau\u00ed, atual mente com cerca de 208 mil benefici\u00e1rios inscritos no Plamta e mais de 192 mil no IASPI Sa\u00fade, que contam com uma rede credenciada com mais de mil profissionais em todas as especialidades e a mesma rede hoteleira dos demais planos privados. O plano tamb\u00e9m oferece atendimento odontol\u00f3gico, terapias sequenciadas, home care e tratamento de depend\u00eancia qu\u00edmica.<\/p>\n","protected":false},"excerpt":{"rendered":"<p>A reforma administrativa realizada pelo governador Wellington Dias, e aprovada pela Assembleia Legislativa em 2015, em seu artigo 51 da Lei n\u00ba 6.673, de 18 de julho de 2015, criou [&hellip;]<\/p>\n","protected":false},"author":1,"featured_media":0,"parent":0,"menu_order":0,"comment_status":"closed","ping_status":"closed","template":"template-fullwidth.php","meta":[],"featured_image_urls":{"full":"","thumbnail":"","medium":"","medium_large":"","large":"","sgg-420":"","sgg-540":"","sgg-780":"","1536x1536":"","2048x2048":"","homepage-slider":"","homepage-slider-small":"","page-top":"","page-small":"","loop-main":"","thumb-gallery-widget":""},"post_excerpt_stackable":"<p>A reforma administrativa realizada pelo governador Wellington Dias, e aprovada pela Assembleia Legislativa em 2015, em seu artigo 51 da Lei n\u00ba 6.673, de 18 de julho de 2015, criou o Instituto de Assist\u00eancia \u00e0 Sa\u00fade dos Servidores P\u00fablicos do Estado do Piau\u00ed (IASPI), que substitui o IAPEP (Instituto de Previd\u00eancia dos Servidores P\u00fablicos do Estado do Piau\u00ed). O IASPI passa a ser respons\u00e1vel pelo gerenciamento da assist\u00eancia \u00e0 sa\u00fade dos servidores do Estado e seus dependentes, ao mesmo tempo em que as altera\u00e7\u00f5es contidas na lei relacionada \u00e0 Previd\u00eancia, no seu artigo 3\u00ba estabelece que \u201co regime de Previd\u00eancia&hellip;<\/p>\n","category_list":"","author_info":{"name":"admin","url":"https:\/\/portal.pi.gov.br\/iaspi\/author\/admin\/"},"comments_num":"0 coment\u00e1rio","featured_image_urls_v2":{"full":"","thumbnail":"","medium":"","medium_large":"","large":"","sgg-420":"","sgg-540":"","sgg-780":"","1536x1536":"","2048x2048":"","homepage-slider":"","homepage-slider-small":"","page-top":"","page-small":"","loop-main":"","thumb-gallery-widget":""},"post_excerpt_stackable_v2":"<p>A reforma administrativa realizada pelo governador Wellington Dias, e aprovada pela Assembleia Legislativa em 2015, em seu artigo 51 da Lei n\u00ba 6.673, de 18 de julho de 2015, criou o Instituto de Assist\u00eancia \u00e0 Sa\u00fade dos Servidores P\u00fablicos do Estado do Piau\u00ed (IASPI), que substitui o IAPEP (Instituto de Previd\u00eancia dos Servidores P\u00fablicos do Estado do Piau\u00ed). O IASPI passa a ser respons\u00e1vel pelo gerenciamento da assist\u00eancia \u00e0 sa\u00fade dos servidores do Estado e seus dependentes, ao mesmo tempo em que as altera\u00e7\u00f5es contidas na lei relacionada \u00e0 Previd\u00eancia, no seu artigo 3\u00ba estabelece que \u201co regime de Previd\u00eancia&hellip;<\/p>\n","category_list_v2":"","author_info_v2":{"name":"admin","url":"https:\/\/portal.pi.gov.br\/iaspi\/author\/admin\/"},"comments_num_v2":"0 coment\u00e1rio","_links":{"self":[{"href":"https:\/\/portal.pi.gov.br\/iaspi\/wp-json\/wp\/v2\/pages\/947"}],"collection":[{"href":"https:\/\/portal.pi.gov.br\/iaspi\/wp-json\/wp\/v2\/pages"}],"about":[{"href":"https:\/\/portal.pi.gov.br\/iaspi\/wp-json\/wp\/v2\/types\/page"}],"author":[{"embeddable":true,"href":"https:\/\/portal.pi.gov.br\/iaspi\/wp-json\/wp\/v2\/users\/1"}],"replies":[{"embeddable":true,"href":"https:\/\/portal.pi.gov.br\/iaspi\/wp-json\/wp\/v2\/comments?post=947"}],"version-history":[{"count":3,"href":"https:\/\/portal.pi.gov.br\/iaspi\/wp-json\/wp\/v2\/pages\/947\/revisions"}],"predecessor-version":[{"id":1009,"href":"https:\/\/portal.pi.gov.br\/iaspi\/wp-json\/wp\/v2\/pages\/947\/revisions\/1009"}],"wp:attachment":[{"href":"https:\/\/portal.pi.gov.br\/iaspi\/wp-json\/wp\/v2\/media?parent=947"}],"curies":[{"name":"wp","href":"https:\/\/api.w.org\/{rel}","templated":true}]}}