{"id":941,"date":"2022-02-23T08:19:05","date_gmt":"2022-02-23T11:19:05","guid":{"rendered":"https:\/\/portal.pi.gov.br\/interpi2\/?page_id=911"},"modified":"2023-12-01T12:17:47","modified_gmt":"2023-12-01T15:17:47","slug":"sistema-regina","status":"publish","type":"page","link":"https:\/\/portal.pi.gov.br\/interpi\/sistema-regina\/","title":{"rendered":"Conhe\u00e7a a Plataforma Regina"},"content":{"rendered":"<div class=\"wp-block-image\">\n<figure class=\"aligncenter size-large\"><img decoding=\"async\" src=\"https:\/\/portal.pi.gov.br\/interpi2\/wp-content\/uploads\/sites\/85\/2023\/04\/NOVA_LOGO_GOV_REGINA003-1024x261.png\" alt=\"\" class=\"wp-image-2523\" \/><\/figure><\/div>\n\n\n<p class=\"has-text-align-justify\">O REGINA foi lan\u00e7ado em 2021 pelo INTERPI e permite o encaminhamento e a recep\u00e7\u00e3o de t\u00edtulos de propriedade de terras para registro digital. De forma simples e r\u00e1pida, conectando, simultaneamente, o INTERPI, a Associa\u00e7\u00e3o dos Not\u00e1rios e Registradores do Estado do Piau\u00ed (ANOREG-PI) e qualquer cart\u00f3rio de registro de im\u00f3veis que esteja utilizando o sistema. Dito isso, o Governo do Estado, por meio do Instituto de Terras do Piau\u00ed \u2013 INTERPI quer levar o software REGINA (Registro de Informa\u00e7\u00f5es Agr\u00e1rias) a todos os cart\u00f3rios do Piau\u00ed. O objetivo \u00e9 tornar mais \u00e1gil a regulariza\u00e7\u00e3o fundi\u00e1ria do Estado.<\/p>\n\n\n\n<p class=\"has-text-align-justify\">O programa \u00e9 resultado do trabalho conjunto com a Vice Corregedoria Geral de Justi\u00e7a, \u00f3rg\u00e3o do Poder Judici\u00e1rio estadual respons\u00e1vel pela disciplina e normatiza\u00e7\u00e3o dos servi\u00e7os extrajudiciais. Tivemos ainda importante apoio do Projeto PRO Piau\u00ed; Pilares do Crescimento e da Inclus\u00e3o Social (projeto cofinanciado pelo Banco Mundial). O software REGINA foi desenvolvido dentro das estruturas da administra\u00e7\u00e3o p\u00fablica, por gestores e equipes de desenvolvedores de sistemas.<\/p>\n\n\n\n<p class=\"has-text-align-justify\">A denomina\u00e7\u00e3o do nome da nova ferramenta tecnol\u00f3gica, \u00e9 uma homenagem \u00e0 ex-diretora setorial, Regina Lourdes, por infelicidade da vida n\u00e3o pode se deslumbrar do projeto REGINA (Registro de Informa\u00e7\u00f5es Agr\u00e1rias).<\/p>\n\n\n\n<p class=\"has-text-align-justify\">O software REGINA \u00e9 um conjunto de solu\u00e7\u00f5es tecnol\u00f3gicas integradas criado para dinamizar as a\u00e7\u00f5es de regulariza\u00e7\u00e3o fundi\u00e1ria. O Regina permite que o processo seja realizado totalmente eletr\u00f4nica, desde o campo at\u00e9 seu registro em cart\u00f3rio, outro aspecto importante do aplicativo Regina \u00e9 que ele poder\u00e1 beneficiar qualquer \u00f3rg\u00e3o e entidade com necessidade de modernizar seus sistemas de tramita\u00e7\u00e3o de remessa de documentos.&nbsp;Por meio da plataforma, a integra\u00e7\u00e3o entre \u00f3rg\u00e3os pode ser feita de qualquer lugar, sem demora, 24h, em qualquer dia e hor\u00e1rio, de forma totalmente segura.<\/p>\n\n\n\n<p class=\"has-text-align-justify\"><strong>O primeiro ano do software \u201cREGINA\u201d<\/strong><\/p>\n\n\n\n<p class=\"has-text-align-justify\">Desde a sua implanta\u00e7\u00e3o at\u00e9 o in\u00edcio deste m\u00eas, o sistema REGINA j\u00e1 reuniu dados e cadastros de 235 assentamentos estaduais, 12 comunidades tradicionais, al\u00e9m de outros 129 n\u00facleos populacionais rurais com processos de regulariza\u00e7\u00e3o em tramita\u00e7\u00e3o. Dos lotes registrados na plataforma, 7.485 j\u00e1 possuem CAR (Cadastro Ambiental Rural, obrigat\u00f3rio para conclus\u00e3o do processo de regulariza\u00e7\u00e3o de um im\u00f3vel rural) e 5.135 est\u00e3o com certifica\u00e7\u00e3o no SIGEF (Sistema de Gest\u00e3o Fundi\u00e1ria) conclu\u00edda.<\/p>\n\n\n\n<p class=\"has-text-align-justify\">A plataforma registra ainda, em seu banco de dados, 6.681 t\u00edtulos emitidos (at\u00e9 05.01.2023), o que representa quase sete mil fam\u00edlias requerentes beneficiadas com a conclus\u00e3o da regulariza\u00e7\u00e3o fundi\u00e1rias de seus im\u00f3veis.<\/p>\n\n\n<div class=\"wp-block-image is-style-default\">\n<figure class=\"aligncenter size-full is-resized\"><a href=\"https:\/\/regina.pi.gov.br\/\"><img decoding=\"async\" loading=\"lazy\" src=\"https:\/\/portal.pi.gov.br\/interpi\/wp-content\/uploads\/sites\/85\/2023\/03\/REGINA-LOGO-scaled-1.jpg\" alt=\"\" class=\"wp-image-2161\" width=\"272\" height=\"408\" srcset=\"https:\/\/portal.pi.gov.br\/interpi\/wp-content\/uploads\/sites\/85\/2023\/03\/REGINA-LOGO-scaled-1.jpg 1703w, https:\/\/portal.pi.gov.br\/interpi\/wp-content\/uploads\/sites\/85\/2023\/03\/REGINA-LOGO-scaled-1-200x300.jpg 200w, https:\/\/portal.pi.gov.br\/interpi\/wp-content\/uploads\/sites\/85\/2023\/03\/REGINA-LOGO-scaled-1-681x1024.jpg 681w, https:\/\/portal.pi.gov.br\/interpi\/wp-content\/uploads\/sites\/85\/2023\/03\/REGINA-LOGO-scaled-1-768x1154.jpg 768w, https:\/\/portal.pi.gov.br\/interpi\/wp-content\/uploads\/sites\/85\/2023\/03\/REGINA-LOGO-scaled-1-279x420.jpg 279w, https:\/\/portal.pi.gov.br\/interpi\/wp-content\/uploads\/sites\/85\/2023\/03\/REGINA-LOGO-scaled-1-359x540.jpg 359w, https:\/\/portal.pi.gov.br\/interpi\/wp-content\/uploads\/sites\/85\/2023\/03\/REGINA-LOGO-scaled-1-519x780.jpg 519w, https:\/\/portal.pi.gov.br\/interpi\/wp-content\/uploads\/sites\/85\/2023\/03\/REGINA-LOGO-scaled-1-1022x1536.jpg 1022w, https:\/\/portal.pi.gov.br\/interpi\/wp-content\/uploads\/sites\/85\/2023\/03\/REGINA-LOGO-scaled-1-1362x2048.jpg 1362w, https:\/\/portal.pi.gov.br\/interpi\/wp-content\/uploads\/sites\/85\/2023\/03\/REGINA-LOGO-scaled-1-947x1424.jpg 947w, https:\/\/portal.pi.gov.br\/interpi\/wp-content\/uploads\/sites\/85\/2023\/03\/REGINA-LOGO-scaled-1-624x938.jpg 624w\" sizes=\"(max-width: 272px) 100vw, 272px\" \/><\/a><\/figure><\/div>\n\n\n<details class=\"wp-block-stackable-accordion stk-block-accordion stk-inner-blocks stk-block-content stk-block stk-653d77b is-style-default\" data-block-id=\"653d77b\">\n<summary class=\"wp-block-stackable-column stk-block-column stk-column stk-block stk-3e1c379 stk--container-small stk-block-accordion__heading\" data-v=\"4\" data-block-id=\"3e1c379\"><div class=\"stk-column-wrapper stk-block-column__content stk-container stk-3e1c379-container stk-hover-parent\"><div class=\"stk-block-content stk-inner-blocks stk-3e1c379-inner-blocks\">\n<div class=\"wp-block-stackable-icon-label stk-block-icon-label stk-block stk-0035c0f\" data-block-id=\"0035c0f\"><div class=\"stk-row stk-inner-blocks stk-block-content\">\n<div class=\"wp-block-stackable-heading stk-block-heading stk-block-heading--v2 stk-block stk-8ea0806\" id=\"leis\" data-block-id=\"8ea0806\"><h4 class=\"stk-block-heading__text stk-block-heading--use-theme-margins\">LEIS<\/h4><\/div>\n\n\n\n<div class=\"wp-block-stackable-icon stk-block-icon stk-block stk-e649458\" data-block-id=\"e649458\"><span class=\"stk--svg-wrapper\"><div class=\"stk--inner-svg\"><svg style=\"height:0;width:0\"><defs><linearGradient id=\"linear-gradient-e649458\" x1=\"0\" x2=\"100%\" y1=\"0\" y2=\"0\"><stop offset=\"0%\" style=\"stop-opacity:1;stop-color:var(--linear-gradient-e-649458-color-1)\"><\/stop><stop offset=\"100%\" style=\"stop-opacity:1;stop-color:var(--linear-gradient-e-649458-color-2)\"><\/stop><\/linearGradient><\/defs><\/svg><svg data-prefix=\"fas\" data-icon=\"chevron-down\" class=\"svg-inline--fa fa-chevron-down fa-w-14\" xmlns=\"http:\/\/www.w3.org\/2000\/svg\" viewBox=\"0 0 448 512\" aria-hidden=\"true\" width=\"32\" height=\"32\"><path fill=\"currentColor\" d=\"M207.029 381.476L12.686 187.132c-9.373-9.373-9.373-24.569 0-33.941l22.667-22.667c9.357-9.357 24.522-9.375 33.901-.04L224 284.505l154.745-154.021c9.379-9.335 24.544-9.317 33.901.04l22.667 22.667c9.373 9.373 9.373 24.569 0 33.941L240.971 381.476c-9.373 9.372-24.569 9.372-33.942 0z\"><\/path><\/svg><\/div><\/span><\/div>\n<\/div><\/div>\n<\/div><\/div><\/summary>\n\n\n\n<div class=\"wp-block-stackable-column stk-block-column stk-column stk-block stk-8ace2a7 stk-block-accordion__content\" data-v=\"4\" data-block-id=\"8ace2a7\"><div class=\"stk-column-wrapper stk-block-column__content stk-container stk-8ace2a7-container stk--no-background stk--no-padding\"><div class=\"stk-block-content stk-inner-blocks stk-8ace2a7-inner-blocks\">\n<div class=\"wp-block-stackable-text stk-block-text stk-block stk-5f71fd3\" data-block-id=\"5f71fd3\"><p class=\"stk-block-text__text\">Nova Lei de regulariza\u00e7\u00e3o fundi\u00e1ria \u00e9 sancionada e entra em vigor. A Lei n\u00ba 7.294\/2019 inova em maior controle na regulariza\u00e7\u00e3o e atendimento a diversos setores sociais e das cadeias produtivas.<\/p><\/div>\n\n\n\n<div class=\"wp-block-stackable-button-group stk-block-button-group stk-block stk-6b7192b\" data-block-id=\"6b7192b\"><div class=\"stk-row stk-inner-blocks stk-block-content stk-button-group\">\n<div class=\"wp-block-stackable-button stk-block-button is-style-ghost stk-block stk-c080d23\" data-block-id=\"c080d23\"><style>.stk-c080d23 .stk-button{background:transparent !important;border-radius:17px !important}.stk-c080d23 .stk-button:hover:after{background:transparent !important;opacity:1 !important}:where(.stk-hover-parent:hover,.stk-hover-parent.stk--is-hovered) .stk-c080d23 .stk-button:after{background:transparent !important;opacity:1 !important}.stk-c080d23 .stk-button:before{box-shadow:0 5px 5px 0 rgba(18,63,82,0.035) !important;border-style:solid !important}<\/style><a class=\"stk-link stk-button stk--hover-effect-darken\" href=\"https:\/\/www.pi.gov.br\/noticias\/nova-lei-de-regularizacao-fundiaria-e-sancionada-e-entra-em-vigor\/\" target=\"_blank\" rel=\"noreferrer noopener\"><span class=\"stk-button__inner-text\">Saiba mais<\/span><\/a><\/div>\n\n\n\n<div class=\"wp-block-stackable-button stk-block-button is-style-ghost stk-block stk-3b0f5d7\" data-block-id=\"3b0f5d7\"><style>.stk-3b0f5d7 .stk-button{background:transparent !important;border-radius:17px !important}.stk-3b0f5d7 .stk-button:hover:after{background:transparent !important;opacity:1 !important}:where(.stk-hover-parent:hover,.stk-hover-parent.stk--is-hovered) .stk-3b0f5d7 .stk-button:after{background:transparent !important;opacity:1 !important}.stk-3b0f5d7 .stk-button:before{box-shadow:0 5px 5px 0 rgba(18,63,82,0.035) !important;border-style:solid !important}<\/style><a class=\"stk-link stk-button stk--hover-effect-darken\" href=\"https:\/\/portal.pi.gov.br\/interpi2\/download\/35\/downloads\/2530\/lei-n-7294-de-dez-de-2019-regularizacao-fundiaria.pdf\" target=\"_blank\" rel=\"noreferrer noopener\"><span class=\"stk-button__inner-text\">Downloads<\/span><\/a><\/div>\n<\/div><\/div>\n<\/div><\/div><\/div>\n<\/details>\n\n\n\n<h2 class=\"wp-block-heading has-text-align-center\">Equipe de Desenvolvimento do Projeto &#8211; Regina<\/h2>\n\n\n\n<figure class=\"wp-block-image size-large\"><img decoding=\"async\" src=\"https:\/\/portal.pi.gov.br\/interpi2\/wp-content\/uploads\/sites\/85\/2023\/04\/TIME-ORGANOGRAMA-CDS-INTERPI-1-1024x670.png\" alt=\"\" class=\"wp-image-3049\" \/><\/figure>\n","protected":false},"excerpt":{"rendered":"<p>O REGINA foi lan\u00e7ado em 2021 pelo INTERPI e permite o encaminhamento e a recep\u00e7\u00e3o de t\u00edtulos de propriedade de terras para registro digital. De forma simples e r\u00e1pida, conectando, [&hellip;]<\/p>\n","protected":false},"author":1,"featured_media":0,"parent":0,"menu_order":0,"comment_status":"closed","ping_status":"closed","template":"template-fullwidth.php","meta":[],"featured_image_urls":{"full":"","thumbnail":"","medium":"","medium_large":"","large":"","sgg-420":"","sgg-540":"","sgg-780":"","1536x1536":"","2048x2048":"","homepage-slider":"","homepage-slider-small":"","page-top":"","page-small":"","loop-main":"","thumb-gallery-widget":""},"post_excerpt_stackable":"<p>O REGINA foi lan\u00e7ado em 2021 pelo INTERPI e permite o encaminhamento e a recep\u00e7\u00e3o de t\u00edtulos de propriedade de terras para registro digital. De forma simples e r\u00e1pida, conectando, simultaneamente, o INTERPI, a Associa\u00e7\u00e3o dos Not\u00e1rios e Registradores do Estado do Piau\u00ed (ANOREG-PI) e qualquer cart\u00f3rio de registro de im\u00f3veis que esteja utilizando o sistema. Dito isso, o Governo do Estado, por meio do Instituto de Terras do Piau\u00ed \u2013 INTERPI quer levar o software REGINA (Registro de Informa\u00e7\u00f5es Agr\u00e1rias) a todos os cart\u00f3rios do Piau\u00ed. O objetivo \u00e9 tornar mais \u00e1gil a regulariza\u00e7\u00e3o fundi\u00e1ria do Estado. O programa&hellip;<\/p>\n","category_list":"","author_info":{"name":"admin","url":"https:\/\/portal.pi.gov.br\/interpi\/author\/admin\/"},"comments_num":"0 coment\u00e1rio","featured_image_urls_v2":{"full":"","thumbnail":"","medium":"","medium_large":"","large":"","sgg-420":"","sgg-540":"","sgg-780":"","1536x1536":"","2048x2048":"","homepage-slider":"","homepage-slider-small":"","page-top":"","page-small":"","loop-main":"","thumb-gallery-widget":""},"post_excerpt_stackable_v2":"<p>O REGINA foi lan\u00e7ado em 2021 pelo INTERPI e permite o encaminhamento e a recep\u00e7\u00e3o de t\u00edtulos de propriedade de terras para registro digital. De forma simples e r\u00e1pida, conectando, simultaneamente, o INTERPI, a Associa\u00e7\u00e3o dos Not\u00e1rios e Registradores do Estado do Piau\u00ed (ANOREG-PI) e qualquer cart\u00f3rio de registro de im\u00f3veis que esteja utilizando o sistema. Dito isso, o Governo do Estado, por meio do Instituto de Terras do Piau\u00ed \u2013 INTERPI quer levar o software REGINA (Registro de Informa\u00e7\u00f5es Agr\u00e1rias) a todos os cart\u00f3rios do Piau\u00ed. O objetivo \u00e9 tornar mais \u00e1gil a regulariza\u00e7\u00e3o fundi\u00e1ria do Estado. O programa&hellip;<\/p>\n","category_list_v2":"","author_info_v2":{"name":"admin","url":"https:\/\/portal.pi.gov.br\/interpi\/author\/admin\/"},"comments_num_v2":"0 coment\u00e1rio","_links":{"self":[{"href":"https:\/\/portal.pi.gov.br\/interpi\/wp-json\/wp\/v2\/pages\/941"}],"collection":[{"href":"https:\/\/portal.pi.gov.br\/interpi\/wp-json\/wp\/v2\/pages"}],"about":[{"href":"https:\/\/portal.pi.gov.br\/interpi\/wp-json\/wp\/v2\/types\/page"}],"author":[{"embeddable":true,"href":"https:\/\/portal.pi.gov.br\/interpi\/wp-json\/wp\/v2\/users\/1"}],"replies":[{"embeddable":true,"href":"https:\/\/portal.pi.gov.br\/interpi\/wp-json\/wp\/v2\/comments?post=941"}],"version-history":[{"count":7,"href":"https:\/\/portal.pi.gov.br\/interpi\/wp-json\/wp\/v2\/pages\/941\/revisions"}],"predecessor-version":[{"id":4126,"href":"https:\/\/portal.pi.gov.br\/interpi\/wp-json\/wp\/v2\/pages\/941\/revisions\/4126"}],"wp:attachment":[{"href":"https:\/\/portal.pi.gov.br\/interpi\/wp-json\/wp\/v2\/media?parent=941"}],"curies":[{"name":"wp","href":"https:\/\/api.w.org\/{rel}","templated":true}]}}