{"id":1059,"date":"2023-02-01T09:24:00","date_gmt":"2023-02-01T12:24:00","guid":{"rendered":"https:\/\/portal.pi.gov.br\/jucepi\/?page_id=1059"},"modified":"2023-04-27T09:40:12","modified_gmt":"2023-04-27T12:40:12","slug":"manuais-de-servicos","status":"publish","type":"page","link":"https:\/\/portal.pi.gov.br\/jucepi\/manuais-de-servicos\/","title":{"rendered":"Manuais de servi\u00e7os"},"content":{"rendered":"<script type=\"text\/x-handlebars-template\"        id=\"wpfd-template-table-categories-31\">    <div class=\"wpfd-categories\">{{#if category}}{{#with category}}{{#if parent}}<a class=\"catlink backcategory\" href=\"#\" data-idcat=\"{{parent}}\">                        <i class=\"zmdi zmdi-chevron-left\"><\/i><span>Voltar<\/span><\/a>{{\/if}}{{\/with}}{{\/if}}<\/div><\/script><script type=\"text\/x-handlebars-template\" id=\"wpfd-template-table-31\">    {{#if files}}    {{#each files}}    <tr class=\"file\" data-id=\"{{ID}}\" data-catid=\"{{catid}}\">    <td class=\"file_title\"><a class=\"wpfd_downloadlink\" href=\"{{linkdownload}}\" title=\"{{post_title}}\"><span class=\"extcol\">{{#if file_custom_icon}}<span class=\"icon-custom\"><img src=\"{{file_custom_icon}}\"><\/span>{{else}}<span class=\"ext ext-{{ext}}\"><\/span>{{\/if}}<\/span>{{{crop_title}}}<\/a><\/td><td class=\"file_size\">{{bytesToSize size}}<\/td><td class=\"file_created\">{{created}}<\/td>                    <td class=\"col-download\">                <a class=\"downloadlink wpfd_downloadlink\"  href=\"{{linkdownload}}\" style=\"background-color:#76bc58;color:#ffffff;\">Baixar<i class=\"zmdi zmdi-cloud-download wpfd-download\"><\/i><\/a>{{#if openpdflink}}<a class=\"openlink wpfdlightbox wpfd_previewlink\" href=\"{{openpdflink}}\" target=\"\">Visualizar                            <i class=\"zmdi zmdi-filter-center-focus wpfd-preview\"><\/i>                        <\/a>{{else}}{{#if viewerlink}}<a                            href=\"{{viewerlink}}\"                            class=\"openlink wpfdlightbox wpfd_previewlink\"                            target=\"\"                            data-id=\"{{ID}}\"                            data-catid=\"{{catid}}\"                            data-file-type=\"{{ext}}\">Visualizar<i class=\"zmdi zmdi-filter-center-focus wpfd-preview\"><\/i>                        <\/a>{{\/if}}{{\/if}}            <\/td>            <\/tr>    {{\/each}}    {{\/if}}<\/script><div class=\"wpfd-content wpfd-content-table wpfd-content-multi colstyle\" data-category=\"31\"><input type=\"hidden\" id=\"current_category_31\" value=\"31\" \/>                    <input type=\"hidden\" id=\"current_category_slug_31\" value=\"manuais-de-servicos\" \/>                    <input type=\"hidden\" id=\"current_ordering_31\" value=\"created_time\" \/>                    <input type=\"hidden\" id=\"current_ordering_direction_31\" value=\"desc\" \/><div class=\"wpfd-container\">        <div class=\"wpfd-open-tree\"><\/div>    <div class=\"wpfd-container-table \">        <div class=\"wpfd-categories\"><\/div>        <table class=\"wpfd-table wpfd-table-bordered wpfd-table-striped mediaTable\">            <thead>            <tr>                <th class=\"essential persist file_title\">T\u00edtulo<\/th><th class=\"optional file_size\">Tamanho<\/th><th class=\"optional file_created\">Data de Publica\u00e7\u00e3o<\/th><th class=\"essential file_download\">Baixar<\/th>            <\/tr>            <\/thead>            <tbody>                            <tr class=\"file\" data-id=\"1696\"                    data-catid=\"31\">                    <td class=\"file_title\"><a class=\"wpfd_downloadlink\" href=\"https:\/\/portal.pi.gov.br\/jucepi\/download\/31\/manuais-de-servicos\/1696\/manual-de-instalacao-de-assinaturas-digitais-versao-8.pdf\" title=\"Manual de instala\u00e7\u00e3o de assinaturas digitais - vers\u00e3o 8\"><span class=\"extcol\">                                <span class=\"ext ext-pdf\"><\/span>                                Manual de instala\u00e7\u00e3o de assinaturas digitais - vers\u00e3o 8                            <\/span><\/a><\/td><td class=\"file_size\">1.57 MB<\/td><td class=\"file_created\">22-09-2023<\/td>                                            <td class=\"col-download\">                            <a class=\"downloadlink wpfd_downloadlink\"  href=\"https:\/\/portal.pi.gov.br\/jucepi\/download\/31\/manuais-de-servicos\/1696\/manual-de-instalacao-de-assinaturas-digitais-versao-8.pdf\" style=\"background-color:#76bc58;color:#ffffff;\">Baixar<i class=\"zmdi zmdi-cloud-download wpfd-download\"><\/i><\/a><a                            href=\"https:\/\/docs.google.com\/viewer?url=https%3A%2F%2Fportal.pi.gov.br%2Fjucepi%2Fwp-admin%2Fadmin-ajax.php%3Fjuwpfisadmin%3Dfalse%26action%3Dwpfd%26task%3Dfile.download%26wpfd_category_id%3D31%26wpfd_file_id%3D1696%26token%3D%26preview%3D1&#038;embedded=true\"                            class=\"openlink wpfdlightbox wpfd_previewlink\"                            target=\"\"                            data-id=\"1696\"                            data-catid=\"31\"                            data-file-type=\"pdf\">Visualizar<i class=\"zmdi zmdi-filter-center-focus wpfd-preview\"><\/i>                        <\/a>                        <\/td>                                    <\/tr>                            <tr class=\"file\" data-id=\"1289\"                    data-catid=\"31\">                    <td class=\"file_title\"><a class=\"wpfd_downloadlink\" href=\"https:\/\/portal.pi.gov.br\/jucepi\/download\/31\/manuais-de-servicos\/1289\/manual-de-registro-empresario-individual.pdf\" title=\"Manual de Registro Empres\u00e1rio Individual\"><span class=\"extcol\">                                <span class=\"ext ext-pdf\"><\/span>                                Manual de Registro Empres\u00e1rio Individual                            <\/span><\/a><\/td><td class=\"file_size\">725.86 KB<\/td><td class=\"file_created\">16-03-2023<\/td>                                            <td class=\"col-download\">                            <a class=\"downloadlink wpfd_downloadlink\"  href=\"https:\/\/portal.pi.gov.br\/jucepi\/download\/31\/manuais-de-servicos\/1289\/manual-de-registro-empresario-individual.pdf\" style=\"background-color:#76bc58;color:#ffffff;\">Baixar<i class=\"zmdi zmdi-cloud-download wpfd-download\"><\/i><\/a><a                            href=\"https:\/\/docs.google.com\/viewer?url=https%3A%2F%2Fportal.pi.gov.br%2Fjucepi%2Fwp-admin%2Fadmin-ajax.php%3Fjuwpfisadmin%3Dfalse%26action%3Dwpfd%26task%3Dfile.download%26wpfd_category_id%3D31%26wpfd_file_id%3D1289%26token%3D%26preview%3D1&#038;embedded=true\"                            class=\"openlink wpfdlightbox wpfd_previewlink\"                            target=\"\"                            data-id=\"1289\"                            data-catid=\"31\"                            data-file-type=\"pdf\">Visualizar<i class=\"zmdi zmdi-filter-center-focus wpfd-preview\"><\/i>                        <\/a>                        <\/td>                                    <\/tr>                            <tr class=\"file\" data-id=\"1288\"                    data-catid=\"31\">                    <td class=\"file_title\"><a class=\"wpfd_downloadlink\" href=\"https:\/\/portal.pi.gov.br\/jucepi\/download\/31\/manuais-de-servicos\/1288\/manual-de-registro-sociedade-limitada.pdf\" title=\"Manual de Registro Sociedade Limitada\"><span class=\"extcol\">                                <span class=\"ext ext-pdf\"><\/span>                                Manual de Registro Sociedade Limitada                            <\/span><\/a><\/td><td class=\"file_size\">1.11 MB<\/td><td class=\"file_created\">16-03-2023<\/td>                                            <td class=\"col-download\">                            <a class=\"downloadlink wpfd_downloadlink\"  href=\"https:\/\/portal.pi.gov.br\/jucepi\/download\/31\/manuais-de-servicos\/1288\/manual-de-registro-sociedade-limitada.pdf\" style=\"background-color:#76bc58;color:#ffffff;\">Baixar<i class=\"zmdi zmdi-cloud-download wpfd-download\"><\/i><\/a><a                            href=\"https:\/\/docs.google.com\/viewer?url=https%3A%2F%2Fportal.pi.gov.br%2Fjucepi%2Fwp-admin%2Fadmin-ajax.php%3Fjuwpfisadmin%3Dfalse%26action%3Dwpfd%26task%3Dfile.download%26wpfd_category_id%3D31%26wpfd_file_id%3D1288%26token%3D%26preview%3D1&#038;embedded=true\"                            class=\"openlink wpfdlightbox wpfd_previewlink\"                            target=\"\"                            data-id=\"1288\"                            data-catid=\"31\"                            data-file-type=\"pdf\">Visualizar<i class=\"zmdi zmdi-filter-center-focus wpfd-preview\"><\/i>                        <\/a>                        <\/td>                                    <\/tr>                            <tr class=\"file\" data-id=\"1287\"                    data-catid=\"31\">                    <td class=\"file_title\"><a class=\"wpfd_downloadlink\" href=\"https:\/\/portal.pi.gov.br\/jucepi\/download\/31\/manuais-de-servicos\/1287\/manual-de-registro-sociedade-anonima.pdf\" title=\"Manual de Registro Sociedade An\u00f4nima\"><span class=\"extcol\">                                <span class=\"ext ext-pdf\"><\/span>                                Manual de Registro Sociedade An\u00f4nima                            <\/span><\/a><\/td><td class=\"file_size\">0.99 MB<\/td><td class=\"file_created\">16-03-2023<\/td>                                            <td class=\"col-download\">                            <a class=\"downloadlink wpfd_downloadlink\"  href=\"https:\/\/portal.pi.gov.br\/jucepi\/download\/31\/manuais-de-servicos\/1287\/manual-de-registro-sociedade-anonima.pdf\" style=\"background-color:#76bc58;color:#ffffff;\">Baixar<i class=\"zmdi zmdi-cloud-download wpfd-download\"><\/i><\/a><a                            href=\"https:\/\/docs.google.com\/viewer?url=https%3A%2F%2Fportal.pi.gov.br%2Fjucepi%2Fwp-admin%2Fadmin-ajax.php%3Fjuwpfisadmin%3Dfalse%26action%3Dwpfd%26task%3Dfile.download%26wpfd_category_id%3D31%26wpfd_file_id%3D1287%26token%3D%26preview%3D1&#038;embedded=true\"                            class=\"openlink wpfdlightbox wpfd_previewlink\"                            target=\"\"                            data-id=\"1287\"                            data-catid=\"31\"                            data-file-type=\"pdf\">Visualizar<i class=\"zmdi zmdi-filter-center-focus wpfd-preview\"><\/i>                        <\/a>                        <\/td>                                    <\/tr>                            <tr class=\"file\" data-id=\"1286\"                    data-catid=\"31\">                    <td class=\"file_title\"><a class=\"wpfd_downloadlink\" href=\"https:\/\/portal.pi.gov.br\/jucepi\/download\/31\/manuais-de-servicos\/1286\/manual-de-registro-cooperativa.pdf\" title=\"Manual de Registro Cooperativa\"><span class=\"extcol\">                                <span class=\"ext ext-pdf\"><\/span>                                Manual de Registro Cooperativa                            <\/span><\/a><\/td><td class=\"file_size\">1.09 MB<\/td><td class=\"file_created\">16-03-2023<\/td>                                            <td class=\"col-download\">                            <a class=\"downloadlink wpfd_downloadlink\"  href=\"https:\/\/portal.pi.gov.br\/jucepi\/download\/31\/manuais-de-servicos\/1286\/manual-de-registro-cooperativa.pdf\" style=\"background-color:#76bc58;color:#ffffff;\">Baixar<i class=\"zmdi zmdi-cloud-download wpfd-download\"><\/i><\/a><a                            href=\"https:\/\/docs.google.com\/viewer?url=https%3A%2F%2Fportal.pi.gov.br%2Fjucepi%2Fwp-admin%2Fadmin-ajax.php%3Fjuwpfisadmin%3Dfalse%26action%3Dwpfd%26task%3Dfile.download%26wpfd_category_id%3D31%26wpfd_file_id%3D1286%26token%3D%26preview%3D1&#038;embedded=true\"                            class=\"openlink wpfdlightbox wpfd_previewlink\"                            target=\"\"                            data-id=\"1286\"                            data-catid=\"31\"                            data-file-type=\"pdf\">Visualizar<i class=\"zmdi zmdi-filter-center-focus wpfd-preview\"><\/i>                        <\/a>                        <\/td>                                    <\/tr>                            <tr class=\"file\" data-id=\"1207\"                    data-catid=\"31\">                    <td class=\"file_title\"><a class=\"wpfd_downloadlink\" href=\"https:\/\/portal.pi.gov.br\/jucepi\/download\/31\/manuais-de-servicos\/1207\/manual-livro-de-leiloeiro.pdf\" title=\"Manual Livro de Leiloeiro\"><span class=\"extcol\">                                <span class=\"ext ext-pdf\"><\/span>                                Manual Livro de Leiloeiro                            <\/span><\/a><\/td><td class=\"file_size\">0.95 MB<\/td><td class=\"file_created\">14-03-2023<\/td>                                            <td class=\"col-download\">                            <a class=\"downloadlink wpfd_downloadlink\"  href=\"https:\/\/portal.pi.gov.br\/jucepi\/download\/31\/manuais-de-servicos\/1207\/manual-livro-de-leiloeiro.pdf\" style=\"background-color:#76bc58;color:#ffffff;\">Baixar<i class=\"zmdi zmdi-cloud-download wpfd-download\"><\/i><\/a><a                            href=\"https:\/\/docs.google.com\/viewer?url=https%3A%2F%2Fportal.pi.gov.br%2Fjucepi%2Fwp-admin%2Fadmin-ajax.php%3Fjuwpfisadmin%3Dfalse%26action%3Dwpfd%26task%3Dfile.download%26wpfd_category_id%3D31%26wpfd_file_id%3D1207%26token%3D%26preview%3D1&#038;embedded=true\"                            class=\"openlink wpfdlightbox wpfd_previewlink\"                            target=\"\"                            data-id=\"1207\"                            data-catid=\"31\"                            data-file-type=\"pdf\">Visualizar<i class=\"zmdi zmdi-filter-center-focus wpfd-preview\"><\/i>                        <\/a>                        <\/td>                                    <\/tr>                            <tr class=\"file\" data-id=\"1206\"                    data-catid=\"31\">                    <td class=\"file_title\"><a class=\"wpfd_downloadlink\" href=\"https:\/\/portal.pi.gov.br\/jucepi\/download\/31\/manuais-de-servicos\/1206\/manual-de-processo-entre-estados.pdf\" title=\"Manual de processo entre estados\"><span class=\"extcol\">                                <span class=\"ext ext-pdf\"><\/span>                                Manual de processo entre estados                            <\/span><\/a><\/td><td class=\"file_size\">1.85 MB<\/td><td class=\"file_created\">14-03-2023<\/td>                                            <td class=\"col-download\">                            <a class=\"downloadlink wpfd_downloadlink\"  href=\"https:\/\/portal.pi.gov.br\/jucepi\/download\/31\/manuais-de-servicos\/1206\/manual-de-processo-entre-estados.pdf\" style=\"background-color:#76bc58;color:#ffffff;\">Baixar<i class=\"zmdi zmdi-cloud-download wpfd-download\"><\/i><\/a><a                            href=\"https:\/\/docs.google.com\/viewer?url=https%3A%2F%2Fportal.pi.gov.br%2Fjucepi%2Fwp-admin%2Fadmin-ajax.php%3Fjuwpfisadmin%3Dfalse%26action%3Dwpfd%26task%3Dfile.download%26wpfd_category_id%3D31%26wpfd_file_id%3D1206%26token%3D%26preview%3D1&#038;embedded=true\"                            class=\"openlink wpfdlightbox wpfd_previewlink\"                            target=\"\"                            data-id=\"1206\"                            data-catid=\"31\"                            data-file-type=\"pdf\">Visualizar<i class=\"zmdi zmdi-filter-center-focus wpfd-preview\"><\/i>                        <\/a>                        <\/td>                                    <\/tr>                            <tr class=\"file\" data-id=\"1205\"                    data-catid=\"31\">                    <td class=\"file_title\"><a class=\"wpfd_downloadlink\" href=\"https:\/\/portal.pi.gov.br\/jucepi\/download\/31\/manuais-de-servicos\/1205\/processos-eletronicos-versao-4.pdf\" title=\"Processos Eletr\u00f4nicos - vers\u00e3o 4\"><span class=\"extcol\">                                <span class=\"ext ext-pdf\"><\/span>                                Processos Eletr\u00f4nicos - vers\u00e3o 4                            <\/span><\/a><\/td><td class=\"file_size\">1.17 MB<\/td><td class=\"file_created\">14-03-2023<\/td>                                            <td class=\"col-download\">                            <a class=\"downloadlink wpfd_downloadlink\"  href=\"https:\/\/portal.pi.gov.br\/jucepi\/download\/31\/manuais-de-servicos\/1205\/processos-eletronicos-versao-4.pdf\" style=\"background-color:#76bc58;color:#ffffff;\">Baixar<i class=\"zmdi zmdi-cloud-download wpfd-download\"><\/i><\/a><a                            href=\"https:\/\/docs.google.com\/viewer?url=https%3A%2F%2Fportal.pi.gov.br%2Fjucepi%2Fwp-admin%2Fadmin-ajax.php%3Fjuwpfisadmin%3Dfalse%26action%3Dwpfd%26task%3Dfile.download%26wpfd_category_id%3D31%26wpfd_file_id%3D1205%26token%3D%26preview%3D1&#038;embedded=true\"                            class=\"openlink wpfdlightbox wpfd_previewlink\"                            target=\"\"                            data-id=\"1205\"                            data-catid=\"31\"                            data-file-type=\"pdf\">Visualizar<i class=\"zmdi zmdi-filter-center-focus wpfd-preview\"><\/i>                        <\/a>                        <\/td>                                    <\/tr>                            <tr class=\"file\" data-id=\"1204\"                    data-catid=\"31\">                    <td class=\"file_title\"><a class=\"wpfd_downloadlink\" href=\"https:\/\/portal.pi.gov.br\/jucepi\/download\/31\/manuais-de-servicos\/1204\/tipos-de-certificado-digital-versao-5.pdf\" title=\"Tipos de Certificado Digital - vers\u00e3o 5\"><span class=\"extcol\">                                <span class=\"ext ext-pdf\"><\/span>                                Tipos de Certificado Digital - vers\u00e3o 5                            <\/span><\/a><\/td><td class=\"file_size\">764.67 KB<\/td><td class=\"file_created\">14-03-2023<\/td>                                            <td class=\"col-download\">                            <a class=\"downloadlink wpfd_downloadlink\"  href=\"https:\/\/portal.pi.gov.br\/jucepi\/download\/31\/manuais-de-servicos\/1204\/tipos-de-certificado-digital-versao-5.pdf\" style=\"background-color:#76bc58;color:#ffffff;\">Baixar<i class=\"zmdi zmdi-cloud-download wpfd-download\"><\/i><\/a><a                            href=\"https:\/\/docs.google.com\/viewer?url=https%3A%2F%2Fportal.pi.gov.br%2Fjucepi%2Fwp-admin%2Fadmin-ajax.php%3Fjuwpfisadmin%3Dfalse%26action%3Dwpfd%26task%3Dfile.download%26wpfd_category_id%3D31%26wpfd_file_id%3D1204%26token%3D%26preview%3D1&#038;embedded=true\"                            class=\"openlink wpfdlightbox wpfd_previewlink\"                            target=\"\"                            data-id=\"1204\"                            data-catid=\"31\"                            data-file-type=\"pdf\">Visualizar<i class=\"zmdi zmdi-filter-center-focus wpfd-preview\"><\/i>                        <\/a>                        <\/td>                                    <\/tr>                            <tr class=\"file\" data-id=\"1202\"                    data-catid=\"31\">                    <td class=\"file_title\"><a class=\"wpfd_downloadlink\" href=\"https:\/\/portal.pi.gov.br\/jucepi\/download\/31\/manuais-de-servicos\/1202\/manual-livros-digitais-versao-3.pdf\" title=\"Manual Livros Digitais - vers\u00e3o 3\"><span class=\"extcol\">                                <span class=\"ext ext-pdf\"><\/span>                                Manual Livros Digitais - vers\u00e3o 3                            <\/span><\/a><\/td><td class=\"file_size\">1.20 MB<\/td><td class=\"file_created\">14-03-2023<\/td>                                            <td class=\"col-download\">                            <a class=\"downloadlink wpfd_downloadlink\"  href=\"https:\/\/portal.pi.gov.br\/jucepi\/download\/31\/manuais-de-servicos\/1202\/manual-livros-digitais-versao-3.pdf\" style=\"background-color:#76bc58;color:#ffffff;\">Baixar<i class=\"zmdi zmdi-cloud-download wpfd-download\"><\/i><\/a><a                            href=\"https:\/\/docs.google.com\/viewer?url=https%3A%2F%2Fportal.pi.gov.br%2Fjucepi%2Fwp-admin%2Fadmin-ajax.php%3Fjuwpfisadmin%3Dfalse%26action%3Dwpfd%26task%3Dfile.download%26wpfd_category_id%3D31%26wpfd_file_id%3D1202%26token%3D%26preview%3D1&#038;embedded=true\"                            class=\"openlink wpfdlightbox wpfd_previewlink\"                            target=\"\"                            data-id=\"1202\"                            data-catid=\"31\"                            data-file-type=\"pdf\">Visualizar<i class=\"zmdi zmdi-filter-center-focus wpfd-preview\"><\/i>                        <\/a>                        <\/td>                                    <\/tr>                        <\/tbody>        <\/table>            <\/div><\/div><\/div>\n","protected":false},"excerpt":{"rendered":"","protected":false},"author":1711,"featured_media":0,"parent":0,"menu_order":0,"comment_status":"closed","ping_status":"closed","template":"template-fullwidth.php","meta":[],"featured_image_urls":{"full":"","thumbnail":"","medium":"","medium_large":"","large":"","sgg-420":"","sgg-540":"","sgg-780":"","1536x1536":"","2048x2048":"","homepage-slider":"","homepage-slider-small":"","page-top":"","page-small":"","loop-main":"","thumb-gallery-widget":""},"post_excerpt_stackable":"<p>T\u00edtuloTamanhoData de Publica\u00e7\u00e3oBaixar Manual de instala\u00e7\u00e3o de assinaturas digitais &#8211; vers\u00e3o 8 1.57 MB22-09-2023 BaixarVisualizar Manual de Registro Empres\u00e1rio Individual 725.86 KB16-03-2023 BaixarVisualizar Manual de Registro Sociedade Limitada 1.11 MB16-03-2023 BaixarVisualizar Manual de Registro Sociedade An\u00f4nima 0.99 MB16-03-2023 BaixarVisualizar Manual de Registro Cooperativa 1.09 MB16-03-2023 BaixarVisualizar Manual Livro de Leiloeiro 0.95 MB14-03-2023 BaixarVisualizar Manual de processo entre estados 1.85 MB14-03-2023 BaixarVisualizar Processos Eletr\u00f4nicos &#8211; vers\u00e3o 4 1.17 MB14-03-2023 BaixarVisualizar Tipos de Certificado Digital &#8211; vers\u00e3o 5 764.67 KB14-03-2023 BaixarVisualizar Manual Livros Digitais &#8211; vers\u00e3o 3 1.20 MB14-03-2023 BaixarVisualizar<\/p>\n","category_list":"","author_info":{"name":"marcosoliv","url":"https:\/\/portal.pi.gov.br\/jucepi\/author\/marcosoliv\/"},"comments_num":"0 coment\u00e1rio","featured_image_urls_v2":{"full":"","thumbnail":"","medium":"","medium_large":"","large":"","sgg-420":"","sgg-540":"","sgg-780":"","1536x1536":"","2048x2048":"","homepage-slider":"","homepage-slider-small":"","page-top":"","page-small":"","loop-main":"","thumb-gallery-widget":""},"post_excerpt_stackable_v2":"<p>T\u00edtuloTamanhoData de Publica\u00e7\u00e3oBaixar Manual de instala\u00e7\u00e3o de assinaturas digitais &#8211; vers\u00e3o 8 1.57 MB22-09-2023 BaixarVisualizar Manual de Registro Empres\u00e1rio Individual 725.86 KB16-03-2023 BaixarVisualizar Manual de Registro Sociedade Limitada 1.11 MB16-03-2023 BaixarVisualizar Manual de Registro Sociedade An\u00f4nima 0.99 MB16-03-2023 BaixarVisualizar Manual de Registro Cooperativa 1.09 MB16-03-2023 BaixarVisualizar Manual Livro de Leiloeiro 0.95 MB14-03-2023 BaixarVisualizar Manual de processo entre estados 1.85 MB14-03-2023 BaixarVisualizar Processos Eletr\u00f4nicos &#8211; vers\u00e3o 4 1.17 MB14-03-2023 BaixarVisualizar Tipos de Certificado Digital &#8211; vers\u00e3o 5 764.67 KB14-03-2023 BaixarVisualizar Manual Livros Digitais &#8211; vers\u00e3o 3 1.20 MB14-03-2023 BaixarVisualizar<\/p>\n","category_list_v2":"","author_info_v2":{"name":"marcosoliv","url":"https:\/\/portal.pi.gov.br\/jucepi\/author\/marcosoliv\/"},"comments_num_v2":"0 coment\u00e1rio","_links":{"self":[{"href":"https:\/\/portal.pi.gov.br\/jucepi\/wp-json\/wp\/v2\/pages\/1059"}],"collection":[{"href":"https:\/\/portal.pi.gov.br\/jucepi\/wp-json\/wp\/v2\/pages"}],"about":[{"href":"https:\/\/portal.pi.gov.br\/jucepi\/wp-json\/wp\/v2\/types\/page"}],"author":[{"embeddable":true,"href":"https:\/\/portal.pi.gov.br\/jucepi\/wp-json\/wp\/v2\/users\/1711"}],"replies":[{"embeddable":true,"href":"https:\/\/portal.pi.gov.br\/jucepi\/wp-json\/wp\/v2\/comments?post=1059"}],"version-history":[{"count":3,"href":"https:\/\/portal.pi.gov.br\/jucepi\/wp-json\/wp\/v2\/pages\/1059\/revisions"}],"predecessor-version":[{"id":1440,"href":"https:\/\/portal.pi.gov.br\/jucepi\/wp-json\/wp\/v2\/pages\/1059\/revisions\/1440"}],"wp:attachment":[{"href":"https:\/\/portal.pi.gov.br\/jucepi\/wp-json\/wp\/v2\/media?parent=1059"}],"curies":[{"name":"wp","href":"https:\/\/api.w.org\/{rel}","templated":true}]}}