{"id":2810,"date":"2025-09-01T12:34:06","date_gmt":"2025-09-01T15:34:06","guid":{"rendered":"https:\/\/portal.pi.gov.br\/jucepi\/?page_id=2810"},"modified":"2025-09-17T10:09:55","modified_gmt":"2025-09-17T13:09:55","slug":"parceria-senac","status":"publish","type":"page","link":"https:\/\/portal.pi.gov.br\/jucepi\/parceria-senac\/","title":{"rendered":"Seja um parceiro Senac"},"content":{"rendered":"\n<p>Transforme sua empresa com o Senac e ofere\u00e7a aos seus colaboradores cursos exclusivos para o desenvolvimento profissional. O Senac Empresas est\u00e1 ao seu lado para impulsionar sua equipe e conquistar resultados extraordin\u00e1rios.<\/p>\n\n\n\n<p>Acesse o site <a href=\"https:\/\/empresas.senac.br\/seja-um-parceiro\/\" target=\"_blank\" rel=\"noreferrer noopener\">Seja um parceiro<\/a> e preencha o formul\u00e1rio para se cadastrar e ter acesso ao portf\u00f3lio de cursos Senac, contribuindo para o crescimento do talento interno e para o desenvolvimento socioecon\u00f4mico do pa\u00eds. &nbsp;<\/p>\n\n\n\n<p><\/p>\n\n\n\n<p><strong>Passo a passo para a realiza\u00e7\u00e3o do cadastro e come\u00e7o de uma parceria de sucesso:<\/strong><\/p>\n\n\n\n<div class=\"wp-block-stackable-columns stk-block-columns stk-block stk-c0910b7\" data-block-id=\"c0910b7\"><div class=\"stk-row stk-inner-blocks stk-block-content stk-content-align stk-c0910b7-column\">\n<div class=\"wp-block-stackable-column stk-block-column stk-column stk-block stk-fd529a8\" data-v=\"4\" data-block-id=\"fd529a8\"><div class=\"stk-column-wrapper stk-block-column__content stk-container stk-fd529a8-container stk--no-background stk--no-padding\"><div class=\"stk-block-content stk-inner-blocks stk-fd529a8-inner-blocks\">\n<div class=\"wp-block-stackable-icon-box stk-block-icon-box stk-block stk-faf80d9\" data-v=\"2\" data-block-id=\"faf80d9\"><div class=\"stk-block-content stk-inner-blocks stk-block-icon-box__content stk-container stk-faf80d9-container stk--no-background stk--no-padding\">\n<div class=\"wp-block-stackable-icon-label stk-block-icon-label stk-block stk-036c016\" data-block-id=\"036c016\"><style>.stk-036c016{margin-bottom:0px !important}<\/style><div class=\"stk-row stk-inner-blocks stk-block-content\">\n<div class=\"wp-block-stackable-icon stk-block-icon has-text-align-left stk-block stk-8835696\" data-block-id=\"8835696\"><span class=\"stk--svg-wrapper\"><div class=\"stk--inner-svg\"><svg style=\"height:0;width:0\"><defs><linearGradient id=\"linear-gradient-8835696\" x1=\"0\" x2=\"100%\" y1=\"0\" y2=\"0\"><stop offset=\"0%\" style=\"stop-opacity:1;stop-color:var(--linear-gradient-8835696-color-1)\"><\/stop><stop offset=\"100%\" style=\"stop-opacity:1;stop-color:var(--linear-gradient-8835696-color-2)\"><\/stop><\/linearGradient><\/defs><\/svg><svg aria-hidden=\"true\" data-prefix=\"fas\" data-icon=\"file\" class=\"svg-inline--fa fa-file fa-w-12\" xmlns=\"http:\/\/www.w3.org\/2000\/svg\" viewBox=\"0 0 384 512\" width=\"32\" height=\"32\"><path fill=\"currentColor\" d=\"M224 136V0H24C10.7 0 0 10.7 0 24v464c0 13.3 10.7 24 24 24h336c13.3 0 24-10.7 24-24V160H248c-13.2 0-24-10.8-24-24zm160-14.1v6.1H256V0h6.1c6.4 0 12.5 2.5 17 7l97.9 98c4.5 4.5 7 10.6 7 16.9z\"><\/path><\/svg><\/div><\/span><\/div>\n\n\n\n<div class=\"wp-block-stackable-heading stk-block-heading stk-block-heading--v2 stk-block stk-a94c8c8\" id=\"1-passo-dados-da-sua-empresa-br\" data-block-id=\"a94c8c8\"><h4 class=\"stk-block-heading__text\">1\u00ba PASSO &#8211; DADOS DA SUA EMPRESA<br><\/h4><\/div>\n<\/div><\/div>\n\n\n\n<div class=\"wp-block-stackable-text stk-block-text stk-block stk-5bbd609\" data-block-id=\"5bbd609\"><p class=\"stk-block-text__text\">Insira o CNPJ na plataforma e o sistema ir\u00e1 preencher as informa\u00e7\u00f5es automaticamente.<\/p><\/div>\n<\/div><\/div>\n<\/div><\/div><\/div>\n\n\n\n<div class=\"wp-block-stackable-column stk-block-column stk-column stk-block stk-cb96930\" data-v=\"4\" data-block-id=\"cb96930\"><div class=\"stk-column-wrapper stk-block-column__content stk-container stk-cb96930-container stk--no-background stk--no-padding\"><div class=\"stk-block-content stk-inner-blocks stk-cb96930-inner-blocks\">\n<div class=\"wp-block-stackable-icon-box stk-block-icon-box stk-block stk-d769f6d\" data-v=\"2\" data-block-id=\"d769f6d\"><div class=\"stk-block-content stk-inner-blocks stk-block-icon-box__content stk-container stk-d769f6d-container stk--no-background stk--no-padding\">\n<div class=\"wp-block-stackable-icon-label stk-block-icon-label stk-block stk-f89bf62\" data-block-id=\"f89bf62\"><style>.stk-f89bf62{margin-bottom:0px !important}<\/style><div class=\"stk-row stk-inner-blocks stk-block-content\">\n<div class=\"wp-block-stackable-icon stk-block-icon has-text-align-left stk-block stk-a4c146a\" data-block-id=\"a4c146a\"><span class=\"stk--svg-wrapper\"><div class=\"stk--inner-svg\"><svg style=\"height:0;width:0\"><defs><linearGradient id=\"linear-gradient-a4c146a\" x1=\"0\" x2=\"100%\" y1=\"0\" y2=\"0\"><stop offset=\"0%\" style=\"stop-opacity:1;stop-color:var(--linear-gradient-a-4-c-146-a-color-1)\"><\/stop><stop offset=\"100%\" style=\"stop-opacity:1;stop-color:var(--linear-gradient-a-4-c-146-a-color-2)\"><\/stop><\/linearGradient><\/defs><\/svg><svg aria-hidden=\"true\" data-prefix=\"fas\" data-icon=\"user-check\" class=\"svg-inline--fa fa-user-check fa-w-20\" xmlns=\"http:\/\/www.w3.org\/2000\/svg\" viewBox=\"0 0 640 512\" width=\"32\" height=\"32\"><path fill=\"currentColor\" d=\"M224 256c70.7 0 128-57.3 128-128S294.7 0 224 0 96 57.3 96 128s57.3 128 128 128zm89.6 32h-16.7c-22.2 10.2-46.9 16-72.9 16s-50.6-5.8-72.9-16h-16.7C60.2 288 0 348.2 0 422.4V464c0 26.5 21.5 48 48 48h352c26.5 0 48-21.5 48-48v-41.6c0-74.2-60.2-134.4-134.4-134.4zm323-128.4l-27.8-28.1c-4.6-4.7-12.1-4.7-16.8-.1l-104.8 104-45.5-45.8c-4.6-4.7-12.1-4.7-16.8-.1l-28.1 27.9c-4.7 4.6-4.7 12.1-.1 16.8l81.7 82.3c4.6 4.7 12.1 4.7 16.8.1l141.3-140.2c4.6-4.7 4.7-12.2.1-16.8z\"><\/path><\/svg><\/div><\/span><\/div>\n\n\n\n<div class=\"wp-block-stackable-heading stk-block-heading stk-block-heading--v2 stk-block stk-2b6f312\" id=\"2-passo-responsavel-legal-br\" data-block-id=\"2b6f312\"><h4 class=\"stk-block-heading__text\">2\u00ba PASSO &#8211; RESPONS\u00c1VEL LEGAL<br><\/h4><\/div>\n<\/div><\/div>\n\n\n\n<div class=\"wp-block-stackable-text stk-block-text stk-block stk-8deddec\" data-block-id=\"8deddec\"><p class=\"stk-block-text__text\">Insira o nome do representante e quantidade de colaboradores.<\/p><\/div>\n<\/div><\/div>\n<\/div><\/div><\/div>\n\n\n\n<div class=\"wp-block-stackable-column stk-block-column stk-column stk-block stk-2ce53ec\" data-v=\"4\" data-block-id=\"2ce53ec\"><div class=\"stk-column-wrapper stk-block-column__content stk-container stk-2ce53ec-container stk--no-background stk--no-padding\"><div class=\"stk-block-content stk-inner-blocks stk-2ce53ec-inner-blocks\">\n<div class=\"wp-block-stackable-icon-box stk-block-icon-box stk-block stk-10188aa\" data-v=\"2\" data-block-id=\"10188aa\"><div class=\"stk-block-content stk-inner-blocks stk-block-icon-box__content stk-container stk-10188aa-container stk--no-background stk--no-padding\">\n<div class=\"wp-block-stackable-icon-label stk-block-icon-label stk-block stk-d4078eb\" data-block-id=\"d4078eb\"><style>.stk-d4078eb{margin-bottom:0px !important}<\/style><div class=\"stk-row stk-inner-blocks stk-block-content\">\n<div class=\"wp-block-stackable-icon stk-block-icon has-text-align-left stk-block stk-d242cbd\" data-block-id=\"d242cbd\"><span class=\"stk--svg-wrapper\"><div class=\"stk--inner-svg\"><svg style=\"height:0;width:0\"><defs><linearGradient id=\"linear-gradient-d242cbd\" x1=\"0\" x2=\"100%\" y1=\"0\" y2=\"0\"><stop offset=\"0%\" style=\"stop-opacity:1;stop-color:var(--linear-gradient-d-242-cbd-color-1)\"><\/stop><stop offset=\"100%\" style=\"stop-opacity:1;stop-color:var(--linear-gradient-d-242-cbd-color-2)\"><\/stop><\/linearGradient><\/defs><\/svg><svg data-prefix=\"fa\" data-icon=\"star\" class=\"svg-inline--fa fa-star fa-w-18\" xmlns=\"http:\/\/www.w3.org\/2000\/svg\" viewBox=\"0 0 576 512\" aria-hidden=\"true\" width=\"32\" height=\"32\"><path fill=\"currentColor\" d=\"M259.3 17.8L194 150.2 47.9 171.5c-26.2 3.8-36.7 36.1-17.7 54.6l105.7 103-25 145.5c-4.5 26.3 23.2 46 46.4 33.7L288 439.6l130.7 68.7c23.2 12.2 50.9-7.4 46.4-33.7l-25-145.5 105.7-103c19-18.5 8.5-50.8-17.7-54.6L382 150.2 316.7 17.8c-11.7-23.6-45.6-23.9-57.4 0z\"><\/path><\/svg><\/div><\/span><\/div>\n\n\n\n<div class=\"wp-block-stackable-heading stk-block-heading stk-block-heading--v2 stk-block stk-aee660e\" id=\"3-passo-ponto-focal-br\" data-block-id=\"aee660e\"><h4 class=\"stk-block-heading__text\">3\u00ba PASSO &#8211; PONTO FOCAL<br><\/h4><\/div>\n<\/div><\/div>\n\n\n\n<div class=\"wp-block-stackable-text stk-block-text stk-block stk-02c681a\" data-block-id=\"02c681a\"><p class=\"stk-block-text__text\">Insira nome, CPF, e-mail, fun\u00e7\u00e3o, departamento, cargo, telefone e aceite de pol\u00edtica de privacidade.<\/p><\/div>\n<\/div><\/div>\n<\/div><\/div><\/div>\n<\/div><\/div>\n\n\n\n<p><\/p>\n\n\n\n<p><strong>Senac Empresas \u00e9 parceria que transforma!<\/strong><\/p>\n\n\n\n<div class=\"wp-block-stackable-columns stk-block-columns stk-block stk-71e9d8f\" data-block-id=\"71e9d8f\"><div class=\"stk-row stk-inner-blocks stk-block-content stk-content-align stk-71e9d8f-column\">\n<div class=\"wp-block-stackable-column stk-block-column stk-column stk-block stk-98edae0\" data-v=\"4\" data-block-id=\"98edae0\"><style>@media screen and (min-width:768px){.stk-98edae0{flex:1 1 25% !important}}<\/style><div class=\"stk-column-wrapper stk-block-column__content stk-container stk-98edae0-container stk--no-background stk--no-padding\"><div class=\"stk-block-content stk-inner-blocks stk-98edae0-inner-blocks\">\n<div class=\"wp-block-stackable-icon-label stk-block-icon-label stk-block stk-ce90592\" data-block-id=\"ce90592\"><div class=\"stk-row stk-inner-blocks stk-block-content\">\n<div class=\"wp-block-stackable-icon stk-block-icon has-text-align-left stk-block stk-591c921\" data-block-id=\"591c921\"><span class=\"stk--svg-wrapper\"><div class=\"stk--inner-svg\"><svg style=\"height:0;width:0\"><defs><linearGradient id=\"linear-gradient-591c921\" x1=\"0\" x2=\"100%\" y1=\"0\" y2=\"0\"><stop offset=\"0%\" style=\"stop-opacity:1;stop-color:var(--linear-gradient-591-c-921-color-1)\"><\/stop><stop offset=\"100%\" style=\"stop-opacity:1;stop-color:var(--linear-gradient-591-c-921-color-2)\"><\/stop><\/linearGradient><\/defs><\/svg><svg aria-hidden=\"true\" data-prefix=\"fas\" data-icon=\"certificate\" class=\"svg-inline--fa fa-certificate fa-w-16\" xmlns=\"http:\/\/www.w3.org\/2000\/svg\" viewBox=\"0 0 512 512\" width=\"32\" height=\"32\"><path fill=\"currentColor\" d=\"M458.622 255.92l45.985-45.005c13.708-12.977 7.316-36.039-10.664-40.339l-62.65-15.99 17.661-62.015c4.991-17.838-11.829-34.663-29.661-29.671l-61.994 17.667-15.984-62.671C337.085.197 313.765-6.276 300.99 7.228L256 53.57 211.011 7.229c-12.63-13.351-36.047-7.234-40.325 10.668l-15.984 62.671-61.995-17.667C74.87 57.907 58.056 74.738 63.046 92.572l17.661 62.015-62.65 15.99C.069 174.878-6.31 197.944 7.392 210.915l45.985 45.005-45.985 45.004c-13.708 12.977-7.316 36.039 10.664 40.339l62.65 15.99-17.661 62.015c-4.991 17.838 11.829 34.663 29.661 29.671l61.994-17.667 15.984 62.671c4.439 18.575 27.696 24.018 40.325 10.668L256 458.61l44.989 46.001c12.5 13.488 35.987 7.486 40.325-10.668l15.984-62.671 61.994 17.667c17.836 4.994 34.651-11.837 29.661-29.671l-17.661-62.015 62.65-15.99c17.987-4.302 24.366-27.367 10.664-40.339l-45.984-45.004z\"><\/path><\/svg><\/div><\/span><\/div>\n\n\n\n<div class=\"wp-block-stackable-heading stk-block-heading stk-block-heading--v2 stk-block stk-5d9a58e\" id=\"certificacao-gratuita-com-reconhecimento-no-mercado\" data-block-id=\"5d9a58e\"><h4 class=\"stk-block-heading__text\">Certifica\u00e7\u00e3o gratuita com reconhecimento no mercado.<\/h4><\/div>\n<\/div><\/div>\n<\/div><\/div><\/div>\n\n\n\n<div class=\"wp-block-stackable-column stk-block-column stk-column stk-block stk-3f0833f\" data-v=\"4\" data-block-id=\"3f0833f\"><style>@media screen and (min-width:768px){.stk-3f0833f{flex:1 1 25% !important}}<\/style><div class=\"stk-column-wrapper stk-block-column__content stk-container stk-3f0833f-container stk--no-background stk--no-padding\"><div class=\"stk-block-content stk-inner-blocks stk-3f0833f-inner-blocks\">\n<div class=\"wp-block-stackable-icon-label stk-block-icon-label stk-block stk-b999d92\" data-block-id=\"b999d92\"><div class=\"stk-row stk-inner-blocks stk-block-content\">\n<div class=\"wp-block-stackable-icon stk-block-icon has-text-align-left stk-block stk-d844df4\" data-block-id=\"d844df4\"><span class=\"stk--svg-wrapper\"><div class=\"stk--inner-svg\"><svg style=\"height:0;width:0\"><defs><linearGradient id=\"linear-gradient-d844df4\" x1=\"0\" x2=\"100%\" y1=\"0\" y2=\"0\"><stop offset=\"0%\" style=\"stop-opacity:1;stop-color:var(--linear-gradient-d-844-df-4-color-1)\"><\/stop><stop offset=\"100%\" style=\"stop-opacity:1;stop-color:var(--linear-gradient-d-844-df-4-color-2)\"><\/stop><\/linearGradient><\/defs><\/svg><svg aria-hidden=\"true\" data-prefix=\"fas\" data-icon=\"wallet\" class=\"svg-inline--fa fa-wallet fa-w-16\" xmlns=\"http:\/\/www.w3.org\/2000\/svg\" viewBox=\"0 0 512 512\" width=\"32\" height=\"32\"><path fill=\"currentColor\" d=\"M461.2 128H80c-8.84 0-16-7.16-16-16s7.16-16 16-16h384c8.84 0 16-7.16 16-16 0-26.51-21.49-48-48-48H64C28.65 32 0 60.65 0 96v320c0 35.35 28.65 64 64 64h397.2c28.02 0 50.8-21.53 50.8-48V176c0-26.47-22.78-48-50.8-48zM416 336c-17.67 0-32-14.33-32-32s14.33-32 32-32 32 14.33 32 32-14.33 32-32 32z\"><\/path><\/svg><\/div><\/span><\/div>\n\n\n\n<div class=\"wp-block-stackable-heading stk-block-heading stk-block-heading--v2 stk-block stk-38ca987\" id=\"custo-zero-sem-pegadinhas-e-sem-custo-algum\" data-block-id=\"38ca987\"><h4 class=\"stk-block-heading__text\">Custo zero: sem pegadinhas e sem custo algum.<\/h4><\/div>\n<\/div><\/div>\n<\/div><\/div><\/div>\n\n\n\n<div class=\"wp-block-stackable-column stk-block-column stk-column stk-block stk-dcf971a\" data-v=\"4\" data-block-id=\"dcf971a\"><style>@media screen and (min-width:768px){.stk-dcf971a{flex:1 1 25% !important}}<\/style><div class=\"stk-column-wrapper stk-block-column__content stk-container stk-dcf971a-container stk--no-background stk--no-padding\"><div class=\"stk-block-content stk-inner-blocks stk-dcf971a-inner-blocks\">\n<div class=\"wp-block-stackable-icon-label stk-block-icon-label stk-block stk-42aca1a\" data-block-id=\"42aca1a\"><div class=\"stk-row stk-inner-blocks stk-block-content\">\n<div class=\"wp-block-stackable-icon stk-block-icon has-text-align-left stk-block stk-7c7f084\" data-block-id=\"7c7f084\"><span class=\"stk--svg-wrapper\"><div class=\"stk--inner-svg\"><svg style=\"height:0;width:0\"><defs><linearGradient id=\"linear-gradient-7c7f084\" x1=\"0\" x2=\"100%\" y1=\"0\" y2=\"0\"><stop offset=\"0%\" style=\"stop-opacity:1;stop-color:var(--linear-gradient-7-c-7-f-084-color-1)\"><\/stop><stop offset=\"100%\" style=\"stop-opacity:1;stop-color:var(--linear-gradient-7-c-7-f-084-color-2)\"><\/stop><\/linearGradient><\/defs><\/svg><svg aria-hidden=\"true\" data-prefix=\"far\" data-icon=\"clock\" class=\"svg-inline--fa fa-clock fa-w-16\" xmlns=\"http:\/\/www.w3.org\/2000\/svg\" viewBox=\"0 0 512 512\" width=\"32\" height=\"32\"><path fill=\"currentColor\" d=\"M256 8C119 8 8 119 8 256s111 248 248 248 248-111 248-248S393 8 256 8zm0 448c-110.5 0-200-89.5-200-200S145.5 56 256 56s200 89.5 200 200-89.5 200-200 200zm61.8-104.4l-84.9-61.7c-3.1-2.3-4.9-5.9-4.9-9.7V116c0-6.6 5.4-12 12-12h32c6.6 0 12 5.4 12 12v141.7l66.8 48.6c5.4 3.9 6.5 11.4 2.6 16.8L334.6 349c-3.9 5.3-11.4 6.5-16.8 2.6z\"><\/path><\/svg><\/div><\/span><\/div>\n\n\n\n<div class=\"wp-block-stackable-heading stk-block-heading stk-block-heading--v2 stk-block stk-bacbf0f\" id=\"flexibilidade-de-tempo-faca-onde-quando-e-como-quiser\" data-block-id=\"bacbf0f\"><h4 class=\"stk-block-heading__text\">Flexibilidade de tempo: fa\u00e7a onde, quando e como quiser!<\/h4><\/div>\n<\/div><\/div>\n<\/div><\/div><\/div>\n\n\n\n<div class=\"wp-block-stackable-column stk-block-column stk-column stk-block stk-4633ece\" data-v=\"4\" data-block-id=\"4633ece\"><style>@media screen and (min-width:768px){.stk-4633ece{flex:1 1 25% !important}}<\/style><div class=\"stk-column-wrapper stk-block-column__content stk-container stk-4633ece-container stk--no-background stk--no-padding\"><div class=\"stk-block-content stk-inner-blocks stk-4633ece-inner-blocks\">\n<div class=\"wp-block-stackable-icon-label stk-block-icon-label stk-block stk-269d5c1\" data-block-id=\"269d5c1\"><div class=\"stk-row stk-inner-blocks stk-block-content\">\n<div class=\"wp-block-stackable-icon stk-block-icon has-text-align-left stk-block stk-869cda2\" data-block-id=\"869cda2\"><span class=\"stk--svg-wrapper\"><div class=\"stk--inner-svg\"><svg style=\"height:0;width:0\"><defs><linearGradient id=\"linear-gradient-869cda2\" x1=\"0\" x2=\"100%\" y1=\"0\" y2=\"0\"><stop offset=\"0%\" style=\"stop-opacity:1;stop-color:var(--linear-gradient-869-cda-2-color-1)\"><\/stop><stop offset=\"100%\" style=\"stop-opacity:1;stop-color:var(--linear-gradient-869-cda-2-color-2)\"><\/stop><\/linearGradient><\/defs><\/svg><svg aria-hidden=\"true\" data-prefix=\"far\" data-icon=\"gem\" class=\"svg-inline--fa fa-gem fa-w-18\" xmlns=\"http:\/\/www.w3.org\/2000\/svg\" viewBox=\"0 0 576 512\" width=\"32\" height=\"32\"><path fill=\"currentColor\" d=\"M464 0H112c-4 0-7.8 2-10 5.4L2 152.6c-2.9 4.4-2.6 10.2.7 14.2l276 340.8c4.8 5.9 13.8 5.9 18.6 0l276-340.8c3.3-4.1 3.6-9.8.7-14.2L474.1 5.4C471.8 2 468.1 0 464 0zm-19.3 48l63.3 96h-68.4l-51.7-96h56.8zm-202.1 0h90.7l51.7 96H191l51.6-96zm-111.3 0h56.8l-51.7 96H68l63.3-96zm-43 144h51.4L208 352 88.3 192zm102.9 0h193.6L288 435.3 191.2 192zM368 352l68.2-160h51.4L368 352z\"><\/path><\/svg><\/div><\/span><\/div>\n\n\n\n<div class=\"wp-block-stackable-heading stk-block-heading stk-block-heading--v2 stk-block stk-52c87ff\" id=\"cursos-exclusivos-seja-parceiro-e-tenha-acesso-a-cursos-so-para-voce\" data-block-id=\"52c87ff\"><h4 class=\"stk-block-heading__text\">Cursos exclusivos: seja parceiro e tenha acesso a cursos s\u00f3 para voc\u00ea.<\/h4><\/div>\n<\/div><\/div>\n<\/div><\/div><\/div>\n<\/div><\/div>\n","protected":false},"excerpt":{"rendered":"<p>Transforme sua empresa com o Senac e ofere\u00e7a aos seus colaboradores cursos exclusivos para o desenvolvimento profissional. O Senac Empresas est\u00e1 ao seu lado para impulsionar sua equipe e conquistar [&hellip;]<\/p>\n","protected":false},"author":1800,"featured_media":0,"parent":0,"menu_order":0,"comment_status":"closed","ping_status":"closed","template":"","meta":[],"featured_image_urls":{"full":"","thumbnail":"","medium":"","medium_large":"","large":"","sgg-420":"","sgg-540":"","sgg-780":"","1536x1536":"","2048x2048":"","homepage-slider":"","homepage-slider-small":"","page-top":"","page-small":"","loop-main":"","thumb-gallery-widget":""},"post_excerpt_stackable":"<p>Transforme sua empresa com o Senac e ofere\u00e7a aos seus colaboradores cursos exclusivos para o desenvolvimento profissional. O Senac Empresas est\u00e1 ao seu lado para impulsionar sua equipe e conquistar resultados extraordin\u00e1rios. Acesse o site Seja um parceiro e preencha o formul\u00e1rio para se cadastrar e ter acesso ao portf\u00f3lio de cursos Senac, contribuindo para o crescimento do talento interno e para o desenvolvimento socioecon\u00f4mico do pa\u00eds. &nbsp; Passo a passo para a realiza\u00e7\u00e3o do cadastro e come\u00e7o de uma parceria de sucesso: 1\u00ba PASSO &#8211; DADOS DA SUA EMPRESA Insira o CNPJ na plataforma e o sistema ir\u00e1 preencher&hellip;<\/p>\n","category_list":"","author_info":{"name":"andressalopes","url":"https:\/\/portal.pi.gov.br\/jucepi\/author\/andressaoli\/"},"comments_num":"0 coment\u00e1rio","featured_image_urls_v2":{"full":"","thumbnail":"","medium":"","medium_large":"","large":"","sgg-420":"","sgg-540":"","sgg-780":"","1536x1536":"","2048x2048":"","homepage-slider":"","homepage-slider-small":"","page-top":"","page-small":"","loop-main":"","thumb-gallery-widget":""},"post_excerpt_stackable_v2":"<p>Transforme sua empresa com o Senac e ofere\u00e7a aos seus colaboradores cursos exclusivos para o desenvolvimento profissional. O Senac Empresas est\u00e1 ao seu lado para impulsionar sua equipe e conquistar resultados extraordin\u00e1rios. Acesse o site Seja um parceiro e preencha o formul\u00e1rio para se cadastrar e ter acesso ao portf\u00f3lio de cursos Senac, contribuindo para o crescimento do talento interno e para o desenvolvimento socioecon\u00f4mico do pa\u00eds. &nbsp; Passo a passo para a realiza\u00e7\u00e3o do cadastro e come\u00e7o de uma parceria de sucesso: 1\u00ba PASSO &#8211; DADOS DA SUA EMPRESA Insira o CNPJ na plataforma e o sistema ir\u00e1 preencher&hellip;<\/p>\n","category_list_v2":"","author_info_v2":{"name":"andressalopes","url":"https:\/\/portal.pi.gov.br\/jucepi\/author\/andressaoli\/"},"comments_num_v2":"0 coment\u00e1rio","_links":{"self":[{"href":"https:\/\/portal.pi.gov.br\/jucepi\/wp-json\/wp\/v2\/pages\/2810"}],"collection":[{"href":"https:\/\/portal.pi.gov.br\/jucepi\/wp-json\/wp\/v2\/pages"}],"about":[{"href":"https:\/\/portal.pi.gov.br\/jucepi\/wp-json\/wp\/v2\/types\/page"}],"author":[{"embeddable":true,"href":"https:\/\/portal.pi.gov.br\/jucepi\/wp-json\/wp\/v2\/users\/1800"}],"replies":[{"embeddable":true,"href":"https:\/\/portal.pi.gov.br\/jucepi\/wp-json\/wp\/v2\/comments?post=2810"}],"version-history":[{"count":8,"href":"https:\/\/portal.pi.gov.br\/jucepi\/wp-json\/wp\/v2\/pages\/2810\/revisions"}],"predecessor-version":[{"id":2832,"href":"https:\/\/portal.pi.gov.br\/jucepi\/wp-json\/wp\/v2\/pages\/2810\/revisions\/2832"}],"wp:attachment":[{"href":"https:\/\/portal.pi.gov.br\/jucepi\/wp-json\/wp\/v2\/media?parent=2810"}],"curies":[{"name":"wp","href":"https:\/\/api.w.org\/{rel}","templated":true}]}}