{"id":925,"date":"2022-02-08T08:09:21","date_gmt":"2022-02-08T11:09:21","guid":{"rendered":"https:\/\/portal.pi.gov.br\/jucepi\/?page_id=925"},"modified":"2024-08-02T11:16:16","modified_gmt":"2024-08-02T14:16:16","slug":"perguntas-frequentes","status":"publish","type":"page","link":"https:\/\/portal.pi.gov.br\/jucepi\/perguntas-frequentes\/","title":{"rendered":"Perguntas frequentes"},"content":{"rendered":"\n<p><strong>ORIENTA\u00c7\u00d5ES<\/strong><\/p>\n\n\n\n<p><strong>1. O que eu preciso saber para abrir uma empresa na Jucepi?<\/strong><\/p>\n\n\n\n<p>Antes de dar entrada no processo de constitui\u00e7\u00e3o da sua empresa na Junta Comercial, realize o planejamento do neg\u00f3cio, fa\u00e7a uma pesquisa de mercado e contrate um profissional cont\u00e1bil ou advogado para cuidar da parte burocr\u00e1tica.<\/p>\n\n\n\n<p><strong>2. Quais as naturezas jur\u00eddicas dispon\u00edveis para registro na Junta Comercial?<\/strong><\/p>\n\n\n\n<p><strong>Empres\u00e1rio Individual<\/strong> \u2013 \u00e9 pessoa f\u00edsica que exerce profissionalmente atividade econ\u00f4mica organizada;<\/p>\n\n\n\n<p><strong>Sociedade Empres\u00e1ria Limitada<\/strong> \u2013 \u00e9 constitu\u00edda por uma ou mais pessoas.<\/p>\n\n\n\n<p><strong>Sociedade por A\u00e7\u00f5es (S\/A)<\/strong> \u2013 \u00e9 formada por no m\u00ednimo duas pessoas f\u00edsicas ou jur\u00eddicas, desde que n\u00e3o seja subsidi\u00e1ria.<\/p>\n\n\n\n<p><strong>Cooperativa<\/strong> \u2013 sociedade formada por no m\u00ednimo 20 cooperados.<\/p>\n\n\n\n<p><strong>Cons\u00f3rcios e Grupo de Sociedades<\/strong> \u2013 formados por pessoas jur\u00eddicas aprovados pelas sociedades envolvidas ou por conven\u00e7\u00e3o.<\/p>\n\n\n\n<p>Na Jucepi, a abertura de empresas \u00e9 realizada exclusivamente pela internet por meio do portal <a href=\"http:\/\/www.piauidigital.pi.gov.br\">www.piauidigital.pi.gov.br<\/a>.&nbsp; Al\u00e9m da internet, o empreendedor precisa adquirir um certificado digital pessoa f\u00edsica tipo e-CPF A1 ou A3 ou conta gov.br n\u00edvel prata ou ouro.<\/p>\n\n\n\n<p><a href=\"https:\/\/portal.pi.gov.br\/jucepi\/manuais-de-servicos\/\">Clique aqui<\/a> para ver os manuais de registro de cada natureza jur\u00eddica.<\/p>\n\n\n\n<p><strong>3. Onde solicito o enquadramento\/ reenquadramento\/ desenquadramento de porte empresarial?<\/strong><\/p>\n\n\n\n<p>O enquadramento\/ reenquadramento\/ desenquadramento de porte de empresa pode ser solicitado a qualquer tempo mediante processo na Junta Comercial no site do Gov.Pi Empresas. O crit\u00e9rio de enquadramento \u00e9 o faturamento anual conforme a Lei Complementar N\u00ba 123, de 14 de dezembro de 2006. <\/p>\n\n\n\n<p><strong>4. Pode a sociedade limitada continuar sua atividade com apenas um s\u00f3cio?<\/strong><\/p>\n\n\n\n<p>A Sociedade Limitada poder\u00e1 ser composta por uma ou mais pessoas. Quando for constitu\u00edda por um \u00fanico s\u00f3cio, ser\u00e1 denominada sociedade limitada unipessoal. (Inclu\u00eddo pela Instru\u00e7\u00e3o Normativa n\u00ba 63, de 11 de junho de 2019)<\/p>\n\n\n\n<p>A unipessoalidade permitida \u00e9 pelo par\u00e1grafo \u00fanico do art.1.052 do C\u00f3digo Civil poder\u00e1 decorrer de constitui\u00e7\u00e3o origin\u00e1ria, sa\u00edda de s\u00f3cios da sociedade por meio de altera\u00e7\u00e3o contratual, bem como de transforma\u00e7\u00e3o, fus\u00e3o, cis\u00e3o, convers\u00e3o, etc. (Inclu\u00eddo pela Instru\u00e7\u00e3o Normativa n\u00ba 63, de 11 de junho de 2019).<\/p>\n\n\n\n<p><strong>5. Qual \u00e9 o procedimento para solicitar prote\u00e7\u00e3o do nome empresarial na Junta?<br><\/strong><br>A prote\u00e7\u00e3o do nome empresarial ocorre com o registro do ato constitutivo da empresa na Junta Comercial. Essa prote\u00e7\u00e3o se d\u00e1 na Unidade de Federa\u00e7\u00e3o da Sede. Para estender a prote\u00e7\u00e3o do nome empresarial nos demais Estados deve-se arquivar em cada Junta Comercial, Certid\u00e3o Simplificada expedida pela Junta Comercial da sede da empresa. O pedido \u00e9 realizado no portal <a href=\"http:\/\/www.piauidigital.pi.gov.br\">www.piauidigital.pi.gov.br<\/a><\/p>\n\n\n\n<p><strong>6. O registro da marca no INPI (Instituto Nacional da Propriedade Industrial) garante a prote\u00e7\u00e3o daquele componente do nome na Junta Comercial?<\/strong><br><br>O registro de marca no INPI n\u00e3o garante a exclusividade do nome quando do registro na Junta Comercial, pois refere-se apenas a &#8220;marca&#8221; ou &#8220;patente&#8221;.<\/p>\n\n\n\n<p><strong>7. Quais provid\u00eancias devem ser tomadas para dar baixa de uma sociedade empres\u00e1ria limitada por falecimento de um dos s\u00f3cios? Poder\u00e1 ser arquivado o distrato antes da conclus\u00e3o do invent\u00e1rio?<\/strong><br><br>Providenciar o distrato social ap\u00f3s conclus\u00e3o do invent\u00e1rio e tr\u00e2nsito em julgado. Caso o invent\u00e1rio n\u00e3o tenha sido conclu\u00eddo poder\u00e1 a parte interessada solicitar em ju\u00edzo o Alvar\u00e1 judicial autorizando a baixa da empresa.<\/p>\n\n\n\n<p><strong>8. Qual o procedimento para solicitar a autentica\u00e7\u00e3o de livro di\u00e1rio?<\/strong><\/p>\n\n\n\n<p>O protocolo de livros \u00e9 realizado na se\u00e7\u00e3o \u201cLivros Digitais\u201d no site do Gov.Pi Empresas. Antes de protocolar, leia o manual de livros digitais e as perguntas frequentes sobre o assunto <a href=\"https:\/\/portal.pi.gov.br\/jucepi\/autenticacao-de-livros\/\">aqui<\/a>. <\/p>\n\n\n\n<p><strong>9. Como realizo o arquivamento de balan\u00e7o?<\/strong><\/p>\n\n\n\n<p>Os balan\u00e7os apresentados \u00e0 Junta Comercial para arquivamento devem conter todos os quadros demonstrativos que o comp\u00f5em, lan\u00e7ados no livro Di\u00e1rio (ativo, passivo, demonstra\u00e7\u00e3o de resultados, demonstra\u00e7\u00e3o da origem e aplica\u00e7\u00e3o de recursos, demonstra\u00e7\u00e3o das muta\u00e7\u00f5es do patrim\u00f4nio l\u00edquido, notas explicativas e serem acompanhados, se for o caso, de parecer do Conselho Fiscal e do Parecer dos Auditores Independentes, se existirem). Veja o modelo de balan\u00e7o conforme o <a href=\"https:\/\/portal.pi.gov.br\/jucepi\/download\/67\/editais\/2073\/requisitos-para-arquivamento-de-balanco-na-jucepi.pdf\">Of\u00edcio Circular n\u00ba116\/2007\/SCS\/DNRC\/GAB<\/a>.<\/p>\n\n\n\n<p>O documento deve ser protocolado no Gov.Pi Empresas.<\/p>\n\n\n\n<p><strong>10. Onde posso localizar a legisla\u00e7\u00e3o completa referente a registro empresarial?<\/strong><br><br>A legisla\u00e7\u00e3o completa referente ao registro empresarial est\u00e1 dispon\u00edvel no site <a href=\"https:\/\/www.gov.br\/economia\/pt-br\/assuntos\/drei\/legislacao\">https:\/\/www.gov.br\/economia\/pt-br\/assuntos\/drei\/legislacao<\/a><\/p>\n\n\n\n<p><strong>11. Onde encontro os valores das taxas da Jucepi?<\/strong><br><br>A tabela de pagamento das taxas pode ser encontrada no site <a href=\"https:\/\/portal.pi.gov.br\/jucepi\/tabela-de-precos\/\">https:\/\/portal.pi.gov.br\/jucepi\/tabela-de-precos\/<\/a> . Importante: o documento de arrecada\u00e7\u00e3o (DAR) \u00e9 emitido no site do Gov.Pi Empresas  de acordo os servi\u00e7os vinculados ao processo.<\/p>\n\n\n\n<p><strong>12. Como solicitar a c\u00f3pia de documentos?<\/strong><\/p>\n\n\n\n<p>Solicite uma Certid\u00e3o de interior teor (c\u00f3pia) do documento arquivado na Jucepi. Para isso, acesse o portal <a href=\"http:\/\/www.piauidigital.pi.gov.br\">www.piauidigital.pi.gov.br<\/a>, entre no campo Certid\u00f5es Online, informe os dados da empresa como Nire ou CNPJ ou raz\u00e3o social, escolha o documento que deseja ter a c\u00f3pia e fa\u00e7a a solicita\u00e7\u00e3o. Emita o boleto de pagamento do servi\u00e7o pelo pr\u00f3prio sistema. Ap\u00f3s ocorrer a confirma\u00e7\u00e3o de pagamento, o documento \u00e9 liberado para download.<\/p>\n\n\n\n<p><strong>13. Onde consulto o andamento do meu processo<\/strong>?<\/p>\n\n\n\n<p>Acesse o site <a href=\"http:\/\/www.piauidigital.pi.gov.br\">www.piauidigital.pi.gov.br<\/a>, v\u00e1 na se\u00e7\u00e3o ACOMPANHAMENTO DE PROTOCOLO. Informe o n\u00famero do protocolo e clique em acompanhar.<\/p>\n\n\n\n<p><strong>14. Onde encontro o documento aprovado da minha empresa?<\/strong><\/p>\n\n\n\n<p>Ap\u00f3s o processo ser aprovado, o cliente tem 30 dias para fazer o download do documento autenticado pela Jucepi. Para baixar o documento, acesse o site <a href=\"http:\/\/www.piauidigital.pi.gov.br\">www.piauidigital.pi.gov.br<\/a>, v\u00e1 na se\u00e7\u00e3o ACOMPANHAMENTO DE PROTOCOLO. Informe o n\u00famero do protocolo e clique em acompanhar. Realize o download do documento chancelado pela Jucepi.<\/p>\n\n\n\n<p>Se passou o prazo de 30 dias, solicite a segunda via do documento na se\u00e7\u00e3o Certid\u00f5es Online e escolha a op\u00e7\u00e3o certid\u00e3o de inteiro teor.<\/p>\n\n\n\n<p><strong>15. Onde verifico a autenticidade de documentos autenticados pela Jucepi?<\/strong><\/p>\n\n\n\n<p>Acesse o site <a href=\"http:\/\/www.piauidigital.pi.gov.br\">www.piauidigital.pi.gov.br<\/a>, se\u00e7\u00e3o VERIFICA\u00c7\u00c3O DE DOCUMENTOS DO EMPREENDEDOR e escolha a sua op\u00e7\u00e3o:<\/p>\n\n\n\n<ul>\n<li>Licen\u00e7as e alvar\u00e1s;<\/li>\n\n\n\n<li>Atos constitutivos;<\/li>\n\n\n\n<li>Declara\u00e7\u00f5es de enquadramento, certid\u00f5es emitidas ou arquivamentos.<\/li>\n<\/ul>\n\n\n\n<p><strong>D\u00daVIDAS<\/strong><\/p>\n\n\n\n<p><strong>16. O que \u00e9 o Gov.Pi Empresas?<\/strong><\/p>\n\n\n\n<p>O Gov.Pi Empresas \u00e9 o sistema integrador da Junta Comercial que unifica a entrada de dados e documentos para registro e licenciamento de empresas no estado.<\/p>\n\n\n\n<p>O sistema \u00e9 integrado \u00e0 Receita Federal, 223 prefeituras municipais e aos \u00f3rg\u00e3os estaduais Secretaria de Fazenda, Secretaria do Meio Ambiente e Recursos H\u00eddricos, Corpo de Bombeiros, Vigil\u00e2ncia Sanit\u00e1ria, Ag\u00eancia de Defesa Agropecu\u00e1ria (Adapi), Badespi e Investe Piau\u00ed.<\/p>\n\n\n\n<p><strong>17. Quais os servi\u00e7os dispon\u00edveis pela internet para o empreendedor?<\/strong><\/p>\n\n\n\n<p>No Gov.Pi Empresas, o empreendedor pode solicitar mais de 200 servi\u00e7os online e dentre eles:<\/p>\n\n\n\n<ul>\n<li>Registro Empresarial (Nire);<\/li>\n\n\n\n<li>Inscri\u00e7\u00e3o no CNPJ (Receita Federal);<\/li>\n\n\n\n<li>Inscri\u00e7\u00e3o Estadual (Sefaz);<\/li>\n\n\n\n<li>Declara\u00e7\u00e3o de Dispensa de Licenciamento Ambiental (Secretaria Estadual de Meio Ambiente);<\/li>\n\n\n\n<li>Parecer do projeto arquitet\u00f4nico (Corpo de Bombeiros);<\/li>\n\n\n\n<li>Licen\u00e7a Sanit\u00e1ria (Vigil\u00e2ncia Sanit\u00e1ria Estadual);<\/li>\n\n\n\n<li>Consulta Pr\u00e9via de Localiza\u00e7\u00e3o (Prefeituras integradas);<\/li>\n\n\n\n<li>Alvar\u00e1 Provis\u00f3rio de Funcionamento (Prefeituras integradas);<\/li>\n\n\n\n<li>Alvar\u00e1s Sanit\u00e1rio e Ambiental das atividades que s\u00e3o de compet\u00eancia municipal (Prefeituras integradas). <\/li>\n<\/ul>\n\n\n\n<p><strong>18. O que o portal Gov.br?<\/strong><\/p>\n\n\n\n<p>O Gov.br \u00e9 uma conta de acesso \u00fanico para todos os servi\u00e7os do governo. Assim, o empres\u00e1rio de qualquer lugar do pa\u00eds realiza o acesso com sua conta, independente do sistema utilizado pela Junta Comercial.<\/p>\n\n\n\n<p>Para realizar os servi\u00e7os de abertura, altera\u00e7\u00e3o e baixa de empresas, solicitar certid\u00f5es e para os processos &#8220;eventos exclusivos&#8221; (arquivamento diverso que n\u00e3o altera o cadastro empresarial), os clientes precisam estar cadastrados no portal&nbsp;<a href=\"http:\/\/gov.br\/\">Gov.br<\/a>.<\/p>\n\n\n\n<p>No in\u00edcio dos processos no Gov.Pi Empresas, o sistema solicitar\u00e1 o login e a senha cadastrados no portal Gov.br. Para os clientes que j\u00e1 possuem acesso, basta informar os dados quando forem solicitados no sistema ou acessar com o certificado digital. Se n\u00e3o cadastrado, deve criar a conta.<\/p>\n\n\n\n<p><strong>EXIG\u00caNCIAS<\/strong><\/p>\n\n\n\n<p><strong>19.<\/strong> As d\u00favidas quanto a eventual exig\u00eancia constante de processo devolvido ao interessado para adequa\u00e7\u00e3o, podem ser sanadas pelo canal disponibilizado para esse fim, no pr\u00f3prio sistema: ap\u00f3s abrir a caixa \u201cvisualizar motivos da exig\u00eancia\u201d, na \u00e1rea de acompanhamento de processos, sempre que necess\u00e1rio, poder\u00e3o ser formuladas quest\u00f5es para o analista de processos da Jucepi, sobre determinada exig\u00eancia, utilizando-se o bot\u00e3o \u201cesclarecer exig\u00eancia\u201d.<\/p>\n\n\n\n<p><strong>SUPORTE<\/strong><\/p>\n\n\n\n<p><strong>20.<\/strong> Em caso de dificuldades t\u00e9cnicas ou de d\u00favidas quanto \u00e0 adequada utiliza\u00e7\u00e3o do sistema Gov.Pi Empresas, o usu\u00e1rio poder\u00e1 entrar em contato com o suporte por meio do <a href=\"https:\/\/portal.pi.gov.br\/jucepi\/fale-conosco\/\">Fale Conosco \u2013 JUCEPI (portal.pi.gov.br)<\/a>, enviando e-mail para <a href=\"mailto:jucepiresponde@gmail.com\">jucepiresponde@gmail.com<\/a> e tamb\u00e9m pela central telef\u00f4nica (86) 3230-8810.<\/p>\n\n\n\n<p><\/p>\n","protected":false},"excerpt":{"rendered":"<p>ORIENTA\u00c7\u00d5ES 1. O que eu preciso saber para abrir uma empresa na Jucepi? Antes de dar entrada no processo de constitui\u00e7\u00e3o da sua empresa na Junta Comercial, realize o planejamento [&hellip;]<\/p>\n","protected":false},"author":1,"featured_media":0,"parent":0,"menu_order":0,"comment_status":"closed","ping_status":"closed","template":"template-fullwidth.php","meta":[],"featured_image_urls":{"full":"","thumbnail":"","medium":"","medium_large":"","large":"","sgg-420":"","sgg-540":"","sgg-780":"","1536x1536":"","2048x2048":"","homepage-slider":"","homepage-slider-small":"","page-top":"","page-small":"","loop-main":"","thumb-gallery-widget":""},"post_excerpt_stackable":"<p>ORIENTA\u00c7\u00d5ES 1. O que eu preciso saber para abrir uma empresa na Jucepi? Antes de dar entrada no processo de constitui\u00e7\u00e3o da sua empresa na Junta Comercial, realize o planejamento do neg\u00f3cio, fa\u00e7a uma pesquisa de mercado e contrate um profissional cont\u00e1bil ou advogado para cuidar da parte burocr\u00e1tica. 2. Quais as naturezas jur\u00eddicas dispon\u00edveis para registro na Junta Comercial? Empres\u00e1rio Individual \u2013 \u00e9 pessoa f\u00edsica que exerce profissionalmente atividade econ\u00f4mica organizada; Sociedade Empres\u00e1ria Limitada \u2013 \u00e9 constitu\u00edda por uma ou mais pessoas. Sociedade por A\u00e7\u00f5es (S\/A) \u2013 \u00e9 formada por no m\u00ednimo duas pessoas f\u00edsicas ou jur\u00eddicas, desde que&hellip;<\/p>\n","category_list":"","author_info":{"name":"admin","url":"https:\/\/portal.pi.gov.br\/jucepi\/author\/admin\/"},"comments_num":"0 coment\u00e1rio","featured_image_urls_v2":{"full":"","thumbnail":"","medium":"","medium_large":"","large":"","sgg-420":"","sgg-540":"","sgg-780":"","1536x1536":"","2048x2048":"","homepage-slider":"","homepage-slider-small":"","page-top":"","page-small":"","loop-main":"","thumb-gallery-widget":""},"post_excerpt_stackable_v2":"<p>ORIENTA\u00c7\u00d5ES 1. O que eu preciso saber para abrir uma empresa na Jucepi? Antes de dar entrada no processo de constitui\u00e7\u00e3o da sua empresa na Junta Comercial, realize o planejamento do neg\u00f3cio, fa\u00e7a uma pesquisa de mercado e contrate um profissional cont\u00e1bil ou advogado para cuidar da parte burocr\u00e1tica. 2. Quais as naturezas jur\u00eddicas dispon\u00edveis para registro na Junta Comercial? Empres\u00e1rio Individual \u2013 \u00e9 pessoa f\u00edsica que exerce profissionalmente atividade econ\u00f4mica organizada; Sociedade Empres\u00e1ria Limitada \u2013 \u00e9 constitu\u00edda por uma ou mais pessoas. Sociedade por A\u00e7\u00f5es (S\/A) \u2013 \u00e9 formada por no m\u00ednimo duas pessoas f\u00edsicas ou jur\u00eddicas, desde que&hellip;<\/p>\n","category_list_v2":"","author_info_v2":{"name":"admin","url":"https:\/\/portal.pi.gov.br\/jucepi\/author\/admin\/"},"comments_num_v2":"0 coment\u00e1rio","_links":{"self":[{"href":"https:\/\/portal.pi.gov.br\/jucepi\/wp-json\/wp\/v2\/pages\/925"}],"collection":[{"href":"https:\/\/portal.pi.gov.br\/jucepi\/wp-json\/wp\/v2\/pages"}],"about":[{"href":"https:\/\/portal.pi.gov.br\/jucepi\/wp-json\/wp\/v2\/types\/page"}],"author":[{"embeddable":true,"href":"https:\/\/portal.pi.gov.br\/jucepi\/wp-json\/wp\/v2\/users\/1"}],"replies":[{"embeddable":true,"href":"https:\/\/portal.pi.gov.br\/jucepi\/wp-json\/wp\/v2\/comments?post=925"}],"version-history":[{"count":11,"href":"https:\/\/portal.pi.gov.br\/jucepi\/wp-json\/wp\/v2\/pages\/925\/revisions"}],"predecessor-version":[{"id":2288,"href":"https:\/\/portal.pi.gov.br\/jucepi\/wp-json\/wp\/v2\/pages\/925\/revisions\/2288"}],"wp:attachment":[{"href":"https:\/\/portal.pi.gov.br\/jucepi\/wp-json\/wp\/v2\/media?parent=925"}],"curies":[{"name":"wp","href":"https:\/\/api.w.org\/{rel}","templated":true}]}}