{"id":1345,"date":"2023-04-26T10:25:02","date_gmt":"2023-04-26T13:25:02","guid":{"rendered":"https:\/\/portal.pi.gov.br\/piauiprev\/?page_id=1345"},"modified":"2024-05-15T11:45:40","modified_gmt":"2024-05-15T14:45:40","slug":"ouvidoria","status":"publish","type":"page","link":"https:\/\/portal.pi.gov.br\/piauiprev\/ouvidoria\/","title":{"rendered":"Ouvidoria"},"content":{"rendered":"\n<div class=\"wp-block-stackable-text stk-block-text stk-block stk-aae18c9\" data-block-id=\"aae18c9\"><p class=\"stk-block-text__text\">A Ouvidoria \u00e9 um espa\u00e7o de acolhimento para receber, examinar e encaminhar aos setores competentes todas as manifesta\u00e7\u00f5es de ouvidoria (reclama\u00e7\u00f5es, sugest\u00f5es, den\u00fancias, elogios e solicita\u00e7\u00f5es de provid\u00eancia) e pedidos de acesso \u00e0 informa\u00e7\u00f5es p\u00fablicas.<\/p><\/div>\n\n\n\n<div class=\"wp-block-stackable-text stk-block-text stk-block stk-2bee8f8\" data-block-id=\"2bee8f8\"><p class=\"stk-block-text__text\">\u00c9 uma atividade institucional de representa\u00e7\u00e3o aut\u00f4noma, imparcial e de car\u00e1ter mediador, pedag\u00f3gico e estrat\u00e9gico, que acolhe manifesta\u00e7\u00f5es n\u00e3o conclu\u00eddas por outros meios de atendimento para an\u00e1lise e atua\u00e7\u00e3o na busca de solu\u00e7\u00f5es.<\/p><\/div>\n\n\n\n<div class=\"wp-block-stackable-heading stk-block-heading stk-block-heading--v2 stk-block stk-5b98f4b\" id=\"strong-canais-de-atendimento-strong\" data-block-id=\"5b98f4b\"><h2 class=\"stk-block-heading__text stk-block-heading--use-theme-margins\"><strong>CANAIS DE ATENDIMENTO<\/strong><\/h2><div class=\"stk-block-heading__bottom-line\"><\/div><\/div>\n\n\n\n<div class=\"wp-block-stackable-text stk-block-text stk-block stk-0b880f0\" data-block-id=\"0b880f0\"><p class=\"stk-block-text__text\"><strong>Disque Ouvidoria:<\/strong> 162 (liga\u00e7\u00e3o gratuita)<\/p><\/div>\n\n\n\n<div class=\"wp-block-stackable-text stk-block-text stk-block stk-dc8494c\" data-block-id=\"dc8494c\"><p class=\"stk-block-text__text\"><strong>Whatsapp:<\/strong> (86) 9 9482-7852<\/p><\/div>\n\n\n\n<div class=\"wp-block-stackable-text stk-block-text stk-block stk-889a0a3\" data-block-id=\"889a0a3\"><p class=\"stk-block-text__text\"><strong><a rel=\"noreferrer noopener\" href=\"http:\/\/eouv.pi.gov.br\/publico\/Manifestacao\/RegistrarManifestacao.aspx\" target=\"_blank\">e-OUV<\/a><\/strong> (para reclama\u00e7\u00f5es, sugest\u00f5es, den\u00fancias, elogios e solicita\u00e7\u00f5es de provid\u00eancia \u2013 conforme Lei Federal N\u00ba 13.460\/2017)<\/p><\/div>\n\n\n\n<div class=\"wp-block-stackable-text stk-block-text stk-block stk-4145dd5\" data-block-id=\"4145dd5\"><p class=\"stk-block-text__text\"><a rel=\"noreferrer noopener\" href=\"https:\/\/acessoainformacao.pi.gov.br\/\" target=\"_blank\"><strong>e-SIC<\/strong><\/a>&nbsp;(para pedidos de acesso \u00e0 informa\u00e7\u00e3o p\u00fablica \u2013 conforme Lei Federal N\u00b0 12.527\/2011)<\/p><\/div>\n\n\n\n<div class=\"wp-block-stackable-text stk-block-text stk-block stk-42262b5\" data-block-id=\"42262b5\"><p class=\"stk-block-text__text\"><strong>E-mail:<\/strong> ouvidoria@piauiprev.pi.gov.br<\/p><\/div>\n\n\n\n<div class=\"wp-block-stackable-text stk-block-text stk-block stk-317e598\" data-block-id=\"317e598\"><p class=\"stk-block-text__text\"><strong>Presencial:<\/strong><br>Avenida Pedro Freitas, 1904 &#8211; Edif\u00edcio Jornalista Carlos Castelo Branco.<br>Bairro Vermelha &#8211; CEP 64018-900 &#8211; Teresina \u2013 Piau\u00ed.<br>Hor\u00e1rio de Atendimento: 07h30 \u00e0s 13h30.<\/p><\/div>\n","protected":false},"excerpt":{"rendered":"<p>A Ouvidoria \u00e9 um espa\u00e7o de acolhimento para receber, examinar e encaminhar aos setores competentes todas as manifesta\u00e7\u00f5es de ouvidoria (reclama\u00e7\u00f5es, sugest\u00f5es, den\u00fancias, elogios e solicita\u00e7\u00f5es de provid\u00eancia) e pedidos [&hellip;]<\/p>\n","protected":false},"author":1,"featured_media":0,"parent":0,"menu_order":0,"comment_status":"closed","ping_status":"closed","template":"template-fullwidth.php","meta":[],"featured_image_urls":{"full":"","thumbnail":"","medium":"","medium_large":"","large":"","sgg-420":"","sgg-540":"","sgg-780":"","1536x1536":"","2048x2048":"","homepage-slider":"","homepage-slider-small":"","page-top":"","page-small":"","loop-main":"","thumb-gallery-widget":""},"post_excerpt_stackable":"<p>A Ouvidoria \u00e9 um espa\u00e7o de acolhimento para receber, examinar e encaminhar aos setores competentes todas as manifesta\u00e7\u00f5es de ouvidoria (reclama\u00e7\u00f5es, sugest\u00f5es, den\u00fancias, elogios e solicita\u00e7\u00f5es de provid\u00eancia) e pedidos de acesso \u00e0 informa\u00e7\u00f5es p\u00fablicas. \u00c9 uma atividade institucional de representa\u00e7\u00e3o aut\u00f4noma, imparcial e de car\u00e1ter mediador, pedag\u00f3gico e estrat\u00e9gico, que acolhe manifesta\u00e7\u00f5es n\u00e3o conclu\u00eddas por outros meios de atendimento para an\u00e1lise e atua\u00e7\u00e3o na busca de solu\u00e7\u00f5es. CANAIS DE ATENDIMENTO Disque Ouvidoria: 162 (liga\u00e7\u00e3o gratuita) Whatsapp: (86) 9 9482-7852 e-OUV (para reclama\u00e7\u00f5es, sugest\u00f5es, den\u00fancias, elogios e solicita\u00e7\u00f5es de provid\u00eancia \u2013 conforme Lei Federal N\u00ba 13.460\/2017) e-SIC&nbsp;(para pedidos de acesso&hellip;<\/p>\n","category_list":"","author_info":{"name":"admin","url":"https:\/\/portal.pi.gov.br\/piauiprev\/author\/admin\/"},"comments_num":"0 coment\u00e1rio","featured_image_urls_v2":{"full":"","thumbnail":"","medium":"","medium_large":"","large":"","sgg-420":"","sgg-540":"","sgg-780":"","1536x1536":"","2048x2048":"","homepage-slider":"","homepage-slider-small":"","page-top":"","page-small":"","loop-main":"","thumb-gallery-widget":""},"post_excerpt_stackable_v2":"<p>A Ouvidoria \u00e9 um espa\u00e7o de acolhimento para receber, examinar e encaminhar aos setores competentes todas as manifesta\u00e7\u00f5es de ouvidoria (reclama\u00e7\u00f5es, sugest\u00f5es, den\u00fancias, elogios e solicita\u00e7\u00f5es de provid\u00eancia) e pedidos de acesso \u00e0 informa\u00e7\u00f5es p\u00fablicas. \u00c9 uma atividade institucional de representa\u00e7\u00e3o aut\u00f4noma, imparcial e de car\u00e1ter mediador, pedag\u00f3gico e estrat\u00e9gico, que acolhe manifesta\u00e7\u00f5es n\u00e3o conclu\u00eddas por outros meios de atendimento para an\u00e1lise e atua\u00e7\u00e3o na busca de solu\u00e7\u00f5es. CANAIS DE ATENDIMENTO Disque Ouvidoria: 162 (liga\u00e7\u00e3o gratuita) Whatsapp: (86) 9 9482-7852 e-OUV (para reclama\u00e7\u00f5es, sugest\u00f5es, den\u00fancias, elogios e solicita\u00e7\u00f5es de provid\u00eancia \u2013 conforme Lei Federal N\u00ba 13.460\/2017) e-SIC&nbsp;(para pedidos de acesso&hellip;<\/p>\n","category_list_v2":"","author_info_v2":{"name":"admin","url":"https:\/\/portal.pi.gov.br\/piauiprev\/author\/admin\/"},"comments_num_v2":"0 coment\u00e1rio","_links":{"self":[{"href":"https:\/\/portal.pi.gov.br\/piauiprev\/wp-json\/wp\/v2\/pages\/1345"}],"collection":[{"href":"https:\/\/portal.pi.gov.br\/piauiprev\/wp-json\/wp\/v2\/pages"}],"about":[{"href":"https:\/\/portal.pi.gov.br\/piauiprev\/wp-json\/wp\/v2\/types\/page"}],"author":[{"embeddable":true,"href":"https:\/\/portal.pi.gov.br\/piauiprev\/wp-json\/wp\/v2\/users\/1"}],"replies":[{"embeddable":true,"href":"https:\/\/portal.pi.gov.br\/piauiprev\/wp-json\/wp\/v2\/comments?post=1345"}],"version-history":[{"count":18,"href":"https:\/\/portal.pi.gov.br\/piauiprev\/wp-json\/wp\/v2\/pages\/1345\/revisions"}],"predecessor-version":[{"id":1823,"href":"https:\/\/portal.pi.gov.br\/piauiprev\/wp-json\/wp\/v2\/pages\/1345\/revisions\/1823"}],"wp:attachment":[{"href":"https:\/\/portal.pi.gov.br\/piauiprev\/wp-json\/wp\/v2\/media?parent=1345"}],"curies":[{"name":"wp","href":"https:\/\/api.w.org\/{rel}","templated":true}]}}