{"id":1596,"date":"2024-04-05T10:34:13","date_gmt":"2024-04-05T13:34:13","guid":{"rendered":"https:\/\/portal.pi.gov.br\/piauiprev\/?page_id=1596"},"modified":"2025-10-14T08:26:36","modified_gmt":"2025-10-14T11:26:36","slug":"codigo-de-etica","status":"publish","type":"page","link":"https:\/\/portal.pi.gov.br\/piauiprev\/codigo-de-etica\/","title":{"rendered":"C\u00f3digo de \u00c9tica"},"content":{"rendered":"\n<h5 class=\"wp-block-heading\"><a href=\"https:\/\/portal.pi.gov.br\/piauiprev\/transparencia\/\">&lt;Voltar<\/a><\/h5>\n\n\n\n<div class=\"wp-block-buttons is-content-justification-center is-layout-flex wp-container-1\">\n<div class=\"wp-block-button\"><a class=\"wp-block-button__link has-background wp-element-button\" href=\"https:\/\/portal.pi.gov.br\/piauiprev\/wp-content\/uploads\/sites\/45\/2025\/10\/Minuta_Cartilha___Codigo_de_Etica_PIAUIPREV-5.pdf\" style=\"background:linear-gradient(360deg,rgb(2,3,129) 0%,rgb(40,116,252) 100%)\" target=\"_blank\" rel=\"noreferrer noopener\">CARTILHA &#8211; C\u00d3DIGO DE CONDUTA \u00c9TICA<\/a><\/div>\n<\/div>\n\n\n\n<p><\/p>\n\n\n\n<div class=\"wp-block-stackable-text stk-block-text stk-block stk-a4256eb\" data-block-id=\"a4256eb\"><p class=\"stk-block-text__text\"><strong><a href=\"https:\/\/portal.pi.gov.br\/piauiprev\/wp-content\/uploads\/sites\/45\/2025\/04\/Regimento_Interno___Comissao_de_Etica.pdf\" data-type=\"URL\" data-id=\"https:\/\/portal.pi.gov.br\/piauiprev\/wp-content\/uploads\/sites\/45\/2025\/04\/Regimento_Interno___Comissao_de_Etica.pdf\" target=\"_blank\" rel=\"noreferrer noopener\">19\/03\/2025 &#8211; Portaria n\u00b0 37<\/a><\/strong> [Regimento interno da Comiss\u00e3o de \u00c9tica da PIAUIPREV]<\/p><\/div>\n\n\n\n<div class=\"wp-block-stackable-text stk-block-text stk-block stk-b8489e3\" data-block-id=\"b8489e3\"><p class=\"stk-block-text__text\"><strong><a href=\"https:\/\/portal.pi.gov.br\/piauiprev\/wp-content\/uploads\/sites\/45\/2024\/07\/Portaria_N__101_2024___Instituiu_os_canais_de_denuncia_de_irregularidades_praticadas_pelas_pessoas_abrangidas_pelo_Codigo_de_Conduta_Etica_da_PIAUIPREV.pdf\" target=\"_blank\" rel=\"noreferrer noopener\">18\/06\/2024 &#8211; Portaria n\u00ba 101<\/a><\/strong> [Institui os canais de den\u00fancias de irregularidades praticadas pelas pessoas abrangidas pelo C\u00f3digo de Conduta \u00c9tica da PIAUIPREV]<\/p><\/div>\n\n\n\n<div class=\"wp-block-stackable-text stk-block-text stk-block stk-b70cd74\" data-block-id=\"b70cd74\"><p class=\"stk-block-text__text\"><strong><a href=\"https:\/\/portal.pi.gov.br\/piauiprev\/wp-content\/uploads\/sites\/45\/2024\/07\/Portaria__N__97_2024___Instituiu_a_Comissao_de_Etica_no_ambito_da_PIAUIPREV.pdf\" target=\"_blank\" rel=\"noreferrer noopener\">04\/06\/2024 &#8211; Portaria n\u00ba 97<\/a><\/strong> [Institui a Comiss\u00e3o de \u00c9tica no \u00e2mbito da Funda\u00e7\u00e3o Piau\u00ed Previd\u00eancia &#8211; PIAUIPREV]<\/p><\/div>\n\n\n\n<div class=\"wp-block-stackable-text stk-block-text stk-block stk-5e8d2b3\" data-block-id=\"5e8d2b3\"><p class=\"stk-block-text__text\"><a rel=\"noreferrer noopener\" href=\"https:\/\/portal.pi.gov.br\/piauiprev\/wp-content\/uploads\/sites\/45\/2024\/06\/Codigo_de_Etica_PIAUIPREV___publicacao.pdf\" target=\"_blank\"><strong>17\/05\/2024 &#8211; Portaria n\u00ba 86<\/strong><\/a> [Institui o C\u00f3digo de Conduta \u00c9tica no \u00e2mbito da Funda\u00e7\u00e3o Piau\u00ed Previd\u00eancia &#8211; PIAUIPREV]<\/p><\/div>\n","protected":false},"excerpt":{"rendered":"<p>&lt;Voltar 19\/03\/2025 &#8211; Portaria n\u00b0 37 [Regimento interno da Comiss\u00e3o de \u00c9tica da PIAUIPREV] 18\/06\/2024 &#8211; Portaria n\u00ba 101 [Institui os canais de den\u00fancias de irregularidades praticadas pelas pessoas abrangidas [&hellip;]<\/p>\n","protected":false},"author":1,"featured_media":0,"parent":0,"menu_order":0,"comment_status":"closed","ping_status":"closed","template":"template-fullwidth.php","meta":[],"featured_image_urls":{"full":"","thumbnail":"","medium":"","medium_large":"","large":"","sgg-420":"","sgg-540":"","sgg-780":"","1536x1536":"","2048x2048":"","homepage-slider":"","homepage-slider-small":"","page-top":"","page-small":"","loop-main":"","thumb-gallery-widget":""},"post_excerpt_stackable":"<p>&lt;Voltar CARTILHA &#8211; C\u00d3DIGO DE CONDUTA \u00c9TICA 19\/03\/2025 &#8211; Portaria n\u00b0 37 [Regimento interno da Comiss\u00e3o de \u00c9tica da PIAUIPREV] 18\/06\/2024 &#8211; Portaria n\u00ba 101 [Institui os canais de den\u00fancias de irregularidades praticadas pelas pessoas abrangidas pelo C\u00f3digo de Conduta \u00c9tica da PIAUIPREV] 04\/06\/2024 &#8211; Portaria n\u00ba 97 [Institui a Comiss\u00e3o de \u00c9tica no \u00e2mbito da Funda\u00e7\u00e3o Piau\u00ed Previd\u00eancia &#8211; PIAUIPREV] 17\/05\/2024 &#8211; Portaria n\u00ba 86 [Institui o C\u00f3digo de Conduta \u00c9tica no \u00e2mbito da Funda\u00e7\u00e3o Piau\u00ed Previd\u00eancia &#8211; PIAUIPREV]<\/p>\n","category_list":"","author_info":{"name":"admin","url":"https:\/\/portal.pi.gov.br\/piauiprev\/author\/admin\/"},"comments_num":"0 coment\u00e1rio","featured_image_urls_v2":{"full":"","thumbnail":"","medium":"","medium_large":"","large":"","sgg-420":"","sgg-540":"","sgg-780":"","1536x1536":"","2048x2048":"","homepage-slider":"","homepage-slider-small":"","page-top":"","page-small":"","loop-main":"","thumb-gallery-widget":""},"post_excerpt_stackable_v2":"<p>&lt;Voltar CARTILHA &#8211; C\u00d3DIGO DE CONDUTA \u00c9TICA 19\/03\/2025 &#8211; Portaria n\u00b0 37 [Regimento interno da Comiss\u00e3o de \u00c9tica da PIAUIPREV] 18\/06\/2024 &#8211; Portaria n\u00ba 101 [Institui os canais de den\u00fancias de irregularidades praticadas pelas pessoas abrangidas pelo C\u00f3digo de Conduta \u00c9tica da PIAUIPREV] 04\/06\/2024 &#8211; Portaria n\u00ba 97 [Institui a Comiss\u00e3o de \u00c9tica no \u00e2mbito da Funda\u00e7\u00e3o Piau\u00ed Previd\u00eancia &#8211; PIAUIPREV] 17\/05\/2024 &#8211; Portaria n\u00ba 86 [Institui o C\u00f3digo de Conduta \u00c9tica no \u00e2mbito da Funda\u00e7\u00e3o Piau\u00ed Previd\u00eancia &#8211; PIAUIPREV]<\/p>\n","category_list_v2":"","author_info_v2":{"name":"admin","url":"https:\/\/portal.pi.gov.br\/piauiprev\/author\/admin\/"},"comments_num_v2":"0 coment\u00e1rio","_links":{"self":[{"href":"https:\/\/portal.pi.gov.br\/piauiprev\/wp-json\/wp\/v2\/pages\/1596"}],"collection":[{"href":"https:\/\/portal.pi.gov.br\/piauiprev\/wp-json\/wp\/v2\/pages"}],"about":[{"href":"https:\/\/portal.pi.gov.br\/piauiprev\/wp-json\/wp\/v2\/types\/page"}],"author":[{"embeddable":true,"href":"https:\/\/portal.pi.gov.br\/piauiprev\/wp-json\/wp\/v2\/users\/1"}],"replies":[{"embeddable":true,"href":"https:\/\/portal.pi.gov.br\/piauiprev\/wp-json\/wp\/v2\/comments?post=1596"}],"version-history":[{"count":11,"href":"https:\/\/portal.pi.gov.br\/piauiprev\/wp-json\/wp\/v2\/pages\/1596\/revisions"}],"predecessor-version":[{"id":4084,"href":"https:\/\/portal.pi.gov.br\/piauiprev\/wp-json\/wp\/v2\/pages\/1596\/revisions\/4084"}],"wp:attachment":[{"href":"https:\/\/portal.pi.gov.br\/piauiprev\/wp-json\/wp\/v2\/media?parent=1596"}],"curies":[{"name":"wp","href":"https:\/\/api.w.org\/{rel}","templated":true}]}}