{"id":2438,"date":"2024-07-15T09:19:11","date_gmt":"2024-07-15T12:19:11","guid":{"rendered":"https:\/\/portal.pi.gov.br\/piauiprev\/?page_id=2438"},"modified":"2024-07-15T10:24:15","modified_gmt":"2024-07-15T13:24:15","slug":"comite-investimentos-certificados","status":"publish","type":"page","link":"https:\/\/portal.pi.gov.br\/piauiprev\/comite-investimentos-certificados\/","title":{"rendered":"Comit\u00ea de Investimentos \u2013 Certifica\u00e7\u00f5es"},"content":{"rendered":"\n<h5 class=\"wp-block-heading\"><a href=\"https:\/\/portal.pi.gov.br\/piauiprev\/comite-de-investimentos\/\">&lt;Voltar<\/a><\/h5>\n\n\n\n<p><\/p>\n\n\n\n<p class=\"has-text-align-center has-medium-font-size\"><em><a rel=\"noreferrer noopener\" href=\"https:\/\/portal.pi.gov.br\/piauiprev\/wp-content\/uploads\/sites\/45\/2024\/07\/18457_060520224_Certificado_CGRPPS_Antonio_Carlos.pdf\" target=\"_blank\"><strong>Certificado CGRPPS &#8211; Antonio Carlos Meneses de Sousa<\/strong><\/a><\/em><\/p>\n\n\n\n<p class=\"has-text-align-center has-medium-font-size\"><em><a rel=\"noreferrer noopener\" href=\"https:\/\/portal.pi.gov.br\/piauiprev\/wp-content\/uploads\/sites\/45\/2024\/07\/18887_050520224_CERTIFICADO_LUCIA_Apimec.pdf\" target=\"_blank\"><strong>Certificado CGRPPS &#8211; L\u00facia Maria De F\u00e1tima Ribeiro Rebello<\/strong><\/a><\/em><\/p>\n\n\n\n<p class=\"has-text-align-center has-medium-font-size\"><em><a rel=\"noreferrer noopener\" href=\"https:\/\/portal.pi.gov.br\/piauiprev\/wp-content\/uploads\/sites\/45\/2024\/07\/CERTIFICADO_CGRPPS___WALTER.pdf\" target=\"_blank\"><strong>Certificado CGRPPS &#8211; Walter de Sousa Set\u00fabal<\/strong><\/a><\/em><\/p>\n","protected":false},"excerpt":{"rendered":"<p>&lt;Voltar Certificado CGRPPS &#8211; Antonio Carlos Meneses de Sousa Certificado CGRPPS &#8211; L\u00facia Maria De F\u00e1tima Ribeiro Rebello Certificado CGRPPS &#8211; Walter de Sousa Set\u00fabal<\/p>\n","protected":false},"author":1,"featured_media":0,"parent":0,"menu_order":0,"comment_status":"closed","ping_status":"closed","template":"template-fullwidth.php","meta":[],"featured_image_urls":{"full":"","thumbnail":"","medium":"","medium_large":"","large":"","sgg-420":"","sgg-540":"","sgg-780":"","1536x1536":"","2048x2048":"","homepage-slider":"","homepage-slider-small":"","page-top":"","page-small":"","loop-main":"","thumb-gallery-widget":""},"post_excerpt_stackable":"<p>&lt;Voltar Certificado CGRPPS &#8211; Antonio Carlos Meneses de Sousa Certificado CGRPPS &#8211; L\u00facia Maria De F\u00e1tima Ribeiro Rebello Certificado CGRPPS &#8211; Walter de Sousa Set\u00fabal<\/p>\n","category_list":"","author_info":{"name":"admin","url":"https:\/\/portal.pi.gov.br\/piauiprev\/author\/admin\/"},"comments_num":"0 coment\u00e1rio","featured_image_urls_v2":{"full":"","thumbnail":"","medium":"","medium_large":"","large":"","sgg-420":"","sgg-540":"","sgg-780":"","1536x1536":"","2048x2048":"","homepage-slider":"","homepage-slider-small":"","page-top":"","page-small":"","loop-main":"","thumb-gallery-widget":""},"post_excerpt_stackable_v2":"<p>&lt;Voltar Certificado CGRPPS &#8211; Antonio Carlos Meneses de Sousa Certificado CGRPPS &#8211; L\u00facia Maria De F\u00e1tima Ribeiro Rebello Certificado CGRPPS &#8211; Walter de Sousa Set\u00fabal<\/p>\n","category_list_v2":"","author_info_v2":{"name":"admin","url":"https:\/\/portal.pi.gov.br\/piauiprev\/author\/admin\/"},"comments_num_v2":"0 coment\u00e1rio","_links":{"self":[{"href":"https:\/\/portal.pi.gov.br\/piauiprev\/wp-json\/wp\/v2\/pages\/2438"}],"collection":[{"href":"https:\/\/portal.pi.gov.br\/piauiprev\/wp-json\/wp\/v2\/pages"}],"about":[{"href":"https:\/\/portal.pi.gov.br\/piauiprev\/wp-json\/wp\/v2\/types\/page"}],"author":[{"embeddable":true,"href":"https:\/\/portal.pi.gov.br\/piauiprev\/wp-json\/wp\/v2\/users\/1"}],"replies":[{"embeddable":true,"href":"https:\/\/portal.pi.gov.br\/piauiprev\/wp-json\/wp\/v2\/comments?post=2438"}],"version-history":[{"count":5,"href":"https:\/\/portal.pi.gov.br\/piauiprev\/wp-json\/wp\/v2\/pages\/2438\/revisions"}],"predecessor-version":[{"id":2476,"href":"https:\/\/portal.pi.gov.br\/piauiprev\/wp-json\/wp\/v2\/pages\/2438\/revisions\/2476"}],"wp:attachment":[{"href":"https:\/\/portal.pi.gov.br\/piauiprev\/wp-json\/wp\/v2\/media?parent=2438"}],"curies":[{"name":"wp","href":"https:\/\/api.w.org\/{rel}","templated":true}]}}