{"id":914,"date":"2023-03-09T09:13:38","date_gmt":"2023-03-09T12:13:38","guid":{"rendered":"https:\/\/portal.pi.gov.br\/piauiprev\/?page_id=914"},"modified":"2025-08-26T12:52:11","modified_gmt":"2025-08-26T15:52:11","slug":"contatos","status":"publish","type":"page","link":"https:\/\/portal.pi.gov.br\/piauiprev\/contatos\/","title":{"rendered":"Contatos"},"content":{"rendered":"\n<div class=\"wp-block-stackable-heading stk-block-heading stk-block-heading--v2 stk-block stk-0f48178\" id=\"atendimento\" data-block-id=\"0f48178\"><h2 class=\"stk-block-heading__text stk-block-heading--use-theme-margins\">ATENDIMENTO<\/h2><div class=\"stk-block-heading__bottom-line\"><\/div><\/div>\n\n\n\n<div class=\"wp-block-stackable-text stk-block-text stk-block stk-b188454\" data-block-id=\"b188454\"><p class=\"stk-block-text__text\"><strong>Servi\u00e7o de Atendimento ao Segurado (SAS):<\/strong> (86) 9 9500-2861<br><strong>Prova de Vida:<\/strong> (86) 9&nbsp;9498-8195<br><strong>E-mail:<\/strong> diac@piauiprev.pi.gov.br<\/p><\/div>\n\n\n\n<div class=\"wp-block-stackable-heading stk-block-heading stk-block-heading--v2 stk-block stk-9892743\" id=\"ouvidoria\" data-block-id=\"9892743\"><h2 class=\"stk-block-heading__text stk-block-heading--use-theme-margins\">OUVIDORIA<\/h2><div class=\"stk-block-heading__bottom-line\"><\/div><\/div>\n\n\n\n<div class=\"wp-block-stackable-text stk-block-text stk-block stk-0b880f0\" data-block-id=\"0b880f0\"><p class=\"stk-block-text__text\"><strong>Disque Ouvidoria:<\/strong> 162 (liga\u00e7\u00e3o gratuita)<br><strong>Whatsapp:<\/strong> (86) 9 9482-7852<br><strong><a rel=\"noreferrer noopener\" href=\"http:\/\/eouv.pi.gov.br\/publico\/Manifestacao\/RegistrarManifestacao.aspx\" target=\"_blank\">e-OUV<\/a><\/strong> (para reclama\u00e7\u00f5es, sugest\u00f5es, den\u00fancias, elogios e solicita\u00e7\u00f5es de provid\u00eancia \u2013 conforme Lei Federal N\u00ba 13.460\/2017)<br><a rel=\"noreferrer noopener\" href=\"https:\/\/acessoainformacao.pi.gov.br\/\" target=\"_blank\"><strong>e-SIC<\/strong><\/a>&nbsp;(para pedidos de acesso \u00e0 informa\u00e7\u00e3o p\u00fablica \u2013 conforme Lei Federal N\u00b0 12.527\/2011)<br><strong>E-mail:<\/strong> ouvidoria@piauiprev.pi.gov.br<br><br><strong>Presencial:<\/strong><br>Avenida Pedro Freitas, 1904 &#8211; Edif\u00edcio Jornalista Carlos Castelo Branco.<br>Bairro Vermelha &#8211; CEP 64018-900 &#8211; Teresina \u2013 Piau\u00ed.<br>Hor\u00e1rio de Atendimento: 07h30 \u00e0s 13h30.<\/p><\/div>\n\n\n\n<div class=\"wp-block-stackable-heading stk-block-heading stk-block-heading--v2 stk-block stk-880a91a\" id=\"chefia-de-gabinete\" data-block-id=\"880a91a\"><h2 class=\"stk-block-heading__text stk-block-heading--use-theme-margins\">CHEFIA DE GABINETE<\/h2><div class=\"stk-block-heading__bottom-line\"><\/div><\/div>\n\n\n\n<div class=\"wp-block-stackable-text stk-block-text stk-block stk-2f3681e\" data-block-id=\"2f3681e\"><p class=\"stk-block-text__text\"><strong>Chefe de Gabinete:<\/strong>&nbsp;Dellane Mar\u00edlia de Souza Lopes Abreu<br><strong>Secret\u00e1ria:<\/strong>&nbsp;Iraildes Alves Pereira da Silva<br><strong>E-mail:&nbsp;<\/strong>presidencia@piauiprev.pi.gov.br<\/p><\/div>\n\n\n\n<div class=\"wp-block-stackable-heading stk-block-heading stk-block-heading--v2 stk-block stk-8ff81ba\" id=\"superintendencia-de-previdencia\" data-block-id=\"8ff81ba\"><h2 class=\"stk-block-heading__text stk-block-heading--use-theme-margins\">SUPERINTEND\u00caNCIA DE PREVID\u00caNCIA<\/h2><div class=\"stk-block-heading__bottom-line\"><\/div><\/div>\n\n\n\n<div class=\"wp-block-stackable-text stk-block-text stk-block stk-cc5c0ce\" data-block-id=\"cc5c0ce\"><p class=\"stk-block-text__text\"><strong>Superintendente:&nbsp;<\/strong>Marcos Steiner Rodrigues Mesquita<br><strong>E-mail:&nbsp;<\/strong>suprev@piauiprev.pi.gov.br<\/p><\/div>\n\n\n\n<div class=\"wp-block-stackable-heading stk-block-heading stk-block-heading--v2 stk-block stk-b716cca\" id=\"diretoria-de-governanca\" data-block-id=\"b716cca\"><h2 class=\"stk-block-heading__text stk-block-heading--use-theme-margins\">DIRETORIA DE GOVERNAN\u00c7A<\/h2><div class=\"stk-block-heading__bottom-line\"><\/div><\/div>\n\n\n\n<div class=\"wp-block-stackable-text stk-block-text stk-block stk-a51c738\" data-block-id=\"a51c738\"><p class=\"stk-block-text__text\"><strong>Diretora:\u00a0<\/strong>Phablo Raphael Pereira Borges<br><strong>Assessor da Diretoria:<\/strong>\u00a0Ruben Ribeiro Magalh\u00e3es Rodrigues<br><strong>E-mail:\u00a0<\/strong>digov@piauiprev.pi.gov.br<\/p><\/div>\n\n\n\n<div class=\"wp-block-stackable-heading stk-block-heading stk-block-heading--v2 stk-block stk-3a294a3\" id=\"diretoria-de-gestao-de-beneficios\" data-block-id=\"3a294a3\"><h2 class=\"stk-block-heading__text stk-block-heading--use-theme-margins\">DIRETORIA DE GEST\u00c3O DE BENEF\u00cdCIOS<\/h2><div class=\"stk-block-heading__bottom-line\"><\/div><\/div>\n\n\n\n<div class=\"wp-block-stackable-text stk-block-text stk-block stk-2ca574c\" data-block-id=\"2ca574c\"><p class=\"stk-block-text__text\"><strong>Diretor:\u00a0<\/strong>Nayana Cavalcante Costa<br><strong>Gerente de Benef\u00edcios Previdenci\u00e1rios:\u00a0<\/strong>Regina Maria Soares de Ara\u00fajo Vieira<\/p><\/div>\n\n\n\n<div class=\"wp-block-stackable-heading stk-block-heading stk-block-heading--v2 stk-block stk-c6f9b8f\" id=\"diretoria-administrativa-e-financeira\" data-block-id=\"c6f9b8f\"><h2 class=\"stk-block-heading__text stk-block-heading--use-theme-margins\">DIRETORIA ADMINISTRATIVA E FINANCEIRA<\/h2><div class=\"stk-block-heading__bottom-line\"><\/div><\/div>\n\n\n\n<div class=\"wp-block-stackable-text stk-block-text stk-block stk-4586416\" data-block-id=\"4586416\"><p class=\"stk-block-text__text\"><strong>Diretora:<\/strong>&nbsp;Carla Adriana da Silva Peres<br><strong>Gerente de Log\u00edstica:<\/strong>&nbsp;Danusa Brito Pereira Santiago<br><strong>Gerente de Patrim\u00f4nio:<\/strong>&nbsp;Aildo de Sousa Martins J\u00fanior<br><strong>Gerente de Gest\u00e3o de Pessoas:<\/strong>&nbsp;Francisco Guedes de Sousa Filho<strong><br>E-mail:<\/strong>&nbsp;dir.administrativa@piauiprev.pi.gov.br<\/p><\/div>\n\n\n\n<div class=\"wp-block-stackable-heading stk-block-heading stk-block-heading--v2 stk-block stk-4b4436a\" id=\"diretoria-do-fundo-de-previdencia\" data-block-id=\"4b4436a\"><h2 class=\"stk-block-heading__text stk-block-heading--use-theme-margins\">DIRETORIA DO FUNDO DE PREVID\u00caNCIA<\/h2><div class=\"stk-block-heading__bottom-line\"><\/div><\/div>\n\n\n\n<div class=\"wp-block-stackable-text stk-block-text stk-block stk-9010191\" data-block-id=\"9010191\"><p class=\"stk-block-text__text\"><strong>Diretor:<\/strong>&nbsp;Walter de Sousa Set\u00fabal<br><strong>Assessora da Diretoria:<\/strong>&nbsp;L\u00facia Maria de F\u00e1tima Ribeiro Rebello<br><strong>Gerente Cont\u00e1bil-Financeira do Fundo:<\/strong>&nbsp;Luiz Lopes Feitosa Filho<br><strong>Gerente de Estat\u00edstica e Estudo Atuarial:<\/strong>&nbsp;Ant\u00f4nio Carlos Meneses de Sousa<br><strong>E-mail:<\/strong>&nbsp;dir.fundo@piauiprev.pi.gov.br<\/p><\/div>\n\n\n\n<div class=\"wp-block-stackable-heading stk-block-heading stk-block-heading--v2 stk-block stk-d04ac30\" id=\"diretoria-de-atendimento-e-cadastro\" data-block-id=\"d04ac30\"><h2 class=\"stk-block-heading__text stk-block-heading--use-theme-margins\">DIRETORIA DE ATENDIMENTO E CADASTRO<\/h2><div class=\"stk-block-heading__bottom-line\"><\/div><\/div>\n\n\n\n<div class=\"wp-block-stackable-text stk-block-text stk-block stk-028b617\" data-block-id=\"028b617\"><p class=\"stk-block-text__text\"><strong>Diretor:&nbsp;<\/strong>Renan de Sousa Soares<br><strong>E-mail:&nbsp;<\/strong>diac@piauiprev.pi.gov.br<\/p><\/div>\n\n\n\n<div class=\"wp-block-stackable-heading stk-block-heading stk-block-heading--v2 stk-block stk-184b2ea\" id=\"diretoria-de-contratos\" data-block-id=\"184b2ea\"><h2 class=\"stk-block-heading__text stk-block-heading--use-theme-margins\">DIRETORIA DE CONTRATOS<\/h2><div class=\"stk-block-heading__bottom-line\"><\/div><\/div>\n\n\n\n<div class=\"wp-block-stackable-text stk-block-text stk-block stk-0b57e6b\" data-block-id=\"0b57e6b\"><p class=\"stk-block-text__text\"><strong>Diretora:&nbsp;<\/strong>Mara Lilinne Leal de Sousa Lima<br><strong>Gerente de Contratos:<\/strong> Leidiane da Silva Sousa<br><strong>E-mail:&nbsp;<\/strong>dicon@piauiprev.pi.gov.br<\/p><\/div>\n","protected":false},"excerpt":{"rendered":"<p>ATENDIMENTO Servi\u00e7o de Atendimento ao Segurado (SAS): (86) 9 9500-2861Prova de Vida: (86) 9&nbsp;9498-8195E-mail: diac@piauiprev.pi.gov.br OUVIDORIA Disque Ouvidoria: 162 (liga\u00e7\u00e3o gratuita)Whatsapp: (86) 9 9482-7852e-OUV (para reclama\u00e7\u00f5es, sugest\u00f5es, den\u00fancias, elogios e [&hellip;]<\/p>\n","protected":false},"author":1,"featured_media":0,"parent":0,"menu_order":0,"comment_status":"closed","ping_status":"closed","template":"template-fullwidth.php","meta":[],"featured_image_urls":{"full":"","thumbnail":"","medium":"","medium_large":"","large":"","sgg-420":"","sgg-540":"","sgg-780":"","1536x1536":"","2048x2048":"","homepage-slider":"","homepage-slider-small":"","page-top":"","page-small":"","loop-main":"","thumb-gallery-widget":""},"post_excerpt_stackable":"<p>ATENDIMENTO Servi\u00e7o de Atendimento ao Segurado (SAS): (86) 9 9500-2861Prova de Vida: (86) 9&nbsp;9498-8195E-mail: diac@piauiprev.pi.gov.br OUVIDORIA Disque Ouvidoria: 162 (liga\u00e7\u00e3o gratuita)Whatsapp: (86) 9 9482-7852e-OUV (para reclama\u00e7\u00f5es, sugest\u00f5es, den\u00fancias, elogios e solicita\u00e7\u00f5es de provid\u00eancia \u2013 conforme Lei Federal N\u00ba 13.460\/2017)e-SIC&nbsp;(para pedidos de acesso \u00e0 informa\u00e7\u00e3o p\u00fablica \u2013 conforme Lei Federal N\u00b0 12.527\/2011)E-mail: ouvidoria@piauiprev.pi.gov.brPresencial:Avenida Pedro Freitas, 1904 &#8211; Edif\u00edcio Jornalista Carlos Castelo Branco.Bairro Vermelha &#8211; CEP 64018-900 &#8211; Teresina \u2013 Piau\u00ed.Hor\u00e1rio de Atendimento: 07h30 \u00e0s 13h30. CHEFIA DE GABINETE Chefe de Gabinete:&nbsp;Dellane Mar\u00edlia de Souza Lopes AbreuSecret\u00e1ria:&nbsp;Iraildes Alves Pereira da SilvaE-mail:&nbsp;presidencia@piauiprev.pi.gov.br SUPERINTEND\u00caNCIA DE PREVID\u00caNCIA Superintendente:&nbsp;Marcos Steiner Rodrigues MesquitaE-mail:&nbsp;suprev@piauiprev.pi.gov.br DIRETORIA DE GOVERNAN\u00c7A Diretora:\u00a0Phablo&hellip;<\/p>\n","category_list":"","author_info":{"name":"admin","url":"https:\/\/portal.pi.gov.br\/piauiprev\/author\/admin\/"},"comments_num":"0 coment\u00e1rio","featured_image_urls_v2":{"full":"","thumbnail":"","medium":"","medium_large":"","large":"","sgg-420":"","sgg-540":"","sgg-780":"","1536x1536":"","2048x2048":"","homepage-slider":"","homepage-slider-small":"","page-top":"","page-small":"","loop-main":"","thumb-gallery-widget":""},"post_excerpt_stackable_v2":"<p>ATENDIMENTO Servi\u00e7o de Atendimento ao Segurado (SAS): (86) 9 9500-2861Prova de Vida: (86) 9&nbsp;9498-8195E-mail: diac@piauiprev.pi.gov.br OUVIDORIA Disque Ouvidoria: 162 (liga\u00e7\u00e3o gratuita)Whatsapp: (86) 9 9482-7852e-OUV (para reclama\u00e7\u00f5es, sugest\u00f5es, den\u00fancias, elogios e solicita\u00e7\u00f5es de provid\u00eancia \u2013 conforme Lei Federal N\u00ba 13.460\/2017)e-SIC&nbsp;(para pedidos de acesso \u00e0 informa\u00e7\u00e3o p\u00fablica \u2013 conforme Lei Federal N\u00b0 12.527\/2011)E-mail: ouvidoria@piauiprev.pi.gov.brPresencial:Avenida Pedro Freitas, 1904 &#8211; Edif\u00edcio Jornalista Carlos Castelo Branco.Bairro Vermelha &#8211; CEP 64018-900 &#8211; Teresina \u2013 Piau\u00ed.Hor\u00e1rio de Atendimento: 07h30 \u00e0s 13h30. CHEFIA DE GABINETE Chefe de Gabinete:&nbsp;Dellane Mar\u00edlia de Souza Lopes AbreuSecret\u00e1ria:&nbsp;Iraildes Alves Pereira da SilvaE-mail:&nbsp;presidencia@piauiprev.pi.gov.br SUPERINTEND\u00caNCIA DE PREVID\u00caNCIA Superintendente:&nbsp;Marcos Steiner Rodrigues MesquitaE-mail:&nbsp;suprev@piauiprev.pi.gov.br DIRETORIA DE GOVERNAN\u00c7A Diretora:\u00a0Phablo&hellip;<\/p>\n","category_list_v2":"","author_info_v2":{"name":"admin","url":"https:\/\/portal.pi.gov.br\/piauiprev\/author\/admin\/"},"comments_num_v2":"0 coment\u00e1rio","_links":{"self":[{"href":"https:\/\/portal.pi.gov.br\/piauiprev\/wp-json\/wp\/v2\/pages\/914"}],"collection":[{"href":"https:\/\/portal.pi.gov.br\/piauiprev\/wp-json\/wp\/v2\/pages"}],"about":[{"href":"https:\/\/portal.pi.gov.br\/piauiprev\/wp-json\/wp\/v2\/types\/page"}],"author":[{"embeddable":true,"href":"https:\/\/portal.pi.gov.br\/piauiprev\/wp-json\/wp\/v2\/users\/1"}],"replies":[{"embeddable":true,"href":"https:\/\/portal.pi.gov.br\/piauiprev\/wp-json\/wp\/v2\/comments?post=914"}],"version-history":[{"count":21,"href":"https:\/\/portal.pi.gov.br\/piauiprev\/wp-json\/wp\/v2\/pages\/914\/revisions"}],"predecessor-version":[{"id":3875,"href":"https:\/\/portal.pi.gov.br\/piauiprev\/wp-json\/wp\/v2\/pages\/914\/revisions\/3875"}],"wp:attachment":[{"href":"https:\/\/portal.pi.gov.br\/piauiprev\/wp-json\/wp\/v2\/media?parent=914"}],"curies":[{"name":"wp","href":"https:\/\/api.w.org\/{rel}","templated":true}]}}