{"id":924,"date":"2023-03-09T09:15:38","date_gmt":"2023-03-09T12:15:38","guid":{"rendered":"https:\/\/portal.pi.gov.br\/piauiprev\/?page_id=924"},"modified":"2025-11-21T12:24:19","modified_gmt":"2025-11-21T15:24:19","slug":"comite-de-investimentos","status":"publish","type":"page","link":"https:\/\/portal.pi.gov.br\/piauiprev\/comite-de-investimentos\/","title":{"rendered":"Comit\u00ea de Investimentos"},"content":{"rendered":"\n<h5 class=\"wp-block-heading\"><a href=\"https:\/\/portal.pi.gov.br\/piauiprev\/transparencia\/\">&lt;Voltar<\/a><\/h5>\n\n\n\n<div class=\"wp-block-stackable-text stk-block-text stk-block stk-6973d37\" data-block-id=\"6973d37\"><p class=\"stk-block-text__text\"><a href=\"https:\/\/portal.pi.gov.br\/piauiprev\/wp-content\/uploads\/sites\/45\/2025\/11\/Ata-de-Aprovacao-do-Regimento-Interno-do-Comite-de-Investimento.pdf\" data-type=\"URL\" data-id=\"https:\/\/portal.pi.gov.br\/piauiprev\/wp-content\/uploads\/sites\/45\/2025\/11\/Ata-de-Aprovacao-do-Regimento-Interno-do-Comite-de-Investimento.pdf\" target=\"_blank\" rel=\"noreferrer noopener\"><strong>30\/10\/2025 &#8211; Ata n\u00ba 7<\/strong><\/a>\u00a0[Ata de Aprova\u00e7\u00e3o do Regimento Interno do Comit\u00ea de Investimento]<\/p><\/div>\n\n\n\n<div class=\"wp-block-stackable-text stk-block-text stk-block stk-bc85c48\" data-block-id=\"bc85c48\"><p class=\"stk-block-text__text\"><a href=\"https:\/\/portal.pi.gov.br\/piauiprev\/wp-content\/uploads\/sites\/45\/2025\/11\/Regimento-Interno-Comite-de-Investimento.pdf\" data-type=\"URL\" data-id=\"https:\/\/portal.pi.gov.br\/piauiprev\/wp-content\/uploads\/sites\/45\/2025\/11\/Regimento-Interno-Comite-de-Investimento.pdf\" target=\"_blank\" rel=\"noreferrer noopener\"><strong>[Regimento Interno &#8211; Comit\u00ea de Investimentos da PiauiPrev]<\/strong><\/a><\/p><\/div>\n\n\n\n<div class=\"wp-block-stackable-text stk-block-text stk-block stk-6c3ccf2\" data-block-id=\"6c3ccf2\"><p class=\"stk-block-text__text\"><a rel=\"noreferrer noopener\" href=\"https:\/\/portal.pi.gov.br\/piauiprev\/wp-content\/uploads\/sites\/45\/2025\/04\/DOEPI_59_2025.pdf\" data-type=\"URL\" data-id=\"https:\/\/portal.pi.gov.br\/piauiprev\/wp-content\/uploads\/sites\/45\/2025\/04\/DOEPI_59_2025.pdf\" target=\"_blank\"><strong>07\/04\/2025 &#8211; Decreto n\u00ba 23.713<\/strong><\/a>&nbsp;[Nomeia os membros do Comit\u00ea de Investimentos do Regime Pr\u00f3prio de Previd\u00eancia Social do Estado do Piau\u00ed \u2013 RPPS\/PI]<\/p><\/div>\n\n\n\n<div class=\"wp-block-stackable-text stk-block-text stk-block stk-d326d40\" data-block-id=\"d326d40\"><p class=\"stk-block-text__text\"><a rel=\"noreferrer noopener\" href=\"https:\/\/portal.pi.gov.br\/piauiprev\/wp-content\/uploads\/sites\/45\/2023\/11\/Decreto_n__22.114_2023___Nomeia_os_membros_do_Comite_de_Investimentos_do_Regime_Proprio_de_Previdencia_Social_do_Estado_do_Piaui___R.pdf\" target=\"_blank\"><strong>30\/05\/2023 &#8211; Decreto n\u00ba 22.114<\/strong><\/a>&nbsp;[Nomeia os membros do Comit\u00ea de Investimentos do Regime Pr\u00f3prio de Previd\u00eancia Social do Estado do Piau\u00ed \u2013 RPPS\/PI]<\/p><\/div>\n\n\n\n<div class=\"wp-block-stackable-text stk-block-text stk-block stk-10a02b6\" data-block-id=\"10a02b6\"><p class=\"stk-block-text__text\"><a rel=\"noreferrer noopener\" href=\"https:\/\/portal.pi.gov.br\/piauiprev\/wp-content\/uploads\/sites\/45\/2023\/03\/decreto19-118.pdf\" target=\"_blank\"><strong>23\/07\/2020 &#8211; Decreto n\u00ba 19.118<\/strong><\/a>&nbsp;[Altera o Decreto n\u00ba 17.849\/2018]<\/p><\/div>\n\n\n\n<div class=\"wp-block-stackable-text stk-block-text stk-block stk-1b574c9\" data-block-id=\"1b574c9\"><p class=\"stk-block-text__text\"><a rel=\"noreferrer noopener\" href=\"https:\/\/portal.pi.gov.br\/piauiprev\/wp-content\/uploads\/sites\/45\/2023\/03\/doe237-2019.pdf\" target=\"_blank\"><strong>13\/12\/2019 &#8211; DOE n\u00ba 237<\/strong><\/a>&nbsp;[Exonera JEFFERSON NEPOMUCENO DUTRA e nomeia JOS\u00c9 ALVES DE SOUSA J\u00daNIOR]<\/p><\/div>\n\n\n\n<div class=\"wp-block-stackable-text stk-block-text stk-block stk-5723bf7\" data-block-id=\"5723bf7\"><p class=\"stk-block-text__text\"><a rel=\"noreferrer noopener\" href=\"https:\/\/portal.pi.gov.br\/piauiprev\/wp-content\/uploads\/sites\/45\/2023\/03\/decreto17-849.pdf\" target=\"_blank\"><strong>05\/06\/2018 &#8211; Decreto n\u00ba 17.849<\/strong><\/a>&nbsp;[Nomeia os membros do Comit\u00ea de Investimentos no \u00e2mbito do RPPS\/PI]<\/p><\/div>\n\n\n\n<div class=\"wp-block-buttons is-content-justification-center is-layout-flex wp-container-1\">\n<div class=\"wp-block-button is-style-fill\"><a class=\"wp-block-button__link has-background has-text-align-center wp-element-button\" href=\"https:\/\/portal.pi.gov.br\/piauiprev\/comite-investimentos-membros\/\" style=\"background:linear-gradient(360deg,rgb(2,3,129) 0%,rgb(40,116,252) 100%)\">Membros<\/a><\/div>\n\n\n\n<div class=\"wp-block-button is-style-fill\"><a class=\"wp-block-button__link has-background has-text-align-center wp-element-button\" href=\"https:\/\/portal.pi.gov.br\/piauiprev\/comite-investimentos-certificados\/\" style=\"background:linear-gradient(360deg,rgb(2,3,129) 0%,rgb(40,116,252) 100%)\">Certifica\u00e7\u00f5es<\/a><\/div>\n\n\n\n<div class=\"wp-block-button is-style-fill\"><a class=\"wp-block-button__link has-background has-text-align-center wp-element-button\" href=\"https:\/\/portal.pi.gov.br\/piauiprev\/comite-investimentos-cronograma-de-reunioes\/\" style=\"background:linear-gradient(360deg,rgb(2,3,129) 0%,rgb(40,116,252) 100%)\">Cronograma de Reuni\u00f5es<\/a><\/div>\n\n\n\n<div class=\"wp-block-button is-style-fill\"><a class=\"wp-block-button__link has-background has-text-align-center wp-element-button\" href=\"https:\/\/portal.pi.gov.br\/piauiprev\/comite-investimentos-atas-das-reunioes\/\" style=\"background:linear-gradient(360deg,rgb(2,3,129) 0%,rgb(40,116,252) 100%)\">Atas das Reuni\u00f5es<\/a><\/div>\n<\/div>\n","protected":false},"excerpt":{"rendered":"<p>&lt;Voltar 30\/10\/2025 &#8211; Ata n\u00ba 7\u00a0[Ata de Aprova\u00e7\u00e3o do Regimento Interno do Comit\u00ea de Investimento] [Regimento Interno &#8211; Comit\u00ea de Investimentos da PiauiPrev] 07\/04\/2025 &#8211; Decreto n\u00ba 23.713&nbsp;[Nomeia os membros [&hellip;]<\/p>\n","protected":false},"author":1,"featured_media":0,"parent":0,"menu_order":0,"comment_status":"closed","ping_status":"closed","template":"template-fullwidth.php","meta":[],"featured_image_urls":{"full":"","thumbnail":"","medium":"","medium_large":"","large":"","sgg-420":"","sgg-540":"","sgg-780":"","1536x1536":"","2048x2048":"","homepage-slider":"","homepage-slider-small":"","page-top":"","page-small":"","loop-main":"","thumb-gallery-widget":""},"post_excerpt_stackable":"<p>&lt;Voltar 30\/10\/2025 &#8211; Ata n\u00ba 7\u00a0[Ata de Aprova\u00e7\u00e3o do Regimento Interno do Comit\u00ea de Investimento] [Regimento Interno &#8211; Comit\u00ea de Investimentos da PiauiPrev] 07\/04\/2025 &#8211; Decreto n\u00ba 23.713&nbsp;[Nomeia os membros do Comit\u00ea de Investimentos do Regime Pr\u00f3prio de Previd\u00eancia Social do Estado do Piau\u00ed \u2013 RPPS\/PI] 30\/05\/2023 &#8211; Decreto n\u00ba 22.114&nbsp;[Nomeia os membros do Comit\u00ea de Investimentos do Regime Pr\u00f3prio de Previd\u00eancia Social do Estado do Piau\u00ed \u2013 RPPS\/PI] 23\/07\/2020 &#8211; Decreto n\u00ba 19.118&nbsp;[Altera o Decreto n\u00ba 17.849\/2018] 13\/12\/2019 &#8211; DOE n\u00ba 237&nbsp;[Exonera JEFFERSON NEPOMUCENO DUTRA e nomeia JOS\u00c9 ALVES DE SOUSA J\u00daNIOR] 05\/06\/2018 &#8211; Decreto n\u00ba 17.849&nbsp;[Nomeia os membros&hellip;<\/p>\n","category_list":"","author_info":{"name":"admin","url":"https:\/\/portal.pi.gov.br\/piauiprev\/author\/admin\/"},"comments_num":"0 coment\u00e1rio","featured_image_urls_v2":{"full":"","thumbnail":"","medium":"","medium_large":"","large":"","sgg-420":"","sgg-540":"","sgg-780":"","1536x1536":"","2048x2048":"","homepage-slider":"","homepage-slider-small":"","page-top":"","page-small":"","loop-main":"","thumb-gallery-widget":""},"post_excerpt_stackable_v2":"<p>&lt;Voltar 30\/10\/2025 &#8211; Ata n\u00ba 7\u00a0[Ata de Aprova\u00e7\u00e3o do Regimento Interno do Comit\u00ea de Investimento] [Regimento Interno &#8211; Comit\u00ea de Investimentos da PiauiPrev] 07\/04\/2025 &#8211; Decreto n\u00ba 23.713&nbsp;[Nomeia os membros do Comit\u00ea de Investimentos do Regime Pr\u00f3prio de Previd\u00eancia Social do Estado do Piau\u00ed \u2013 RPPS\/PI] 30\/05\/2023 &#8211; Decreto n\u00ba 22.114&nbsp;[Nomeia os membros do Comit\u00ea de Investimentos do Regime Pr\u00f3prio de Previd\u00eancia Social do Estado do Piau\u00ed \u2013 RPPS\/PI] 23\/07\/2020 &#8211; Decreto n\u00ba 19.118&nbsp;[Altera o Decreto n\u00ba 17.849\/2018] 13\/12\/2019 &#8211; DOE n\u00ba 237&nbsp;[Exonera JEFFERSON NEPOMUCENO DUTRA e nomeia JOS\u00c9 ALVES DE SOUSA J\u00daNIOR] 05\/06\/2018 &#8211; Decreto n\u00ba 17.849&nbsp;[Nomeia os membros&hellip;<\/p>\n","category_list_v2":"","author_info_v2":{"name":"admin","url":"https:\/\/portal.pi.gov.br\/piauiprev\/author\/admin\/"},"comments_num_v2":"0 coment\u00e1rio","_links":{"self":[{"href":"https:\/\/portal.pi.gov.br\/piauiprev\/wp-json\/wp\/v2\/pages\/924"}],"collection":[{"href":"https:\/\/portal.pi.gov.br\/piauiprev\/wp-json\/wp\/v2\/pages"}],"about":[{"href":"https:\/\/portal.pi.gov.br\/piauiprev\/wp-json\/wp\/v2\/types\/page"}],"author":[{"embeddable":true,"href":"https:\/\/portal.pi.gov.br\/piauiprev\/wp-json\/wp\/v2\/users\/1"}],"replies":[{"embeddable":true,"href":"https:\/\/portal.pi.gov.br\/piauiprev\/wp-json\/wp\/v2\/comments?post=924"}],"version-history":[{"count":18,"href":"https:\/\/portal.pi.gov.br\/piauiprev\/wp-json\/wp\/v2\/pages\/924\/revisions"}],"predecessor-version":[{"id":4247,"href":"https:\/\/portal.pi.gov.br\/piauiprev\/wp-json\/wp\/v2\/pages\/924\/revisions\/4247"}],"wp:attachment":[{"href":"https:\/\/portal.pi.gov.br\/piauiprev\/wp-json\/wp\/v2\/media?parent=924"}],"curies":[{"name":"wp","href":"https:\/\/api.w.org\/{rel}","templated":true}]}}