{"id":926,"date":"2023-03-09T09:16:02","date_gmt":"2023-03-09T12:16:02","guid":{"rendered":"https:\/\/portal.pi.gov.br\/piauiprev\/?page_id=926"},"modified":"2026-02-06T12:40:00","modified_gmt":"2026-02-06T15:40:00","slug":"demonstrativos-contabeis","status":"publish","type":"page","link":"https:\/\/portal.pi.gov.br\/piauiprev\/demonstrativos-contabeis\/","title":{"rendered":"Demonstrativos Cont\u00e1beis"},"content":{"rendered":"\n<h5 class=\"wp-block-heading\"><a href=\"https:\/\/portal.pi.gov.br\/piauiprev\/transparencia\/\">&lt;Voltar<\/a><\/h5>\n\n\n\n<p><\/p>\n\n\n\n<div class=\"wp-block-stackable-heading stk-block-heading stk-block-heading--v2 stk-block stk-5b98f4b\" id=\"strong-fundacao-piaui-previdencia-ug-210207-strong\" data-block-id=\"5b98f4b\"><h3 class=\"stk-block-heading__text stk-block-heading--use-theme-margins\"><strong>FUNDA\u00c7\u00c3O PIAU\u00cd PREVID\u00caNCIA (UG 210207)<\/strong><\/h3><div class=\"stk-block-heading__bottom-line\"><\/div><\/div>\n\n\n\n<p class=\"has-text-align-center has-medium-font-size\"><a href=\"https:\/\/portal.pi.gov.br\/piauiprev\/wp-content\/uploads\/sites\/45\/2026\/02\/DEMONSTRACOES_DOS_FLUXOS_DE_CAIXA___PIAUIPREV.pdf\" target=\"_blank\" rel=\"noreferrer noopener\"><strong><em>Demonstra\u00e7\u00f5es dos Fluxos de Caixa &#8211; Exerc\u00edcio 2025<\/em><\/strong><\/a><\/p>\n\n\n\n<p class=\"has-text-align-center has-medium-font-size\"><a href=\"https:\/\/portal.pi.gov.br\/piauiprev\/wp-content\/uploads\/sites\/45\/2026\/02\/VARIACAO_PATRIMONIAL_PIAUIPREV.pdf\" target=\"_blank\" rel=\"noreferrer noopener\"><strong><em>Varia\u00e7\u00e3o Patrimonial &#8211; Exerc\u00edcio 2025<\/em><\/strong><\/a><\/p>\n\n\n\n<p class=\"has-text-align-center has-medium-font-size\"><a href=\"https:\/\/portal.pi.gov.br\/piauiprev\/wp-content\/uploads\/sites\/45\/2026\/02\/BALANCO_PATRIMONIAL.pdf\" target=\"_blank\" rel=\"noreferrer noopener\"><strong><em>Balan\u00e7o Patrimonial &#8211; Exerc\u00edcio 2025<\/em><\/strong><\/a><\/p>\n\n\n\n<p class=\"has-text-align-center has-medium-font-size\"><a href=\"https:\/\/portal.pi.gov.br\/piauiprev\/wp-content\/uploads\/sites\/45\/2026\/02\/BALANCO_ORCAMENTARIO___PIAUIPREV.pdf\" target=\"_blank\" rel=\"noreferrer noopener\"><strong><em>Balan\u00e7o Or\u00e7ament\u00e1rio &#8211; Exerc\u00edcio 2025<\/em><\/strong><\/a><\/p>\n\n\n\n<p class=\"has-text-align-center has-medium-font-size\"><a href=\"https:\/\/portal.pi.gov.br\/piauiprev\/wp-content\/uploads\/sites\/45\/2026\/02\/BALANCO_FINANCEIRO.pdf\" target=\"_blank\" rel=\"noreferrer noopener\"><strong><em>Balan\u00e7o Financeiro &#8211; Exerc\u00edcio 2025<\/em><\/strong><\/a><\/p>\n\n\n\n<hr class=\"wp-block-separator has-alpha-channel-opacity\" \/>\n\n\n\n<p class=\"has-text-align-center has-medium-font-size\"><strong><em><a href=\"https:\/\/portal.pi.gov.br\/piauiprev\/wp-content\/uploads\/sites\/45\/2025\/05\/BALANCOS_CONTABEIS____2024.pdf\" target=\"_blank\" rel=\"noreferrer noopener\">Demonstrativos Cont\u00e1beis &#8211; Exerc\u00edcio 2024<\/a><\/em><\/strong><\/p>\n\n\n\n<p class=\"has-text-align-center has-medium-font-size\"><a rel=\"noreferrer noopener\" href=\"https:\/\/portal.pi.gov.br\/piauiprev\/wp-content\/uploads\/sites\/45\/2024\/03\/Demonstracoes_contabeis_aplicadas_ao_setor_publico.pdf\" target=\"_blank\"><strong><em>Demonstrativos Cont\u00e1beis &#8211; Exerc\u00edcio 2023<\/em><\/strong><\/a><\/p>\n\n\n\n<p class=\"has-text-align-center has-medium-font-size\"><strong><em><a href=\"https:\/\/portal.pi.gov.br\/piauiprev\/wp-content\/uploads\/sites\/45\/2025\/05\/2022.pdf\" target=\"_blank\" rel=\"noreferrer noopener\">Demonstrativos Cont\u00e1beis &#8211; Exerc\u00edcio 2022<\/a><\/em><\/strong><\/p>\n\n\n\n<p class=\"has-text-align-center has-medium-font-size\"><strong><em><a href=\"https:\/\/portal.pi.gov.br\/piauiprev\/wp-content\/uploads\/sites\/45\/2025\/05\/2021.pdf\" target=\"_blank\" rel=\"noreferrer noopener\">Demonstrativos Cont\u00e1beis &#8211; Exerc\u00edcio 2021<\/a><\/em><\/strong><\/p>\n\n\n\n<p class=\"has-text-align-center has-medium-font-size\"><strong><em><a href=\"https:\/\/portal.pi.gov.br\/piauiprev\/wp-content\/uploads\/sites\/45\/2025\/05\/2020.pdf\" target=\"_blank\" rel=\"noreferrer noopener\">Demonstrativos Cont\u00e1beis &#8211; Exerc\u00edcio 2020<\/a><\/em><\/strong><\/p>\n\n\n\n<p class=\"has-text-align-center has-medium-font-size\"><strong><em><a href=\"https:\/\/portal.pi.gov.br\/piauiprev\/wp-content\/uploads\/sites\/45\/2025\/05\/2019.pdf\" target=\"_blank\" rel=\"noreferrer noopener\">Demonstrativos Cont\u00e1beis &#8211; Exerc\u00edcio 2019<\/a><\/em><\/strong><\/p>\n\n\n\n<div class=\"wp-block-stackable-heading stk-block-heading stk-block-heading--v2 stk-block stk-d5b0abd\" id=\"strong-fundo-de-previdencia-social-do-estado-ug-210208-strong\" data-block-id=\"d5b0abd\"><h3 class=\"stk-block-heading__text stk-block-heading--use-theme-margins\"><strong>FUNDO DE PREVID\u00caNCIA SOCIAL DO ESTADO (UG 210208)<\/strong><\/h3><div class=\"stk-block-heading__bottom-line\"><\/div><\/div>\n\n\n\n<p class=\"has-text-align-center has-medium-font-size\"><a href=\"https:\/\/portal.pi.gov.br\/piauiprev\/wp-content\/uploads\/sites\/45\/2026\/02\/Balanco_Patrimonial_2025.pdf\" target=\"_blank\" rel=\"noreferrer noopener\"><strong><em>Balan\u00e7o Patrimonial &#8211; Exerc\u00edcio 2025<\/em><\/strong><\/a><\/p>\n\n\n\n<p class=\"has-text-align-center has-medium-font-size\"><a href=\"https:\/\/portal.pi.gov.br\/piauiprev\/wp-content\/uploads\/sites\/45\/2026\/02\/Balanco_FluxoDeCaixa_2025.pdf\" target=\"_blank\" rel=\"noreferrer noopener\"><strong><em>Balan\u00e7o de Fluxo de Caixa &#8211; Exerc\u00edcio 2025<\/em><\/strong><\/a><\/p>\n\n\n\n<p class=\"has-text-align-center has-medium-font-size\"><a href=\"https:\/\/portal.pi.gov.br\/piauiprev\/wp-content\/uploads\/sites\/45\/2026\/02\/Variacao_Patrimonial_2025.pdf\" target=\"_blank\" rel=\"noreferrer noopener\"><strong><em>Varia\u00e7\u00e3o Patrimonial &#8211; Exerc\u00edcio 2025<\/em><\/strong><\/a><\/p>\n\n\n\n<p class=\"has-text-align-center has-medium-font-size\"><a href=\"https:\/\/portal.pi.gov.br\/piauiprev\/wp-content\/uploads\/sites\/45\/2026\/02\/Balanco_Orcamentario_2025.pdf\" target=\"_blank\" rel=\"noreferrer noopener\"><em><strong>Balan\u00e7o Or\u00e7ament\u00e1rio &#8211; Exerc\u00edcio 2025<\/strong><\/em><\/a><\/p>\n\n\n\n<p class=\"has-text-align-center has-medium-font-size\"><a href=\"https:\/\/portal.pi.gov.br\/piauiprev\/wp-content\/uploads\/sites\/45\/2026\/02\/Balanco_Financeiro_2025.pdf\" data-type=\"URL\" data-id=\"https:\/\/portal.pi.gov.br\/piauiprev\/wp-content\/uploads\/sites\/45\/2026\/02\/Balanco_Financeiro_2025.pdf\" target=\"_blank\" rel=\"noreferrer noopener\"><em><strong>Balan\u00e7o Financeiro &#8211; Exerc\u00edcio 2025<\/strong><\/em><\/a><\/p>\n\n\n\n<hr class=\"wp-block-separator has-alpha-channel-opacity\" \/>\n\n\n\n<p class=\"has-text-align-center has-medium-font-size\"><strong><em><a href=\"https:\/\/portal.pi.gov.br\/piauiprev\/wp-content\/uploads\/sites\/45\/2025\/02\/funprev_balanco_patrimonial_2024.pdf\" target=\"_blank\" rel=\"noreferrer noopener\">Balan\u00e7o Patrimonial &#8211; Exerc\u00edcio 2024<\/a><\/em><\/strong><\/p>\n\n\n\n<p class=\"has-text-align-center has-medium-font-size\"><strong><em><a href=\"https:\/\/portal.pi.gov.br\/piauiprev\/wp-content\/uploads\/sites\/45\/2025\/02\/funprev_balanco_orcamentario_2024.pdf\" target=\"_blank\" rel=\"noreferrer noopener\">Balan\u00e7o Or\u00e7ament\u00e1rio &#8211; Exerc\u00edcio 2024<\/a><\/em><\/strong><\/p>\n\n\n\n<p class=\"has-text-align-center has-medium-font-size\"><strong><em><a href=\"https:\/\/portal.pi.gov.br\/piauiprev\/wp-content\/uploads\/sites\/45\/2025\/02\/funprev_balanco_financeiro_2024.pdf\" target=\"_blank\" rel=\"noreferrer noopener\">Balan\u00e7o Financeiro &#8211; Exerc\u00edcio 2024<\/a><\/em><\/strong><\/p>\n\n\n\n<p class=\"has-text-align-center has-medium-font-size\"><strong><em><a href=\"https:\/\/portal.pi.gov.br\/piauiprev\/wp-content\/uploads\/sites\/45\/2025\/02\/funprev_variacoes_patrimoniais_2024.pdf\" target=\"_blank\" rel=\"noreferrer noopener\">Varia\u00e7\u00e3o Patrimonial &#8211; Exerc\u00edcio 2024<\/a><\/em><\/strong><\/p>\n\n\n\n<p class=\"has-text-align-center has-medium-font-size\"><strong><em><a rel=\"noreferrer noopener\" href=\"https:\/\/portal.pi.gov.br\/piauiprev\/wp-content\/uploads\/sites\/45\/2025\/02\/funprev_notas_explicativas_2024.pdf\" target=\"_blank\">Notas Explicativas &#8211; Exerc\u00edcio 2024<\/a><\/em><\/strong><\/p>\n\n\n\n<hr class=\"wp-block-separator has-alpha-channel-opacity\" \/>\n\n\n\n<p class=\"has-text-align-center has-medium-font-size\"><strong><em><a rel=\"noreferrer noopener\" href=\"https:\/\/portal.pi.gov.br\/piauiprev\/wp-content\/uploads\/sites\/45\/2024\/07\/BP_FUNPREV_2023.pdf\" target=\"_blank\">Balan\u00e7o Patrimonial &#8211; Exerc\u00edcio 2023<\/a><\/em><\/strong><\/p>\n\n\n\n<p class=\"has-text-align-center has-medium-font-size\"><strong><em><a href=\"https:\/\/portal.pi.gov.br\/piauiprev\/wp-content\/uploads\/sites\/45\/2024\/07\/BO_FUNPREV_2023.pdf\" target=\"_blank\" rel=\"noreferrer noopener\">Balan\u00e7o Or\u00e7ament\u00e1rio &#8211; Exerc\u00edcio 2023<\/a><\/em><\/strong><\/p>\n\n\n\n<p class=\"has-text-align-center has-medium-font-size\"><strong><em><a rel=\"noreferrer noopener\" href=\"https:\/\/portal.pi.gov.br\/piauiprev\/wp-content\/uploads\/sites\/45\/2024\/07\/BF_FUNPREV_2023.pdf\" target=\"_blank\">Balan\u00e7o Financeiro &#8211; Exerc\u00edcio 2023<\/a><\/em><\/strong><\/p>\n\n\n\n<hr class=\"wp-block-separator has-alpha-channel-opacity\" \/>\n\n\n\n<p class=\"has-text-align-center has-medium-font-size\"><strong><em><a href=\"https:\/\/portal.pi.gov.br\/piauiprev\/wp-content\/uploads\/sites\/45\/2024\/07\/Balanco_Patrimonial_2022.pdf\" target=\"_blank\" rel=\"noreferrer noopener\">Balan\u00e7o Patrimonial &#8211; Exerc\u00edcio 2022<\/a><\/em><\/strong><\/p>\n\n\n\n<p class=\"has-text-align-center has-medium-font-size\"><strong><em><a href=\"https:\/\/portal.pi.gov.br\/piauiprev\/wp-content\/uploads\/sites\/45\/2024\/07\/Balanco_Orcamentario_2022.pdf\" target=\"_blank\" rel=\"noreferrer noopener\">Balan\u00e7o Or\u00e7ament\u00e1rio &#8211; Exerc\u00edcio 2022<\/a><\/em><\/strong><\/p>\n\n\n\n<p class=\"has-text-align-center has-medium-font-size\"><strong><em><a rel=\"noreferrer noopener\" href=\"https:\/\/portal.pi.gov.br\/piauiprev\/wp-content\/uploads\/sites\/45\/2024\/07\/Balanco_Financeiro_2022.pdf\" target=\"_blank\">Balan\u00e7o Financeiro &#8211; Exerc\u00edcio 2022<\/a><\/em><\/strong><\/p>\n\n\n\n<hr class=\"wp-block-separator has-alpha-channel-opacity\" \/>\n\n\n\n<p class=\"has-text-align-center has-medium-font-size\"><strong><em><a href=\"https:\/\/portal.pi.gov.br\/piauiprev\/wp-content\/uploads\/sites\/45\/2024\/07\/funprev_BP_Patrimonial_2021.pdf\" target=\"_blank\" rel=\"noreferrer noopener\">Balan\u00e7o Patrimonial &#8211; Exerc\u00edcio 2021<\/a><\/em><\/strong><\/p>\n\n\n\n<p class=\"has-text-align-center has-medium-font-size\"><strong><em><a href=\"https:\/\/portal.pi.gov.br\/piauiprev\/wp-content\/uploads\/sites\/45\/2024\/07\/funprev_BO_2021.pdf\" target=\"_blank\" rel=\"noreferrer noopener\">Balan\u00e7o Or\u00e7ament\u00e1rio &#8211; Exerc\u00edcio 2021<\/a><\/em><\/strong><\/p>\n\n\n\n<p class=\"has-text-align-center has-medium-font-size\"><strong><em><a rel=\"noreferrer noopener\" href=\"https:\/\/portal.pi.gov.br\/piauiprev\/wp-content\/uploads\/sites\/45\/2024\/07\/Balanco_financeiro_2021.pdf\" target=\"_blank\">Balan\u00e7o Financeiro &#8211; Exerc\u00edcio 2021<\/a><\/em><\/strong><\/p>\n\n\n\n<hr class=\"wp-block-separator has-alpha-channel-opacity\" \/>\n\n\n\n<p class=\"has-text-align-center has-medium-font-size\"><strong><em><a href=\"https:\/\/portal.pi.gov.br\/piauiprev\/wp-content\/uploads\/sites\/45\/2024\/07\/BALANCO_PATRIMONIAL___2020.pdf\" target=\"_blank\" rel=\"noreferrer noopener\">Balan\u00e7o Patrimonial &#8211; Exerc\u00edcio 2020<\/a><\/em><\/strong><\/p>\n\n\n\n<p class=\"has-text-align-center has-medium-font-size\"><strong><em><a href=\"https:\/\/portal.pi.gov.br\/piauiprev\/wp-content\/uploads\/sites\/45\/2024\/07\/BALANCO_ORCAMENTARIO___2020.pdf\" target=\"_blank\" rel=\"noreferrer noopener\">Balan\u00e7o Or\u00e7ament\u00e1rio &#8211; Exerc\u00edcio 2020<\/a><\/em><\/strong><\/p>\n\n\n\n<p class=\"has-text-align-center has-medium-font-size\"><strong><em><a rel=\"noreferrer noopener\" href=\"https:\/\/portal.pi.gov.br\/piauiprev\/wp-content\/uploads\/sites\/45\/2024\/07\/BALANCO_FINANCEIRO___2020.pdf\" target=\"_blank\">Balan\u00e7o Financeiro &#8211; Exerc\u00edcio 2020<\/a><\/em><\/strong><\/p>\n\n\n\n<hr class=\"wp-block-separator has-alpha-channel-opacity\" \/>\n\n\n\n<p class=\"has-text-align-center has-medium-font-size\"><a rel=\"noreferrer noopener\" href=\"https:\/\/portal.pi.gov.br\/piauiprev\/wp-content\/uploads\/sites\/45\/2023\/04\/FP14_demonstracao-das-variacoes-patrimoniais-2019.pdf\" target=\"_blank\"><strong><em>Demonstra\u00e7\u00e3o das Varia\u00e7\u00f5es Patrimoniais &#8211; Exerc\u00edcio 2019<\/em><\/strong><\/a><\/p>\n\n\n\n<p class=\"has-text-align-center has-medium-font-size\"><a rel=\"noreferrer noopener\" href=\"https:\/\/portal.pi.gov.br\/piauiprev\/wp-content\/uploads\/sites\/45\/2023\/04\/FP14_balanco-patrimonial-2019.pdf\" target=\"_blank\"><strong><em>Balan\u00e7o Patrimonial &#8211; Exerc\u00edcio 2019<\/em><\/strong><\/a><\/p>\n\n\n\n<p class=\"has-text-align-center has-medium-font-size\"><a rel=\"noreferrer noopener\" href=\"https:\/\/portal.pi.gov.br\/piauiprev\/wp-content\/uploads\/sites\/45\/2023\/04\/FP14_balanco-orcamentario-2019.pdf\" target=\"_blank\"><strong><em>Balan\u00e7o Or\u00e7ament\u00e1rio &#8211; Exerc\u00edcio 2019<\/em><\/strong><\/a><\/p>\n\n\n\n<p class=\"has-text-align-center has-medium-font-size\"><a rel=\"noreferrer noopener\" href=\"https:\/\/portal.pi.gov.br\/piauiprev\/wp-content\/uploads\/sites\/45\/2023\/04\/FP14_balanco-financeiro-2019.pdf\" target=\"_blank\"><strong><em>Balan\u00e7o Financeiro &#8211; Exerc\u00edcio 2019<\/em><\/strong><\/a><\/p>\n","protected":false},"excerpt":{"rendered":"<p>&lt;Voltar FUNDA\u00c7\u00c3O PIAU\u00cd PREVID\u00caNCIA (UG 210207) Demonstra\u00e7\u00f5es dos Fluxos de Caixa &#8211; Exerc\u00edcio 2025 Varia\u00e7\u00e3o Patrimonial &#8211; Exerc\u00edcio 2025 Balan\u00e7o Patrimonial &#8211; Exerc\u00edcio 2025 Balan\u00e7o Or\u00e7ament\u00e1rio &#8211; Exerc\u00edcio 2025 Balan\u00e7o [&hellip;]<\/p>\n","protected":false},"author":1,"featured_media":0,"parent":0,"menu_order":0,"comment_status":"closed","ping_status":"closed","template":"template-fullwidth.php","meta":[],"featured_image_urls":{"full":"","thumbnail":"","medium":"","medium_large":"","large":"","sgg-420":"","sgg-540":"","sgg-780":"","1536x1536":"","2048x2048":"","homepage-slider":"","homepage-slider-small":"","page-top":"","page-small":"","loop-main":"","thumb-gallery-widget":""},"post_excerpt_stackable":"<p>&lt;Voltar FUNDA\u00c7\u00c3O PIAU\u00cd PREVID\u00caNCIA (UG 210207) Demonstra\u00e7\u00f5es dos Fluxos de Caixa &#8211; Exerc\u00edcio 2025 Varia\u00e7\u00e3o Patrimonial &#8211; Exerc\u00edcio 2025 Balan\u00e7o Patrimonial &#8211; Exerc\u00edcio 2025 Balan\u00e7o Or\u00e7ament\u00e1rio &#8211; Exerc\u00edcio 2025 Balan\u00e7o Financeiro &#8211; Exerc\u00edcio 2025 Demonstrativos Cont\u00e1beis &#8211; Exerc\u00edcio 2024 Demonstrativos Cont\u00e1beis &#8211; Exerc\u00edcio 2023 Demonstrativos Cont\u00e1beis &#8211; Exerc\u00edcio 2022 Demonstrativos Cont\u00e1beis &#8211; Exerc\u00edcio 2021 Demonstrativos Cont\u00e1beis &#8211; Exerc\u00edcio 2020 Demonstrativos Cont\u00e1beis &#8211; Exerc\u00edcio 2019 FUNDO DE PREVID\u00caNCIA SOCIAL DO ESTADO (UG 210208) Balan\u00e7o Patrimonial &#8211; Exerc\u00edcio 2025 Balan\u00e7o de Fluxo de Caixa &#8211; Exerc\u00edcio 2025 Varia\u00e7\u00e3o Patrimonial &#8211; Exerc\u00edcio 2025 Balan\u00e7o Or\u00e7ament\u00e1rio &#8211; Exerc\u00edcio 2025 Balan\u00e7o Financeiro &#8211; Exerc\u00edcio 2025&hellip;<\/p>\n","category_list":"","author_info":{"name":"admin","url":"https:\/\/portal.pi.gov.br\/piauiprev\/author\/admin\/"},"comments_num":"0 coment\u00e1rio","featured_image_urls_v2":{"full":"","thumbnail":"","medium":"","medium_large":"","large":"","sgg-420":"","sgg-540":"","sgg-780":"","1536x1536":"","2048x2048":"","homepage-slider":"","homepage-slider-small":"","page-top":"","page-small":"","loop-main":"","thumb-gallery-widget":""},"post_excerpt_stackable_v2":"<p>&lt;Voltar FUNDA\u00c7\u00c3O PIAU\u00cd PREVID\u00caNCIA (UG 210207) Demonstra\u00e7\u00f5es dos Fluxos de Caixa &#8211; Exerc\u00edcio 2025 Varia\u00e7\u00e3o Patrimonial &#8211; Exerc\u00edcio 2025 Balan\u00e7o Patrimonial &#8211; Exerc\u00edcio 2025 Balan\u00e7o Or\u00e7ament\u00e1rio &#8211; Exerc\u00edcio 2025 Balan\u00e7o Financeiro &#8211; Exerc\u00edcio 2025 Demonstrativos Cont\u00e1beis &#8211; Exerc\u00edcio 2024 Demonstrativos Cont\u00e1beis &#8211; Exerc\u00edcio 2023 Demonstrativos Cont\u00e1beis &#8211; Exerc\u00edcio 2022 Demonstrativos Cont\u00e1beis &#8211; Exerc\u00edcio 2021 Demonstrativos Cont\u00e1beis &#8211; Exerc\u00edcio 2020 Demonstrativos Cont\u00e1beis &#8211; Exerc\u00edcio 2019 FUNDO DE PREVID\u00caNCIA SOCIAL DO ESTADO (UG 210208) Balan\u00e7o Patrimonial &#8211; Exerc\u00edcio 2025 Balan\u00e7o de Fluxo de Caixa &#8211; Exerc\u00edcio 2025 Varia\u00e7\u00e3o Patrimonial &#8211; Exerc\u00edcio 2025 Balan\u00e7o Or\u00e7ament\u00e1rio &#8211; Exerc\u00edcio 2025 Balan\u00e7o Financeiro &#8211; Exerc\u00edcio 2025&hellip;<\/p>\n","category_list_v2":"","author_info_v2":{"name":"admin","url":"https:\/\/portal.pi.gov.br\/piauiprev\/author\/admin\/"},"comments_num_v2":"0 coment\u00e1rio","_links":{"self":[{"href":"https:\/\/portal.pi.gov.br\/piauiprev\/wp-json\/wp\/v2\/pages\/926"}],"collection":[{"href":"https:\/\/portal.pi.gov.br\/piauiprev\/wp-json\/wp\/v2\/pages"}],"about":[{"href":"https:\/\/portal.pi.gov.br\/piauiprev\/wp-json\/wp\/v2\/types\/page"}],"author":[{"embeddable":true,"href":"https:\/\/portal.pi.gov.br\/piauiprev\/wp-json\/wp\/v2\/users\/1"}],"replies":[{"embeddable":true,"href":"https:\/\/portal.pi.gov.br\/piauiprev\/wp-json\/wp\/v2\/comments?post=926"}],"version-history":[{"count":37,"href":"https:\/\/portal.pi.gov.br\/piauiprev\/wp-json\/wp\/v2\/pages\/926\/revisions"}],"predecessor-version":[{"id":4393,"href":"https:\/\/portal.pi.gov.br\/piauiprev\/wp-json\/wp\/v2\/pages\/926\/revisions\/4393"}],"wp:attachment":[{"href":"https:\/\/portal.pi.gov.br\/piauiprev\/wp-json\/wp\/v2\/media?parent=926"}],"curies":[{"name":"wp","href":"https:\/\/api.w.org\/{rel}","templated":true}]}}