{"id":921,"date":"2023-06-26T08:29:55","date_gmt":"2023-06-26T11:29:55","guid":{"rendered":"https:\/\/portal.pi.gov.br\/sada\/?page_id=921"},"modified":"2023-11-24T13:23:27","modified_gmt":"2023-11-24T16:23:27","slug":"quem-somos","status":"publish","type":"page","link":"https:\/\/portal.pi.gov.br\/sada\/quem-somos\/","title":{"rendered":"Quem Somos"},"content":{"rendered":"\n<p>A Secretaria da Assist\u00eancia T\u00e9cnica e Defesa Agropecu\u00e1ria (Sada) engloba o servi\u00e7os prestados pela extinta Emater e pela Ag\u00eancia de Defesa Agropecu\u00e1ria do Piau\u00ed (Adapi). Atualmente a sede da Sada \u00e9 em Teresina-PI e atua tamb\u00e9m atrav\u00e9s de 12 regionais e 4 sub-regionais no Estado do Piau\u00ed. <\/p>\n\n\n\n<p>Somos o \u00f3rg\u00e3o oficial do Governo do Estado do Piau\u00ed respons\u00e1vel pelo servi\u00e7o de Assist\u00eancia T\u00e9cnica, Extens\u00e3o Rural e de Defesa Agropecu\u00e1ria do Estado, tendo como p\u00fablico priorit\u00e1rio os agricultores familiares, povos tradicionais e origin\u00e1rios, mulheres rurais, pescadores artesanais e ribeirinhos, extrativistas, pequenos e m\u00e9dios produtores.<\/p>\n\n\n\n<p><\/p>\n\n\n\n<p><\/p>\n","protected":false},"excerpt":{"rendered":"<p>A Secretaria da Assist\u00eancia T\u00e9cnica e Defesa Agropecu\u00e1ria (Sada) engloba o servi\u00e7os prestados pela extinta Emater e pela Ag\u00eancia de Defesa Agropecu\u00e1ria do Piau\u00ed (Adapi). Atualmente a sede da Sada [&hellip;]<\/p>\n","protected":false},"author":1,"featured_media":0,"parent":0,"menu_order":0,"comment_status":"closed","ping_status":"closed","template":"template-fullwidth.php","meta":[],"featured_image_urls":{"full":"","thumbnail":"","medium":"","medium_large":"","large":"","sgg-420":"","sgg-540":"","sgg-780":"","1536x1536":"","2048x2048":"","homepage-slider":"","homepage-slider-small":"","page-top":"","page-small":"","loop-main":"","thumb-gallery-widget":""},"post_excerpt_stackable":"<p>A Secretaria da Assist\u00eancia T\u00e9cnica e Defesa Agropecu\u00e1ria (Sada) engloba o servi\u00e7os prestados pela extinta Emater e pela Ag\u00eancia de Defesa Agropecu\u00e1ria do Piau\u00ed (Adapi). Atualmente a sede da Sada \u00e9 em Teresina-PI e atua tamb\u00e9m atrav\u00e9s de 12 regionais e 4 sub-regionais no Estado do Piau\u00ed. Somos o \u00f3rg\u00e3o oficial do Governo do Estado do Piau\u00ed respons\u00e1vel pelo servi\u00e7o de Assist\u00eancia T\u00e9cnica, Extens\u00e3o Rural e de Defesa Agropecu\u00e1ria do Estado, tendo como p\u00fablico priorit\u00e1rio os agricultores familiares, povos tradicionais e origin\u00e1rios, mulheres rurais, pescadores artesanais e ribeirinhos, extrativistas, pequenos e m\u00e9dios produtores.<\/p>\n","category_list":"","author_info":{"name":"admin","url":"https:\/\/portal.pi.gov.br\/sada\/author\/admin\/"},"comments_num":"0 coment\u00e1rio","featured_image_urls_v2":{"full":"","thumbnail":"","medium":"","medium_large":"","large":"","sgg-420":"","sgg-540":"","sgg-780":"","1536x1536":"","2048x2048":"","homepage-slider":"","homepage-slider-small":"","page-top":"","page-small":"","loop-main":"","thumb-gallery-widget":""},"post_excerpt_stackable_v2":"<p>A Secretaria da Assist\u00eancia T\u00e9cnica e Defesa Agropecu\u00e1ria (Sada) engloba o servi\u00e7os prestados pela extinta Emater e pela Ag\u00eancia de Defesa Agropecu\u00e1ria do Piau\u00ed (Adapi). Atualmente a sede da Sada \u00e9 em Teresina-PI e atua tamb\u00e9m atrav\u00e9s de 12 regionais e 4 sub-regionais no Estado do Piau\u00ed. Somos o \u00f3rg\u00e3o oficial do Governo do Estado do Piau\u00ed respons\u00e1vel pelo servi\u00e7o de Assist\u00eancia T\u00e9cnica, Extens\u00e3o Rural e de Defesa Agropecu\u00e1ria do Estado, tendo como p\u00fablico priorit\u00e1rio os agricultores familiares, povos tradicionais e origin\u00e1rios, mulheres rurais, pescadores artesanais e ribeirinhos, extrativistas, pequenos e m\u00e9dios produtores.<\/p>\n","category_list_v2":"","author_info_v2":{"name":"admin","url":"https:\/\/portal.pi.gov.br\/sada\/author\/admin\/"},"comments_num_v2":"0 coment\u00e1rio","_links":{"self":[{"href":"https:\/\/portal.pi.gov.br\/sada\/wp-json\/wp\/v2\/pages\/921"}],"collection":[{"href":"https:\/\/portal.pi.gov.br\/sada\/wp-json\/wp\/v2\/pages"}],"about":[{"href":"https:\/\/portal.pi.gov.br\/sada\/wp-json\/wp\/v2\/types\/page"}],"author":[{"embeddable":true,"href":"https:\/\/portal.pi.gov.br\/sada\/wp-json\/wp\/v2\/users\/1"}],"replies":[{"embeddable":true,"href":"https:\/\/portal.pi.gov.br\/sada\/wp-json\/wp\/v2\/comments?post=921"}],"version-history":[{"count":5,"href":"https:\/\/portal.pi.gov.br\/sada\/wp-json\/wp\/v2\/pages\/921\/revisions"}],"predecessor-version":[{"id":1094,"href":"https:\/\/portal.pi.gov.br\/sada\/wp-json\/wp\/v2\/pages\/921\/revisions\/1094"}],"wp:attachment":[{"href":"https:\/\/portal.pi.gov.br\/sada\/wp-json\/wp\/v2\/media?parent=921"}],"curies":[{"name":"wp","href":"https:\/\/api.w.org\/{rel}","templated":true}]}}