{"id":941,"date":"2023-06-26T08:34:23","date_gmt":"2023-06-26T11:34:23","guid":{"rendered":"https:\/\/portal.pi.gov.br\/sada\/?page_id=941"},"modified":"2024-05-09T09:25:29","modified_gmt":"2024-05-09T12:25:29","slug":"programa-piaui-genetica","status":"publish","type":"page","link":"https:\/\/portal.pi.gov.br\/sada\/programa-piaui-genetica\/","title":{"rendered":"Programa Piau\u00ed +Gen\u00e9tica"},"content":{"rendered":"\n<p>O programa Piau\u00ed +Gen\u00e9tica engloba projetos e a\u00e7\u00f5es estrat\u00e9gicas para o desenvolvimento de t\u00e9cnicas de manejo e melhoramento gen\u00e9tico dos rebanhos de bovino, caprinos e ovinos, com o uso da biotecnologia de insemina\u00e7\u00e3o artificial e utiliza\u00e7\u00e3o de reprodutores melhoradores.<\/p>\n\n\n\n<p>O programa conta com um aporte financeiro inicial do governo de R$ 4 milh\u00f5es e tem como p\u00fablico alvo 20 mil pequenos e m\u00e9dios produtores dos 12 territ\u00f3rios de desenvolvimento do Piau\u00ed.<\/p>\n\n\n\n<p><strong>Meta:<\/strong> Nessa primeira etapa, a previs\u00e3o \u00e9 que a Sada possa atender por volta de 2 mil pequenos e m\u00e9dios criadores, executando a insemina\u00e7\u00e3o artificial em 26 mil bovinos.<\/p>\n\n\n\n<p><strong>Objetivo:<\/strong> Elevar o padr\u00e3o da gen\u00e9tica piauiense, democratizar o acesso \u00e0 tecnologia pecu\u00e1ria para os pequenos produtores, aumentando o n\u00famero e qualidade dos animais no rebanho piauiense, e com isso, gerar mais oportunidades, novos com\u00e9rcios, e mais riqueza para o Estado. <\/p>\n\n\n\n<p><\/p>\n","protected":false},"excerpt":{"rendered":"<p>O programa Piau\u00ed +Gen\u00e9tica engloba projetos e a\u00e7\u00f5es estrat\u00e9gicas para o desenvolvimento de t\u00e9cnicas de manejo e melhoramento gen\u00e9tico dos rebanhos de bovino, caprinos e ovinos, com o uso da [&hellip;]<\/p>\n","protected":false},"author":1,"featured_media":0,"parent":0,"menu_order":0,"comment_status":"closed","ping_status":"closed","template":"template-fullwidth.php","meta":[],"featured_image_urls":{"full":"","thumbnail":"","medium":"","medium_large":"","large":"","sgg-420":"","sgg-540":"","sgg-780":"","1536x1536":"","2048x2048":"","homepage-slider":"","homepage-slider-small":"","page-top":"","page-small":"","loop-main":"","thumb-gallery-widget":""},"post_excerpt_stackable":"<p>O programa Piau\u00ed +Gen\u00e9tica engloba projetos e a\u00e7\u00f5es estrat\u00e9gicas para o desenvolvimento de t\u00e9cnicas de manejo e melhoramento gen\u00e9tico dos rebanhos de bovino, caprinos e ovinos, com o uso da biotecnologia de insemina\u00e7\u00e3o artificial e utiliza\u00e7\u00e3o de reprodutores melhoradores. O programa conta com um aporte financeiro inicial do governo de R$ 4 milh\u00f5es e tem como p\u00fablico alvo 20 mil pequenos e m\u00e9dios produtores dos 12 territ\u00f3rios de desenvolvimento do Piau\u00ed. Meta: Nessa primeira etapa, a previs\u00e3o \u00e9 que a Sada possa atender por volta de 2 mil pequenos e m\u00e9dios criadores, executando a insemina\u00e7\u00e3o artificial em 26 mil bovinos.&hellip;<\/p>\n","category_list":"","author_info":{"name":"admin","url":"https:\/\/portal.pi.gov.br\/sada\/author\/admin\/"},"comments_num":"0 coment\u00e1rio","featured_image_urls_v2":{"full":"","thumbnail":"","medium":"","medium_large":"","large":"","sgg-420":"","sgg-540":"","sgg-780":"","1536x1536":"","2048x2048":"","homepage-slider":"","homepage-slider-small":"","page-top":"","page-small":"","loop-main":"","thumb-gallery-widget":""},"post_excerpt_stackable_v2":"<p>O programa Piau\u00ed +Gen\u00e9tica engloba projetos e a\u00e7\u00f5es estrat\u00e9gicas para o desenvolvimento de t\u00e9cnicas de manejo e melhoramento gen\u00e9tico dos rebanhos de bovino, caprinos e ovinos, com o uso da biotecnologia de insemina\u00e7\u00e3o artificial e utiliza\u00e7\u00e3o de reprodutores melhoradores. O programa conta com um aporte financeiro inicial do governo de R$ 4 milh\u00f5es e tem como p\u00fablico alvo 20 mil pequenos e m\u00e9dios produtores dos 12 territ\u00f3rios de desenvolvimento do Piau\u00ed. Meta: Nessa primeira etapa, a previs\u00e3o \u00e9 que a Sada possa atender por volta de 2 mil pequenos e m\u00e9dios criadores, executando a insemina\u00e7\u00e3o artificial em 26 mil bovinos.&hellip;<\/p>\n","category_list_v2":"","author_info_v2":{"name":"admin","url":"https:\/\/portal.pi.gov.br\/sada\/author\/admin\/"},"comments_num_v2":"0 coment\u00e1rio","_links":{"self":[{"href":"https:\/\/portal.pi.gov.br\/sada\/wp-json\/wp\/v2\/pages\/941"}],"collection":[{"href":"https:\/\/portal.pi.gov.br\/sada\/wp-json\/wp\/v2\/pages"}],"about":[{"href":"https:\/\/portal.pi.gov.br\/sada\/wp-json\/wp\/v2\/types\/page"}],"author":[{"embeddable":true,"href":"https:\/\/portal.pi.gov.br\/sada\/wp-json\/wp\/v2\/users\/1"}],"replies":[{"embeddable":true,"href":"https:\/\/portal.pi.gov.br\/sada\/wp-json\/wp\/v2\/comments?post=941"}],"version-history":[{"count":7,"href":"https:\/\/portal.pi.gov.br\/sada\/wp-json\/wp\/v2\/pages\/941\/revisions"}],"predecessor-version":[{"id":2025,"href":"https:\/\/portal.pi.gov.br\/sada\/wp-json\/wp\/v2\/pages\/941\/revisions\/2025"}],"wp:attachment":[{"href":"https:\/\/portal.pi.gov.br\/sada\/wp-json\/wp\/v2\/media?parent=941"}],"curies":[{"name":"wp","href":"https:\/\/api.w.org\/{rel}","templated":true}]}}