{"id":2892,"date":"2023-08-29T09:15:39","date_gmt":"2023-08-29T12:15:39","guid":{"rendered":"https:\/\/portal.pi.gov.br\/saf\/?page_id=2892"},"modified":"2024-05-28T11:55:21","modified_gmt":"2024-05-28T14:55:21","slug":"saaos","status":"publish","type":"page","link":"https:\/\/portal.pi.gov.br\/saf\/saaos\/","title":{"rendered":"Superintend\u00eancia de A\u00e7\u00f5es Afirmativas e Organiza\u00e7\u00e3o Social"},"content":{"rendered":"\n<p><\/p>\n\n\n\n<figure class=\"wp-block-image size-full\"><img decoding=\"async\" loading=\"lazy\" width=\"1374\" height=\"773\" src=\"https:\/\/portal.pi.gov.br\/saf\/wp-content\/uploads\/sites\/25\/2024\/05\/SAF_atualizacao-SITE_SAAOS.jpg\" alt=\"\" class=\"wp-image-3481\" srcset=\"https:\/\/portal.pi.gov.br\/saf\/wp-content\/uploads\/sites\/25\/2024\/05\/SAF_atualizacao-SITE_SAAOS.jpg 1374w, https:\/\/portal.pi.gov.br\/saf\/wp-content\/uploads\/sites\/25\/2024\/05\/SAF_atualizacao-SITE_SAAOS-500x281.jpg 500w, https:\/\/portal.pi.gov.br\/saf\/wp-content\/uploads\/sites\/25\/2024\/05\/SAF_atualizacao-SITE_SAAOS-768x432.jpg 768w, https:\/\/portal.pi.gov.br\/saf\/wp-content\/uploads\/sites\/25\/2024\/05\/SAF_atualizacao-SITE_SAAOS-420x236.jpg 420w, https:\/\/portal.pi.gov.br\/saf\/wp-content\/uploads\/sites\/25\/2024\/05\/SAF_atualizacao-SITE_SAAOS-540x304.jpg 540w, https:\/\/portal.pi.gov.br\/saf\/wp-content\/uploads\/sites\/25\/2024\/05\/SAF_atualizacao-SITE_SAAOS-780x439.jpg 780w, https:\/\/portal.pi.gov.br\/saf\/wp-content\/uploads\/sites\/25\/2024\/05\/SAF_atualizacao-SITE_SAAOS-947x533.jpg 947w, https:\/\/portal.pi.gov.br\/saf\/wp-content\/uploads\/sites\/25\/2024\/05\/SAF_atualizacao-SITE_SAAOS-624x351.jpg 624w\" sizes=\"(max-width: 1374px) 100vw, 1374px\" \/><\/figure>\n\n\n\n<p>Superintendente: M\u00e1rcia Mendes<\/p>\n\n\n\n<p>A Superintend\u00eancia de A\u00e7\u00f5es Afirmativas e Organiza\u00e7\u00e3o Social (SAAOS) tem as seguintes atribui\u00e7\u00f5es e fun\u00e7\u00f5es: contribuir no desenvolvimento de capacidades organizativas e de gest\u00e3o de empreendimentos da AF; apoiar e articular pol\u00edticas p\u00fablicas que fortale\u00e7am o protagonismo de mulheres, jovens e coletivos sociais; apoiar e articular processos de media\u00e7\u00e3o dos conflitos na \u00e1rea da agricultura familiar; apoiar estrat\u00e9gias de economia solid\u00e1ria no Piau\u00ed; ampliar o di\u00e1logo e a articula\u00e7\u00e3o com os movimentos sociais do campo, das \u00e1guas e das florestas; articular a assist\u00eancia t\u00e9cnica e extens\u00e3o rural.<\/p>\n\n\n\n<p>Email: marcia.mendes@saf.pi.gov.br<\/p>\n\n\n\n<p>Telefone institucional: 86 9 9424 0326<\/p>\n\n\n\n<p>\u00c9 formado pela Diretoria de Articula\u00e7\u00e3o com Povos e Comunidades Tradicionais, e pelos agentes de Desenvolvimento da Agricultura Familiar.<\/p>\n\n\n\n<p>Diretoria de Articula\u00e7\u00e3o com Povos e Comunidades Tradicionais<\/p>\n\n\n\n<p>Diretor: Wendel Rebou\u00e7as<\/p>\n\n\n\n<p>Agentes de Desenvolvimento da Agricultura Familiar<\/p>\n\n\n\n<p>1. Plan\u00edcie Litor\u00e2nea \u2013 Jefferson Nunes dos Santos<\/p>\n\n\n\n<p>2. Cocais \u2013 Francisco Helito da Silva<\/p>\n\n\n\n<p>3. Carnaubais \u2013 Gecivaldo Jos\u00e9 da Gama<\/p>\n\n\n\n<p>4. Entre Rios \u2013 Francisco de Assis Santos<\/p>\n\n\n\n<p>5. Vale do Rio Guaribas \u2013 Jannice Maria de Jesus<\/p>\n\n\n\n<p>6. Vale do Canind\u00e9 \u2013 Juvenal Antonio de Sousa<\/p>\n\n\n\n<p>7. Serra da Capivara \u2013 Erasmo Carlos Ribeiro Viana Passos<\/p>\n\n\n\n<p>8. Vale dos Rios Piau\u00ed e Itaueira \u2013 Adriano Venicius Santana Gualbarto<\/p>\n\n\n\n<p>9. Tabuleiros do Alto Parna\u00edba \u2013 Valmir Alves de Abreu<\/p>\n\n\n\n<p>10. Chapada das Mangabeiras \u2013 Geminiano Viana de Sena e Ailson Alves Medeiros<\/p>\n\n\n\n<p>11. Chapada Vale do Itaim \u2013 Jos\u00e9 S\u00e9rgio Alves do Nascimento<\/p>\n","protected":false},"excerpt":{"rendered":"<p>Superintendente: M\u00e1rcia Mendes A Superintend\u00eancia de A\u00e7\u00f5es Afirmativas e Organiza\u00e7\u00e3o Social (SAAOS) tem as seguintes atribui\u00e7\u00f5es e fun\u00e7\u00f5es: contribuir no desenvolvimento de capacidades organizativas e de gest\u00e3o de empreendimentos da [&hellip;]<\/p>\n","protected":false},"author":1,"featured_media":0,"parent":0,"menu_order":0,"comment_status":"closed","ping_status":"closed","template":"template-fullwidth.php","meta":[],"featured_image_urls":{"full":"","thumbnail":"","medium":"","medium_large":"","large":"","sgg-420":"","sgg-540":"","sgg-780":"","1536x1536":"","2048x2048":"","homepage-slider":"","homepage-slider-small":"","page-top":"","page-small":"","loop-main":"","thumb-gallery-widget":""},"post_excerpt_stackable":"<p>Superintendente: M\u00e1rcia Mendes A Superintend\u00eancia de A\u00e7\u00f5es Afirmativas e Organiza\u00e7\u00e3o Social (SAAOS) tem as seguintes atribui\u00e7\u00f5es e fun\u00e7\u00f5es: contribuir no desenvolvimento de capacidades organizativas e de gest\u00e3o de empreendimentos da AF; apoiar e articular pol\u00edticas p\u00fablicas que fortale\u00e7am o protagonismo de mulheres, jovens e coletivos sociais; apoiar e articular processos de media\u00e7\u00e3o dos conflitos na \u00e1rea da agricultura familiar; apoiar estrat\u00e9gias de economia solid\u00e1ria no Piau\u00ed; ampliar o di\u00e1logo e a articula\u00e7\u00e3o com os movimentos sociais do campo, das \u00e1guas e das florestas; articular a assist\u00eancia t\u00e9cnica e extens\u00e3o rural. Email: marcia.mendes@saf.pi.gov.br Telefone institucional: 86 9 9424 0326 \u00c9 formado&hellip;<\/p>\n","category_list":"","author_info":{"name":"admin","url":"https:\/\/portal.pi.gov.br\/saf\/author\/admin\/"},"comments_num":"0 coment\u00e1rio","featured_image_urls_v2":{"full":"","thumbnail":"","medium":"","medium_large":"","large":"","sgg-420":"","sgg-540":"","sgg-780":"","1536x1536":"","2048x2048":"","homepage-slider":"","homepage-slider-small":"","page-top":"","page-small":"","loop-main":"","thumb-gallery-widget":""},"post_excerpt_stackable_v2":"<p>Superintendente: M\u00e1rcia Mendes A Superintend\u00eancia de A\u00e7\u00f5es Afirmativas e Organiza\u00e7\u00e3o Social (SAAOS) tem as seguintes atribui\u00e7\u00f5es e fun\u00e7\u00f5es: contribuir no desenvolvimento de capacidades organizativas e de gest\u00e3o de empreendimentos da AF; apoiar e articular pol\u00edticas p\u00fablicas que fortale\u00e7am o protagonismo de mulheres, jovens e coletivos sociais; apoiar e articular processos de media\u00e7\u00e3o dos conflitos na \u00e1rea da agricultura familiar; apoiar estrat\u00e9gias de economia solid\u00e1ria no Piau\u00ed; ampliar o di\u00e1logo e a articula\u00e7\u00e3o com os movimentos sociais do campo, das \u00e1guas e das florestas; articular a assist\u00eancia t\u00e9cnica e extens\u00e3o rural. Email: marcia.mendes@saf.pi.gov.br Telefone institucional: 86 9 9424 0326 \u00c9 formado&hellip;<\/p>\n","category_list_v2":"","author_info_v2":{"name":"admin","url":"https:\/\/portal.pi.gov.br\/saf\/author\/admin\/"},"comments_num_v2":"0 coment\u00e1rio","_links":{"self":[{"href":"https:\/\/portal.pi.gov.br\/saf\/wp-json\/wp\/v2\/pages\/2892"}],"collection":[{"href":"https:\/\/portal.pi.gov.br\/saf\/wp-json\/wp\/v2\/pages"}],"about":[{"href":"https:\/\/portal.pi.gov.br\/saf\/wp-json\/wp\/v2\/types\/page"}],"author":[{"embeddable":true,"href":"https:\/\/portal.pi.gov.br\/saf\/wp-json\/wp\/v2\/users\/1"}],"replies":[{"embeddable":true,"href":"https:\/\/portal.pi.gov.br\/saf\/wp-json\/wp\/v2\/comments?post=2892"}],"version-history":[{"count":3,"href":"https:\/\/portal.pi.gov.br\/saf\/wp-json\/wp\/v2\/pages\/2892\/revisions"}],"predecessor-version":[{"id":3482,"href":"https:\/\/portal.pi.gov.br\/saf\/wp-json\/wp\/v2\/pages\/2892\/revisions\/3482"}],"wp:attachment":[{"href":"https:\/\/portal.pi.gov.br\/saf\/wp-json\/wp\/v2\/media?parent=2892"}],"curies":[{"name":"wp","href":"https:\/\/api.w.org\/{rel}","templated":true}]}}