{"id":2903,"date":"2023-08-29T09:25:47","date_gmt":"2023-08-29T12:25:47","guid":{"rendered":"https:\/\/portal.pi.gov.br\/saf\/?page_id=2903"},"modified":"2024-05-28T11:51:11","modified_gmt":"2024-05-28T14:51:11","slug":"quitanda-da-agricultura-familiar","status":"publish","type":"page","link":"https:\/\/portal.pi.gov.br\/saf\/quitanda-da-agricultura-familiar\/","title":{"rendered":"Quitanda da Agricultura Familiar"},"content":{"rendered":"\n<figure class=\"wp-block-image size-full\"><img decoding=\"async\" loading=\"lazy\" width=\"1373\" height=\"773\" src=\"https:\/\/portal.pi.gov.br\/saf\/wp-content\/uploads\/sites\/25\/2024\/05\/SAF_atualizacao-SITE_QUITANDA.jpg\" alt=\"\" class=\"wp-image-3472\" srcset=\"https:\/\/portal.pi.gov.br\/saf\/wp-content\/uploads\/sites\/25\/2024\/05\/SAF_atualizacao-SITE_QUITANDA.jpg 1373w, https:\/\/portal.pi.gov.br\/saf\/wp-content\/uploads\/sites\/25\/2024\/05\/SAF_atualizacao-SITE_QUITANDA-500x282.jpg 500w, https:\/\/portal.pi.gov.br\/saf\/wp-content\/uploads\/sites\/25\/2024\/05\/SAF_atualizacao-SITE_QUITANDA-768x432.jpg 768w, https:\/\/portal.pi.gov.br\/saf\/wp-content\/uploads\/sites\/25\/2024\/05\/SAF_atualizacao-SITE_QUITANDA-420x236.jpg 420w, https:\/\/portal.pi.gov.br\/saf\/wp-content\/uploads\/sites\/25\/2024\/05\/SAF_atualizacao-SITE_QUITANDA-540x304.jpg 540w, https:\/\/portal.pi.gov.br\/saf\/wp-content\/uploads\/sites\/25\/2024\/05\/SAF_atualizacao-SITE_QUITANDA-780x439.jpg 780w, https:\/\/portal.pi.gov.br\/saf\/wp-content\/uploads\/sites\/25\/2024\/05\/SAF_atualizacao-SITE_QUITANDA-947x533.jpg 947w, https:\/\/portal.pi.gov.br\/saf\/wp-content\/uploads\/sites\/25\/2024\/05\/SAF_atualizacao-SITE_QUITANDA-624x351.jpg 624w\" sizes=\"(max-width: 1373px) 100vw, 1373px\" \/><\/figure>\n\n\n\n<p>A Quitanda da Agricultura Familiar \u00e9 um projeto da SAF que consiste em feiras organizadas para promo\u00e7\u00e3o e comercializa\u00e7\u00e3o de produtos de associa\u00e7\u00f5es rurais produtores e cooperativas da agricultura familiar.<\/p>\n\n\n\n<p>Atualmente, conta com a seguinte programa\u00e7\u00e3o fixa:<\/p>\n\n\n\n<p><strong>Feirinha Verde da UFPI<\/strong><\/p>\n\n\n\n<p>&#8211; Quinzenalmente aos domingos, no campus da Universidade Federal do Piau\u00ed<\/p>\n\n\n\n<p>&nbsp;&nbsp;&nbsp;&nbsp;&nbsp;&nbsp;&nbsp;&nbsp;&nbsp;&nbsp;&nbsp; &#8211; 15 a 20 coletivos de produ\u00e7\u00e3o<\/p>\n\n\n\n<p><\/p>\n\n\n\n<p><strong>Quitanda nos Condom\u00ednios<\/strong><\/p>\n\n\n\n<p>&#8211; Aos s\u00e1bados, em condom\u00ednios da Zona Leste de Teresina<\/p>\n\n\n\n<p>&nbsp;&nbsp;&nbsp;&nbsp;&nbsp;&nbsp;&nbsp;&nbsp;&nbsp;&nbsp;&nbsp; &#8211; 3 a 5 coletivos por condom\u00ednio<\/p>\n\n\n\n<p><strong>Quitanda Super<\/strong><\/p>\n\n\n\n<p>Parceria de promo\u00e7\u00e3o e comercializa\u00e7\u00e3o com a rede de supermercados Carvalho Super para venda de produtos plenos e consolidados da Agricultura Familiar. Atualmente, est\u00e1 presente na loja da Avenida Homero Castelo Branco, bairro Ininga.<\/p>\n\n\n\n<p><\/p>\n\n\n\n<p><strong>Quitanda na TV Clube<\/strong><\/p>\n\n\n\n<p>Parceria entre a Quitanda da Agricultura Familiar e a TV Clube, com a comercializa\u00e7\u00e3o de produtos da agricultura familiar.<\/p>\n\n\n\n<p><\/p>\n","protected":false},"excerpt":{"rendered":"<p>A Quitanda da Agricultura Familiar \u00e9 um projeto da SAF que consiste em feiras organizadas para promo\u00e7\u00e3o e comercializa\u00e7\u00e3o de produtos de associa\u00e7\u00f5es rurais produtores e cooperativas da agricultura familiar. [&hellip;]<\/p>\n","protected":false},"author":1,"featured_media":0,"parent":0,"menu_order":0,"comment_status":"closed","ping_status":"closed","template":"template-fullwidth.php","meta":[],"featured_image_urls":{"full":"","thumbnail":"","medium":"","medium_large":"","large":"","sgg-420":"","sgg-540":"","sgg-780":"","1536x1536":"","2048x2048":"","homepage-slider":"","homepage-slider-small":"","page-top":"","page-small":"","loop-main":"","thumb-gallery-widget":""},"post_excerpt_stackable":"<p>A Quitanda da Agricultura Familiar \u00e9 um projeto da SAF que consiste em feiras organizadas para promo\u00e7\u00e3o e comercializa\u00e7\u00e3o de produtos de associa\u00e7\u00f5es rurais produtores e cooperativas da agricultura familiar. Atualmente, conta com a seguinte programa\u00e7\u00e3o fixa: Feirinha Verde da UFPI &#8211; Quinzenalmente aos domingos, no campus da Universidade Federal do Piau\u00ed &nbsp;&nbsp;&nbsp;&nbsp;&nbsp;&nbsp;&nbsp;&nbsp;&nbsp;&nbsp;&nbsp; &#8211; 15 a 20 coletivos de produ\u00e7\u00e3o Quitanda nos Condom\u00ednios &#8211; Aos s\u00e1bados, em condom\u00ednios da Zona Leste de Teresina &nbsp;&nbsp;&nbsp;&nbsp;&nbsp;&nbsp;&nbsp;&nbsp;&nbsp;&nbsp;&nbsp; &#8211; 3 a 5 coletivos por condom\u00ednio Quitanda Super Parceria de promo\u00e7\u00e3o e comercializa\u00e7\u00e3o com a rede de supermercados Carvalho Super para venda de produtos plenos&hellip;<\/p>\n","category_list":"","author_info":{"name":"admin","url":"https:\/\/portal.pi.gov.br\/saf\/author\/admin\/"},"comments_num":"0 coment\u00e1rio","featured_image_urls_v2":{"full":"","thumbnail":"","medium":"","medium_large":"","large":"","sgg-420":"","sgg-540":"","sgg-780":"","1536x1536":"","2048x2048":"","homepage-slider":"","homepage-slider-small":"","page-top":"","page-small":"","loop-main":"","thumb-gallery-widget":""},"post_excerpt_stackable_v2":"<p>A Quitanda da Agricultura Familiar \u00e9 um projeto da SAF que consiste em feiras organizadas para promo\u00e7\u00e3o e comercializa\u00e7\u00e3o de produtos de associa\u00e7\u00f5es rurais produtores e cooperativas da agricultura familiar. Atualmente, conta com a seguinte programa\u00e7\u00e3o fixa: Feirinha Verde da UFPI &#8211; Quinzenalmente aos domingos, no campus da Universidade Federal do Piau\u00ed &nbsp;&nbsp;&nbsp;&nbsp;&nbsp;&nbsp;&nbsp;&nbsp;&nbsp;&nbsp;&nbsp; &#8211; 15 a 20 coletivos de produ\u00e7\u00e3o Quitanda nos Condom\u00ednios &#8211; Aos s\u00e1bados, em condom\u00ednios da Zona Leste de Teresina &nbsp;&nbsp;&nbsp;&nbsp;&nbsp;&nbsp;&nbsp;&nbsp;&nbsp;&nbsp;&nbsp; &#8211; 3 a 5 coletivos por condom\u00ednio Quitanda Super Parceria de promo\u00e7\u00e3o e comercializa\u00e7\u00e3o com a rede de supermercados Carvalho Super para venda de produtos plenos&hellip;<\/p>\n","category_list_v2":"","author_info_v2":{"name":"admin","url":"https:\/\/portal.pi.gov.br\/saf\/author\/admin\/"},"comments_num_v2":"0 coment\u00e1rio","_links":{"self":[{"href":"https:\/\/portal.pi.gov.br\/saf\/wp-json\/wp\/v2\/pages\/2903"}],"collection":[{"href":"https:\/\/portal.pi.gov.br\/saf\/wp-json\/wp\/v2\/pages"}],"about":[{"href":"https:\/\/portal.pi.gov.br\/saf\/wp-json\/wp\/v2\/types\/page"}],"author":[{"embeddable":true,"href":"https:\/\/portal.pi.gov.br\/saf\/wp-json\/wp\/v2\/users\/1"}],"replies":[{"embeddable":true,"href":"https:\/\/portal.pi.gov.br\/saf\/wp-json\/wp\/v2\/comments?post=2903"}],"version-history":[{"count":4,"href":"https:\/\/portal.pi.gov.br\/saf\/wp-json\/wp\/v2\/pages\/2903\/revisions"}],"predecessor-version":[{"id":3474,"href":"https:\/\/portal.pi.gov.br\/saf\/wp-json\/wp\/v2\/pages\/2903\/revisions\/3474"}],"wp:attachment":[{"href":"https:\/\/portal.pi.gov.br\/saf\/wp-json\/wp\/v2\/media?parent=2903"}],"curies":[{"name":"wp","href":"https:\/\/api.w.org\/{rel}","templated":true}]}}