{"id":2918,"date":"2023-08-29T10:27:20","date_gmt":"2023-08-29T13:27:20","guid":{"rendered":"https:\/\/portal.pi.gov.br\/saf\/?page_id=2918"},"modified":"2023-09-06T09:01:40","modified_gmt":"2023-09-06T12:01:40","slug":"protocolo","status":"publish","type":"page","link":"https:\/\/portal.pi.gov.br\/saf\/protocolo\/","title":{"rendered":"Protocolo"},"content":{"rendered":"\n<p>Funcionamento: Segunda a sexta-feira, de 7h30 \u00e0s 13h30<br>Endere\u00e7o: Rua Jo\u00e3o Cabral, 2319 &#8211; Bairro Piraj\u00e1 &#8211; CEP: 64002-150 &#8211; Teresina<\/p>\n\n\n\n<p>Of\u00edcios protocolados podem ser feitos por e-mail: <strong>protocolosaf2021@gmail.com<\/strong> e devem constar o endere\u00e7o de e-mail ou telefone do solicitante para posterior retorno.<\/p>\n","protected":false},"excerpt":{"rendered":"<p>Funcionamento: Segunda a sexta-feira, de 7h30 \u00e0s 13h30Endere\u00e7o: Rua Jo\u00e3o Cabral, 2319 &#8211; Bairro Piraj\u00e1 &#8211; CEP: 64002-150 &#8211; Teresina Of\u00edcios protocolados podem ser feitos por e-mail: protocolosaf2021@gmail.com e devem [&hellip;]<\/p>\n","protected":false},"author":1742,"featured_media":0,"parent":0,"menu_order":0,"comment_status":"closed","ping_status":"closed","template":"","meta":[],"featured_image_urls":{"full":"","thumbnail":"","medium":"","medium_large":"","large":"","sgg-420":"","sgg-540":"","sgg-780":"","1536x1536":"","2048x2048":"","homepage-slider":"","homepage-slider-small":"","page-top":"","page-small":"","loop-main":"","thumb-gallery-widget":""},"post_excerpt_stackable":"<p>Funcionamento: Segunda a sexta-feira, de 7h30 \u00e0s 13h30Endere\u00e7o: Rua Jo\u00e3o Cabral, 2319 &#8211; Bairro Piraj\u00e1 &#8211; CEP: 64002-150 &#8211; Teresina Of\u00edcios protocolados podem ser feitos por e-mail: protocolosaf2021@gmail.com e devem constar o endere\u00e7o de e-mail ou telefone do solicitante para posterior retorno.<\/p>\n","category_list":"","author_info":{"name":"robertoaraujo","url":"https:\/\/portal.pi.gov.br\/saf\/author\/robertoaraujo\/"},"comments_num":"0 coment\u00e1rio","featured_image_urls_v2":{"full":"","thumbnail":"","medium":"","medium_large":"","large":"","sgg-420":"","sgg-540":"","sgg-780":"","1536x1536":"","2048x2048":"","homepage-slider":"","homepage-slider-small":"","page-top":"","page-small":"","loop-main":"","thumb-gallery-widget":""},"post_excerpt_stackable_v2":"<p>Funcionamento: Segunda a sexta-feira, de 7h30 \u00e0s 13h30Endere\u00e7o: Rua Jo\u00e3o Cabral, 2319 &#8211; Bairro Piraj\u00e1 &#8211; CEP: 64002-150 &#8211; Teresina Of\u00edcios protocolados podem ser feitos por e-mail: protocolosaf2021@gmail.com e devem constar o endere\u00e7o de e-mail ou telefone do solicitante para posterior retorno.<\/p>\n","category_list_v2":"","author_info_v2":{"name":"robertoaraujo","url":"https:\/\/portal.pi.gov.br\/saf\/author\/robertoaraujo\/"},"comments_num_v2":"0 coment\u00e1rio","_links":{"self":[{"href":"https:\/\/portal.pi.gov.br\/saf\/wp-json\/wp\/v2\/pages\/2918"}],"collection":[{"href":"https:\/\/portal.pi.gov.br\/saf\/wp-json\/wp\/v2\/pages"}],"about":[{"href":"https:\/\/portal.pi.gov.br\/saf\/wp-json\/wp\/v2\/types\/page"}],"author":[{"embeddable":true,"href":"https:\/\/portal.pi.gov.br\/saf\/wp-json\/wp\/v2\/users\/1742"}],"replies":[{"embeddable":true,"href":"https:\/\/portal.pi.gov.br\/saf\/wp-json\/wp\/v2\/comments?post=2918"}],"version-history":[{"count":2,"href":"https:\/\/portal.pi.gov.br\/saf\/wp-json\/wp\/v2\/pages\/2918\/revisions"}],"predecessor-version":[{"id":3018,"href":"https:\/\/portal.pi.gov.br\/saf\/wp-json\/wp\/v2\/pages\/2918\/revisions\/3018"}],"wp:attachment":[{"href":"https:\/\/portal.pi.gov.br\/saf\/wp-json\/wp\/v2\/media?parent=2918"}],"curies":[{"name":"wp","href":"https:\/\/api.w.org\/{rel}","templated":true}]}}