{"id":3276,"date":"2024-02-21T12:46:24","date_gmt":"2024-02-21T15:46:24","guid":{"rendered":"https:\/\/portal.pi.gov.br\/saf\/?page_id=3276"},"modified":"2024-02-22T11:04:23","modified_gmt":"2024-02-22T14:04:23","slug":"psi-piaui-sustentavel-e-inclusivo","status":"publish","type":"page","link":"https:\/\/portal.pi.gov.br\/saf\/psi-piaui-sustentavel-e-inclusivo\/","title":{"rendered":"PSI &#8211; Piau\u00ed Sustent\u00e1vel e Inclusivo"},"content":{"rendered":"\n<figure class=\"wp-block-image size-full\"><img decoding=\"async\" loading=\"lazy\" width=\"1373\" height=\"773\" src=\"https:\/\/portal.pi.gov.br\/saf\/wp-content\/uploads\/sites\/25\/2024\/02\/SAF_atualizacao-SITE_abertura_PSI.jpg\" alt=\"\" class=\"wp-image-3281\" srcset=\"https:\/\/portal.pi.gov.br\/saf\/wp-content\/uploads\/sites\/25\/2024\/02\/SAF_atualizacao-SITE_abertura_PSI.jpg 1373w, https:\/\/portal.pi.gov.br\/saf\/wp-content\/uploads\/sites\/25\/2024\/02\/SAF_atualizacao-SITE_abertura_PSI-500x282.jpg 500w, https:\/\/portal.pi.gov.br\/saf\/wp-content\/uploads\/sites\/25\/2024\/02\/SAF_atualizacao-SITE_abertura_PSI-768x432.jpg 768w, https:\/\/portal.pi.gov.br\/saf\/wp-content\/uploads\/sites\/25\/2024\/02\/SAF_atualizacao-SITE_abertura_PSI-420x236.jpg 420w, https:\/\/portal.pi.gov.br\/saf\/wp-content\/uploads\/sites\/25\/2024\/02\/SAF_atualizacao-SITE_abertura_PSI-540x304.jpg 540w, https:\/\/portal.pi.gov.br\/saf\/wp-content\/uploads\/sites\/25\/2024\/02\/SAF_atualizacao-SITE_abertura_PSI-780x439.jpg 780w, https:\/\/portal.pi.gov.br\/saf\/wp-content\/uploads\/sites\/25\/2024\/02\/SAF_atualizacao-SITE_abertura_PSI-947x533.jpg 947w, https:\/\/portal.pi.gov.br\/saf\/wp-content\/uploads\/sites\/25\/2024\/02\/SAF_atualizacao-SITE_abertura_PSI-624x351.jpg 624w\" sizes=\"(max-width: 1373px) 100vw, 1373px\" \/><\/figure>\n\n\n\n<p>O Projeto Piau\u00ed Sustent\u00e1vel e Inclusivo (PSI) \u00e9 uma iniciativa que aborda de maneira integrada os desafios enfrentados pela popula\u00e7\u00e3o rural no estado do Piau\u00ed. Abrangendo 138 munic\u00edpios em 7 territ\u00f3rios na \u00e1rea da Bacia dos Rios Piau\u00ed e Canind\u00e9, o PSI visa melhorar o acesso \u00e0 \u00e1gua, condi\u00e7\u00f5es ambientais, ado\u00e7\u00e3o de tecnologias agr\u00edcolas e integra\u00e7\u00e3o de produtores \u00e0s cadeias de valor, com foco especial em mulheres, jovens e afrodescendentes.<\/p>\n\n\n\n<p>O projeto \u00e9 estruturado em tr\u00eas componentes principais, al\u00e9m da Gest\u00e3o de Projetos e Monitoramento. O primeiro componente foca em seguran\u00e7a h\u00eddrica e saneamento rural, visando aumentar a disponibilidade de \u00e1gua e melhorar o saneamento b\u00e1sico rural. O segundo componente concentra-se em adapta\u00e7\u00e3o \u00e0s mudan\u00e7as clim\u00e1ticas e recupera\u00e7\u00e3o ambiental, promovendo planos de adapta\u00e7\u00e3o produtiva, transfer\u00eancia de tecnologias e fortalecimento de cooperativas e o terceiro componente abrange capacita\u00e7\u00e3o, estudos t\u00e9cnicos e ambientais, al\u00e9m de experi\u00eancias-piloto para inova\u00e7\u00e3o tecnol\u00f3gica em \u00e1reas rurais.<\/p>\n\n\n\n<p>Para financiar o projeto, o Estado do Piau\u00ed firmou um contrato de empr\u00e9stimo com o Banco Interamericano de Desenvolvimento (BID) e o Fundo de Investimento para o Desenvolvimento da Agricultura (FIDA), no valor de US$ 118 milh\u00f5es, e o Governo do Piau\u00ed aportando recurso pr\u00f3prio no valor de US$ 29,5 milh\u00f5es, totalizando US$147,5 milh\u00f5es. A execu\u00e7\u00e3o ficar\u00e1 a cargo da Secretaria de Estado da Agricultura Familiar, sob a lideran\u00e7a da Secretaria de Estado do Planejamento, que estabeleceu uma Unidade de Gerenciamento de Projeto (UCP).<\/p>\n\n\n\n<p>A estrutura organizacional do PSI inclui a Secretaria de Planejamento, a Unidade Coordenadora do Projeto e como co-executoras Secretaria da Agricultura Familiar, Secretaria de Estado do Meio Ambiente e Recursos H\u00eddricos do Piau\u00ed (Semarh), o Instituto de Terras do Piau\u00ed (Interpi) e Escrit\u00f3rios Regionais (ER). O PSI tem uma dura\u00e7\u00e3o de 6 anos, contados a partir de 2024.<\/p>\n","protected":false},"excerpt":{"rendered":"<p>O Projeto Piau\u00ed Sustent\u00e1vel e Inclusivo (PSI) \u00e9 uma iniciativa que aborda de maneira integrada os desafios enfrentados pela popula\u00e7\u00e3o rural no estado do Piau\u00ed. Abrangendo 138 munic\u00edpios em 7 [&hellip;]<\/p>\n","protected":false},"author":1,"featured_media":0,"parent":0,"menu_order":0,"comment_status":"closed","ping_status":"closed","template":"template-fullwidth.php","meta":[],"featured_image_urls":{"full":"","thumbnail":"","medium":"","medium_large":"","large":"","sgg-420":"","sgg-540":"","sgg-780":"","1536x1536":"","2048x2048":"","homepage-slider":"","homepage-slider-small":"","page-top":"","page-small":"","loop-main":"","thumb-gallery-widget":""},"post_excerpt_stackable":"<p>O Projeto Piau\u00ed Sustent\u00e1vel e Inclusivo (PSI) \u00e9 uma iniciativa que aborda de maneira integrada os desafios enfrentados pela popula\u00e7\u00e3o rural no estado do Piau\u00ed. Abrangendo 138 munic\u00edpios em 7 territ\u00f3rios na \u00e1rea da Bacia dos Rios Piau\u00ed e Canind\u00e9, o PSI visa melhorar o acesso \u00e0 \u00e1gua, condi\u00e7\u00f5es ambientais, ado\u00e7\u00e3o de tecnologias agr\u00edcolas e integra\u00e7\u00e3o de produtores \u00e0s cadeias de valor, com foco especial em mulheres, jovens e afrodescendentes. O projeto \u00e9 estruturado em tr\u00eas componentes principais, al\u00e9m da Gest\u00e3o de Projetos e Monitoramento. O primeiro componente foca em seguran\u00e7a h\u00eddrica e saneamento rural, visando aumentar a disponibilidade de&hellip;<\/p>\n","category_list":"","author_info":{"name":"admin","url":"https:\/\/portal.pi.gov.br\/saf\/author\/admin\/"},"comments_num":"0 coment\u00e1rio","featured_image_urls_v2":{"full":"","thumbnail":"","medium":"","medium_large":"","large":"","sgg-420":"","sgg-540":"","sgg-780":"","1536x1536":"","2048x2048":"","homepage-slider":"","homepage-slider-small":"","page-top":"","page-small":"","loop-main":"","thumb-gallery-widget":""},"post_excerpt_stackable_v2":"<p>O Projeto Piau\u00ed Sustent\u00e1vel e Inclusivo (PSI) \u00e9 uma iniciativa que aborda de maneira integrada os desafios enfrentados pela popula\u00e7\u00e3o rural no estado do Piau\u00ed. Abrangendo 138 munic\u00edpios em 7 territ\u00f3rios na \u00e1rea da Bacia dos Rios Piau\u00ed e Canind\u00e9, o PSI visa melhorar o acesso \u00e0 \u00e1gua, condi\u00e7\u00f5es ambientais, ado\u00e7\u00e3o de tecnologias agr\u00edcolas e integra\u00e7\u00e3o de produtores \u00e0s cadeias de valor, com foco especial em mulheres, jovens e afrodescendentes. O projeto \u00e9 estruturado em tr\u00eas componentes principais, al\u00e9m da Gest\u00e3o de Projetos e Monitoramento. O primeiro componente foca em seguran\u00e7a h\u00eddrica e saneamento rural, visando aumentar a disponibilidade de&hellip;<\/p>\n","category_list_v2":"","author_info_v2":{"name":"admin","url":"https:\/\/portal.pi.gov.br\/saf\/author\/admin\/"},"comments_num_v2":"0 coment\u00e1rio","_links":{"self":[{"href":"https:\/\/portal.pi.gov.br\/saf\/wp-json\/wp\/v2\/pages\/3276"}],"collection":[{"href":"https:\/\/portal.pi.gov.br\/saf\/wp-json\/wp\/v2\/pages"}],"about":[{"href":"https:\/\/portal.pi.gov.br\/saf\/wp-json\/wp\/v2\/types\/page"}],"author":[{"embeddable":true,"href":"https:\/\/portal.pi.gov.br\/saf\/wp-json\/wp\/v2\/users\/1"}],"replies":[{"embeddable":true,"href":"https:\/\/portal.pi.gov.br\/saf\/wp-json\/wp\/v2\/comments?post=3276"}],"version-history":[{"count":4,"href":"https:\/\/portal.pi.gov.br\/saf\/wp-json\/wp\/v2\/pages\/3276\/revisions"}],"predecessor-version":[{"id":3283,"href":"https:\/\/portal.pi.gov.br\/saf\/wp-json\/wp\/v2\/pages\/3276\/revisions\/3283"}],"wp:attachment":[{"href":"https:\/\/portal.pi.gov.br\/saf\/wp-json\/wp\/v2\/media?parent=3276"}],"curies":[{"name":"wp","href":"https:\/\/api.w.org\/{rel}","templated":true}]}}