{"id":5220,"date":"2026-03-05T12:25:18","date_gmt":"2026-03-05T15:25:18","guid":{"rendered":"https:\/\/portal.pi.gov.br\/saf\/?page_id=5220"},"modified":"2026-03-06T16:51:58","modified_gmt":"2026-03-06T19:51:58","slug":"concurso-inova-cocais","status":"publish","type":"page","link":"https:\/\/portal.pi.gov.br\/saf\/concurso-inova-cocais\/","title":{"rendered":"Concurso Inova Cocais"},"content":{"rendered":"\n<figure class=\"wp-block-image size-full is-resized\"><img decoding=\"async\" loading=\"lazy\" src=\"https:\/\/portal.pi.gov.br\/saf\/wp-content\/uploads\/sites\/25\/2026\/03\/concurso-INOVA_secom.jpg-1.jpeg\" alt=\"\" class=\"wp-image-5222\" width=\"841\" height=\"472\" srcset=\"https:\/\/portal.pi.gov.br\/saf\/wp-content\/uploads\/sites\/25\/2026\/03\/concurso-INOVA_secom.jpg-1.jpeg 801w, https:\/\/portal.pi.gov.br\/saf\/wp-content\/uploads\/sites\/25\/2026\/03\/concurso-INOVA_secom.jpg-1-500x282.jpeg 500w, https:\/\/portal.pi.gov.br\/saf\/wp-content\/uploads\/sites\/25\/2026\/03\/concurso-INOVA_secom.jpg-1-768x432.jpeg 768w, https:\/\/portal.pi.gov.br\/saf\/wp-content\/uploads\/sites\/25\/2026\/03\/concurso-INOVA_secom.jpg-1-420x236.jpeg 420w, https:\/\/portal.pi.gov.br\/saf\/wp-content\/uploads\/sites\/25\/2026\/03\/concurso-INOVA_secom.jpg-1-540x304.jpeg 540w, https:\/\/portal.pi.gov.br\/saf\/wp-content\/uploads\/sites\/25\/2026\/03\/concurso-INOVA_secom.jpg-1-780x439.jpeg 780w, https:\/\/portal.pi.gov.br\/saf\/wp-content\/uploads\/sites\/25\/2026\/03\/concurso-INOVA_secom.jpg-1-624x351.jpeg 624w\" sizes=\"(max-width: 841px) 100vw, 841px\" \/><\/figure>\n\n\n\n<p>O concurso Inova Cocais tem o objetivo de identificar, selecionar e premiar solu\u00e7\u00f5es tecnol\u00f3gicas de baixo custo criadas por jovens do Territ\u00f3rio dos Cocais.<\/p>\n\n\n\n<p>Podem participar jovens de 15 a 29 anos que residam em munic\u00edpios do Territ\u00f3rio dos Cocais, incluindo estudantes de escolas t\u00e9cnicas, agricultores familiares ou interessados em tecnologia. As inscri\u00e7\u00f5es s\u00e3o gratuitas e ocorrer\u00e3o de 6 de mar\u00e7o a 5 de abril de 2026, sendo realizadas de forma eletr\u00f4nica.&nbsp;.<\/p>\n\n\n\n<p><strong><a href=\"https:\/\/docs.google.com\/viewer?url=https%3A%2F%2Fportal.pi.gov.br%2Fsaf%2Fwp-admin%2Fadmin-ajax.php%3Fjuwpfisadmin%3Dfalse%26action%3Dwpfd%26task%3Dfile.download%26wpfd_category_id%3D90%26wpfd_file_id%3D5240%26token%3Dba37909b1d1ff2850895922eb8975f46%26preview%3D1&amp;embedded=true\">Clique aqui para acessar o edital<\/a><\/strong><\/p>\n\n\n\n<p><strong><a href=\"https:\/\/docs.google.com\/forms\/d\/e\/1FAIpQLSeArUjTTVokvXkWRkitVz8HZtOgxg2u3MyaZu7SLof4VYbJMQ\/viewform?usp=publish-editor\">Clique aqui para acessar o formul\u00e1rio de inscri\u00e7\u00e3o<\/a> <\/strong><\/p>\n\n\n\n<p><\/p>\n\n\n\n<p>Os tr\u00eas melhores projetos receber\u00e3o premia\u00e7\u00f5es de R$ 6 mil, R$ 4 mil e R$ 2 mil, respectivamente, al\u00e9m de trof\u00e9u ou certificados, com resultado final previsto para 22 de abril de 2026.<\/p>\n\n\n\n<p>Veja a lista de munic\u00edpios que podem participar:<\/p>\n\n\n\n<ul>\n<li>Barras<\/li>\n\n\n\n<li>Batalha<\/li>\n\n\n\n<li>Brasileira<\/li>\n\n\n\n<li>Campo Largo do Piau\u00ed<\/li>\n\n\n\n<li>Domingos Mour\u00e3o<\/li>\n\n\n\n<li>Esperantina<\/li>\n\n\n\n<li>Joaquim Pires<\/li>\n\n\n\n<li>Joca Marques<\/li>\n\n\n\n<li>Lagoa de S\u00e3o Francisco<\/li>\n\n\n\n<li>Luzil\u00e2ndia<\/li>\n\n\n\n<li>Madeiro<\/li>\n\n\n\n<li>Matias Ol\u00edmpio<\/li>\n\n\n\n<li>Milton Brand\u00e3o<\/li>\n\n\n\n<li>Morro do Chap\u00e9u do Piau\u00ed<\/li>\n\n\n\n<li>Nossa Senhora dos Rem\u00e9dios<\/li>\n\n\n\n<li>Pedro II<\/li>\n\n\n\n<li>Piracuruca<\/li>\n\n\n\n<li>Piripiri<\/li>\n\n\n\n<li>Porto<\/li>\n\n\n\n<li>S\u00e3o Jo\u00e3o da Fronteira<\/li>\n\n\n\n<li>S\u00e3o Jo\u00e3o do Arraial<\/li>\n\n\n\n<li>S\u00e3o Jos\u00e9 do Divino<\/li>\n<\/ul>\n","protected":false},"excerpt":{"rendered":"<p>O concurso Inova Cocais tem o objetivo de identificar, selecionar e premiar solu\u00e7\u00f5es tecnol\u00f3gicas de baixo custo criadas por jovens do Territ\u00f3rio dos Cocais. Podem participar jovens de 15 a [&hellip;]<\/p>\n","protected":false},"author":1742,"featured_media":5217,"parent":0,"menu_order":0,"comment_status":"closed","ping_status":"closed","template":"","meta":[],"featured_image_urls":{"full":["https:\/\/portal.pi.gov.br\/saf\/wp-content\/uploads\/sites\/25\/2026\/03\/concurso-INOVA_secom.jpg.jpeg",801,451,false],"thumbnail":["https:\/\/portal.pi.gov.br\/saf\/wp-content\/uploads\/sites\/25\/2026\/03\/concurso-INOVA_secom.jpg-150x150.jpeg",150,150,true],"medium":["https:\/\/portal.pi.gov.br\/saf\/wp-content\/uploads\/sites\/25\/2026\/03\/concurso-INOVA_secom.jpg-500x282.jpeg",500,282,true],"medium_large":["https:\/\/portal.pi.gov.br\/saf\/wp-content\/uploads\/sites\/25\/2026\/03\/concurso-INOVA_secom.jpg-768x432.jpeg",768,432,true],"large":["https:\/\/portal.pi.gov.br\/saf\/wp-content\/uploads\/sites\/25\/2026\/03\/concurso-INOVA_secom.jpg.jpeg",801,451,false],"sgg-420":["https:\/\/portal.pi.gov.br\/saf\/wp-content\/uploads\/sites\/25\/2026\/03\/concurso-INOVA_secom.jpg-420x236.jpeg",420,236,true],"sgg-540":["https:\/\/portal.pi.gov.br\/saf\/wp-content\/uploads\/sites\/25\/2026\/03\/concurso-INOVA_secom.jpg-540x304.jpeg",540,304,true],"sgg-780":["https:\/\/portal.pi.gov.br\/saf\/wp-content\/uploads\/sites\/25\/2026\/03\/concurso-INOVA_secom.jpg-780x439.jpeg",780,439,true],"1536x1536":["https:\/\/portal.pi.gov.br\/saf\/wp-content\/uploads\/sites\/25\/2026\/03\/concurso-INOVA_secom.jpg.jpeg",801,451,false],"2048x2048":["https:\/\/portal.pi.gov.br\/saf\/wp-content\/uploads\/sites\/25\/2026\/03\/concurso-INOVA_secom.jpg.jpeg",801,451,false],"homepage-slider":["https:\/\/portal.pi.gov.br\/saf\/wp-content\/uploads\/sites\/25\/2026\/03\/concurso-INOVA_secom.jpg.jpeg",801,451,false],"homepage-slider-small":["https:\/\/portal.pi.gov.br\/saf\/wp-content\/uploads\/sites\/25\/2026\/03\/concurso-INOVA_secom.jpg.jpeg",801,451,false],"page-top":["https:\/\/portal.pi.gov.br\/saf\/wp-content\/uploads\/sites\/25\/2026\/03\/concurso-INOVA_secom.jpg.jpeg",801,451,false],"page-small":["https:\/\/portal.pi.gov.br\/saf\/wp-content\/uploads\/sites\/25\/2026\/03\/concurso-INOVA_secom.jpg-624x351.jpeg",624,351,true],"loop-main":["https:\/\/portal.pi.gov.br\/saf\/wp-content\/uploads\/sites\/25\/2026\/03\/concurso-INOVA_secom.jpg-365x240.jpeg",365,240,true],"thumb-gallery-widget":["https:\/\/portal.pi.gov.br\/saf\/wp-content\/uploads\/sites\/25\/2026\/03\/concurso-INOVA_secom.jpg-84x56.jpeg",84,56,true]},"post_excerpt_stackable":"<p>O concurso Inova Cocais tem o objetivo de identificar, selecionar e premiar solu\u00e7\u00f5es tecnol\u00f3gicas de baixo custo criadas por jovens do Territ\u00f3rio dos Cocais. Podem participar jovens de 15 a 29 anos que residam em munic\u00edpios do Territ\u00f3rio dos Cocais, incluindo estudantes de escolas t\u00e9cnicas, agricultores familiares ou interessados em tecnologia. As inscri\u00e7\u00f5es s\u00e3o gratuitas e ocorrer\u00e3o de 6 de mar\u00e7o a 5 de abril de 2026, sendo realizadas de forma eletr\u00f4nica.&nbsp;. Clique aqui para acessar o edital Clique aqui para acessar o formul\u00e1rio de inscri\u00e7\u00e3o Os tr\u00eas melhores projetos receber\u00e3o premia\u00e7\u00f5es de R$ 6 mil, R$ 4 mil e&hellip;<\/p>\n","category_list":"","author_info":{"name":"robertoaraujo","url":"https:\/\/portal.pi.gov.br\/saf\/author\/robertoaraujo\/"},"comments_num":"0 coment\u00e1rio","featured_image_urls_v2":{"full":["https:\/\/portal.pi.gov.br\/saf\/wp-content\/uploads\/sites\/25\/2026\/03\/concurso-INOVA_secom.jpg.jpeg",801,451,false],"thumbnail":["https:\/\/portal.pi.gov.br\/saf\/wp-content\/uploads\/sites\/25\/2026\/03\/concurso-INOVA_secom.jpg-150x150.jpeg",150,150,true],"medium":["https:\/\/portal.pi.gov.br\/saf\/wp-content\/uploads\/sites\/25\/2026\/03\/concurso-INOVA_secom.jpg-500x282.jpeg",500,282,true],"medium_large":["https:\/\/portal.pi.gov.br\/saf\/wp-content\/uploads\/sites\/25\/2026\/03\/concurso-INOVA_secom.jpg-768x432.jpeg",768,432,true],"large":["https:\/\/portal.pi.gov.br\/saf\/wp-content\/uploads\/sites\/25\/2026\/03\/concurso-INOVA_secom.jpg.jpeg",801,451,false],"sgg-420":["https:\/\/portal.pi.gov.br\/saf\/wp-content\/uploads\/sites\/25\/2026\/03\/concurso-INOVA_secom.jpg-420x236.jpeg",420,236,true],"sgg-540":["https:\/\/portal.pi.gov.br\/saf\/wp-content\/uploads\/sites\/25\/2026\/03\/concurso-INOVA_secom.jpg-540x304.jpeg",540,304,true],"sgg-780":["https:\/\/portal.pi.gov.br\/saf\/wp-content\/uploads\/sites\/25\/2026\/03\/concurso-INOVA_secom.jpg-780x439.jpeg",780,439,true],"1536x1536":["https:\/\/portal.pi.gov.br\/saf\/wp-content\/uploads\/sites\/25\/2026\/03\/concurso-INOVA_secom.jpg.jpeg",801,451,false],"2048x2048":["https:\/\/portal.pi.gov.br\/saf\/wp-content\/uploads\/sites\/25\/2026\/03\/concurso-INOVA_secom.jpg.jpeg",801,451,false],"homepage-slider":["https:\/\/portal.pi.gov.br\/saf\/wp-content\/uploads\/sites\/25\/2026\/03\/concurso-INOVA_secom.jpg.jpeg",801,451,false],"homepage-slider-small":["https:\/\/portal.pi.gov.br\/saf\/wp-content\/uploads\/sites\/25\/2026\/03\/concurso-INOVA_secom.jpg.jpeg",801,451,false],"page-top":["https:\/\/portal.pi.gov.br\/saf\/wp-content\/uploads\/sites\/25\/2026\/03\/concurso-INOVA_secom.jpg.jpeg",801,451,false],"page-small":["https:\/\/portal.pi.gov.br\/saf\/wp-content\/uploads\/sites\/25\/2026\/03\/concurso-INOVA_secom.jpg-624x351.jpeg",624,351,true],"loop-main":["https:\/\/portal.pi.gov.br\/saf\/wp-content\/uploads\/sites\/25\/2026\/03\/concurso-INOVA_secom.jpg-365x240.jpeg",365,240,true],"thumb-gallery-widget":["https:\/\/portal.pi.gov.br\/saf\/wp-content\/uploads\/sites\/25\/2026\/03\/concurso-INOVA_secom.jpg-84x56.jpeg",84,56,true]},"post_excerpt_stackable_v2":"<p>O concurso Inova Cocais tem o objetivo de identificar, selecionar e premiar solu\u00e7\u00f5es tecnol\u00f3gicas de baixo custo criadas por jovens do Territ\u00f3rio dos Cocais. Podem participar jovens de 15 a 29 anos que residam em munic\u00edpios do Territ\u00f3rio dos Cocais, incluindo estudantes de escolas t\u00e9cnicas, agricultores familiares ou interessados em tecnologia. As inscri\u00e7\u00f5es s\u00e3o gratuitas e ocorrer\u00e3o de 6 de mar\u00e7o a 5 de abril de 2026, sendo realizadas de forma eletr\u00f4nica.&nbsp;. Clique aqui para acessar o edital Clique aqui para acessar o formul\u00e1rio de inscri\u00e7\u00e3o Os tr\u00eas melhores projetos receber\u00e3o premia\u00e7\u00f5es de R$ 6 mil, R$ 4 mil e&hellip;<\/p>\n","category_list_v2":"","author_info_v2":{"name":"robertoaraujo","url":"https:\/\/portal.pi.gov.br\/saf\/author\/robertoaraujo\/"},"comments_num_v2":"0 coment\u00e1rio","_links":{"self":[{"href":"https:\/\/portal.pi.gov.br\/saf\/wp-json\/wp\/v2\/pages\/5220"}],"collection":[{"href":"https:\/\/portal.pi.gov.br\/saf\/wp-json\/wp\/v2\/pages"}],"about":[{"href":"https:\/\/portal.pi.gov.br\/saf\/wp-json\/wp\/v2\/types\/page"}],"author":[{"embeddable":true,"href":"https:\/\/portal.pi.gov.br\/saf\/wp-json\/wp\/v2\/users\/1742"}],"replies":[{"embeddable":true,"href":"https:\/\/portal.pi.gov.br\/saf\/wp-json\/wp\/v2\/comments?post=5220"}],"version-history":[{"count":6,"href":"https:\/\/portal.pi.gov.br\/saf\/wp-json\/wp\/v2\/pages\/5220\/revisions"}],"predecessor-version":[{"id":5241,"href":"https:\/\/portal.pi.gov.br\/saf\/wp-json\/wp\/v2\/pages\/5220\/revisions\/5241"}],"wp:featuredmedia":[{"embeddable":true,"href":"https:\/\/portal.pi.gov.br\/saf\/wp-json\/wp\/v2\/media\/5217"}],"wp:attachment":[{"href":"https:\/\/portal.pi.gov.br\/saf\/wp-json\/wp\/v2\/media?parent=5220"}],"curies":[{"name":"wp","href":"https:\/\/api.w.org\/{rel}","templated":true}]}}