{"id":878,"date":"2021-03-03T10:16:49","date_gmt":"2021-03-03T13:16:49","guid":{"rendered":"http:\/\/www2.pi.gov.br\/saf\/?page_id=878"},"modified":"2025-05-28T21:54:26","modified_gmt":"2025-05-29T00:54:26","slug":"credito-fundiario","status":"publish","type":"page","link":"https:\/\/portal.pi.gov.br\/saf\/credito-fundiario\/","title":{"rendered":"Cr\u00e9dito Fundi\u00e1rio"},"content":{"rendered":"\n<p><\/p>\n\n\n\n<figure class=\"wp-block-image size-full\"><img decoding=\"async\" loading=\"lazy\" width=\"1374\" height=\"773\" src=\"https:\/\/portal.pi.gov.br\/saf\/wp-content\/uploads\/sites\/25\/2024\/05\/SAF_atualizacao-SITE_CREDITO-FUNDIARIO.jpg\" alt=\"\" class=\"wp-image-3483\" srcset=\"https:\/\/portal.pi.gov.br\/saf\/wp-content\/uploads\/sites\/25\/2024\/05\/SAF_atualizacao-SITE_CREDITO-FUNDIARIO.jpg 1374w, https:\/\/portal.pi.gov.br\/saf\/wp-content\/uploads\/sites\/25\/2024\/05\/SAF_atualizacao-SITE_CREDITO-FUNDIARIO-500x281.jpg 500w, https:\/\/portal.pi.gov.br\/saf\/wp-content\/uploads\/sites\/25\/2024\/05\/SAF_atualizacao-SITE_CREDITO-FUNDIARIO-768x432.jpg 768w, https:\/\/portal.pi.gov.br\/saf\/wp-content\/uploads\/sites\/25\/2024\/05\/SAF_atualizacao-SITE_CREDITO-FUNDIARIO-420x236.jpg 420w, https:\/\/portal.pi.gov.br\/saf\/wp-content\/uploads\/sites\/25\/2024\/05\/SAF_atualizacao-SITE_CREDITO-FUNDIARIO-540x304.jpg 540w, https:\/\/portal.pi.gov.br\/saf\/wp-content\/uploads\/sites\/25\/2024\/05\/SAF_atualizacao-SITE_CREDITO-FUNDIARIO-780x439.jpg 780w, https:\/\/portal.pi.gov.br\/saf\/wp-content\/uploads\/sites\/25\/2024\/05\/SAF_atualizacao-SITE_CREDITO-FUNDIARIO-947x533.jpg 947w, https:\/\/portal.pi.gov.br\/saf\/wp-content\/uploads\/sites\/25\/2024\/05\/SAF_atualizacao-SITE_CREDITO-FUNDIARIO-624x351.jpg 624w\" sizes=\"(max-width: 1374px) 100vw, 1374px\" \/><\/figure>\n\n\n\n<p><strong>Sobre o Programa&nbsp;<\/strong><\/p>\n\n\n\n<p>Criado em 2002, o Programa Nacional de Cr\u00e9dito Fundi\u00e1rio &#8211; PNCF tem a finalidade de combater a pobreza rural no pa\u00eds, possibilitando o acesso ao cr\u00e9dito para aquisi\u00e7\u00e3o de terras, recursos para infraestruturas s\u00f3cio produtivas, e assist\u00eancia t\u00e9cnica. Esse programa j\u00e1 proporcionou acesso \u00e0 terra a mais de 100 mil fam\u00edlias de agricultores em todo pa\u00eds, vale ressaltar que foi incorporado a esse programa o passivo do Banco da Terra criado em 1998 e instinto em 2002 com a cria\u00e7\u00e3o do PNCF. Esse programa \u00e9 uma pol\u00edtica p\u00fablica complementar a reforma agr\u00e1ria, fomentada pelos movimentos de trabalhadores e trabalhadoras rurais e da agricultura familiar, que vem se consolidando como um instrumento efetivo para o acesso \u00e0 terra a milhares de trabalhadores rurais sem terra ou com terra insuficiente para o sustento da fam\u00edlia.<\/p>\n\n\n\n<p>&nbsp;No estado do Piau\u00ed o PNCF tem por objetivo promover a\u00e7\u00f5es para a redu\u00e7\u00e3o da pobreza rural, atrav\u00e9s do acesso a terra e da promo\u00e7\u00e3o de atividades produtivas que permitam incrementar os n\u00edveis de gera\u00e7\u00e3o de emprego e renda. O Programa tem atua\u00e7\u00e3o nos 12 territ\u00f3rios do estado onde j\u00e1 beneficiou com alguma de suas linhas de cr\u00e9dito quase 20 mil fam\u00edlias em pelo menos 200 munic\u00edpios dos 224 existentes no estado.<\/p>\n\n\n\n<figure class=\"wp-block-embed is-type-video is-provider-youtube wp-block-embed-youtube wp-embed-aspect-16-9 wp-has-aspect-ratio\"><div class=\"wp-block-embed__wrapper\">\n<iframe loading=\"lazy\" title=\"Programa Nacional de Cr\u00e9dito Fundi\u00e1rio vem mudando a vida de milhares de piauienses.\" width=\"887\" height=\"499\" src=\"https:\/\/www.youtube.com\/embed\/HCPB-wghwaU?feature=oembed\" frameborder=\"0\" allow=\"accelerometer; autoplay; clipboard-write; encrypted-media; gyroscope; picture-in-picture; web-share\" referrerpolicy=\"strict-origin-when-cross-origin\" allowfullscreen><\/iframe>\n<\/div><\/figure>\n\n\n\n<p>Por meio do Cr\u00e9dito Fundi\u00e1rio, \u00e9 poss\u00edvel acessar a menor taxa de juros do mercado, de 0,5% ao ano, podendo, em caso de pagamento das parcelas sem atraso, obter um desconto de at\u00e9 40%. <\/p>\n\n\n\n<p>Os agricultores familiares interessados em acessar esse cr\u00e9dito deve procurar a rede de Assist\u00eancia T\u00e9cnica e Extens\u00e3o Rural p\u00fablica ou privada que esteja credenciada na Anater ou entrar em contato com a Unidade T\u00e9cnica Estadual do Cr\u00e9dito Fundi\u00e1rio nos telefones abaixo.<\/p>\n\n\n\n<p><strong>Sheila Reis<\/strong> \u2013 Diretora Estadual de Cr\u00e9dito Fundi\u00e1rio<\/p>\n\n\n\n<p>Contato: (86) 9 9801-1150<\/p>\n\n\n\n<p><strong>E-mail:<\/strong> ute.cafpi@gmail.com<\/p>\n\n\n\n<p><strong>Arley Barroso<\/strong> \u2013 Assessor Jur\u00eddico<\/p>\n\n\n\n<p>Contato:&nbsp; (86) 9 9427-2716<\/p>\n\n\n\n<p><strong>Aline Soares <\/strong>&#8211; Coordenadora<\/p>\n\n\n\n<p>Contato: (86) 9 8132-2610<\/p>\n\n\n\n<p><\/p>\n\n\n\n<p>Veja detalhes de como acessar e quais as linhas de cr\u00e9dito:<\/p>\n\n\n\n<figure class=\"wp-block-image size-full\"><img decoding=\"async\" loading=\"lazy\" width=\"488\" height=\"694\" src=\"https:\/\/portal.pi.gov.br\/saf\/wp-content\/uploads\/sites\/25\/2025\/05\/image.png\" alt=\"\" class=\"wp-image-4437\" srcset=\"https:\/\/portal.pi.gov.br\/saf\/wp-content\/uploads\/sites\/25\/2025\/05\/image.png 488w, https:\/\/portal.pi.gov.br\/saf\/wp-content\/uploads\/sites\/25\/2025\/05\/image-352x500.png 352w, https:\/\/portal.pi.gov.br\/saf\/wp-content\/uploads\/sites\/25\/2025\/05\/image-295x420.png 295w, https:\/\/portal.pi.gov.br\/saf\/wp-content\/uploads\/sites\/25\/2025\/05\/image-380x540.png 380w\" sizes=\"(max-width: 488px) 100vw, 488px\" \/><\/figure>\n\n\n\n<figure class=\"wp-block-image size-full\"><img decoding=\"async\" loading=\"lazy\" width=\"487\" height=\"693\" src=\"https:\/\/portal.pi.gov.br\/saf\/wp-content\/uploads\/sites\/25\/2025\/05\/image-1.png\" alt=\"\" class=\"wp-image-4439\" srcset=\"https:\/\/portal.pi.gov.br\/saf\/wp-content\/uploads\/sites\/25\/2025\/05\/image-1.png 487w, https:\/\/portal.pi.gov.br\/saf\/wp-content\/uploads\/sites\/25\/2025\/05\/image-1-351x500.png 351w, https:\/\/portal.pi.gov.br\/saf\/wp-content\/uploads\/sites\/25\/2025\/05\/image-1-295x420.png 295w, https:\/\/portal.pi.gov.br\/saf\/wp-content\/uploads\/sites\/25\/2025\/05\/image-1-379x540.png 379w\" sizes=\"(max-width: 487px) 100vw, 487px\" \/><\/figure>\n\n\n\n<figure class=\"wp-block-image size-full\"><img decoding=\"async\" loading=\"lazy\" width=\"485\" height=\"676\" src=\"https:\/\/portal.pi.gov.br\/saf\/wp-content\/uploads\/sites\/25\/2025\/05\/image-2.png\" alt=\"\" class=\"wp-image-4440\" srcset=\"https:\/\/portal.pi.gov.br\/saf\/wp-content\/uploads\/sites\/25\/2025\/05\/image-2.png 485w, https:\/\/portal.pi.gov.br\/saf\/wp-content\/uploads\/sites\/25\/2025\/05\/image-2-359x500.png 359w, https:\/\/portal.pi.gov.br\/saf\/wp-content\/uploads\/sites\/25\/2025\/05\/image-2-301x420.png 301w, https:\/\/portal.pi.gov.br\/saf\/wp-content\/uploads\/sites\/25\/2025\/05\/image-2-387x540.png 387w\" sizes=\"(max-width: 485px) 100vw, 485px\" \/><\/figure>\n","protected":false},"excerpt":{"rendered":"<p>Sobre o Programa&nbsp; Criado em 2002, o Programa Nacional de Cr\u00e9dito Fundi\u00e1rio &#8211; PNCF tem a finalidade de combater a pobreza rural no pa\u00eds, possibilitando o acesso ao cr\u00e9dito para [&hellip;]<\/p>\n","protected":false},"author":1,"featured_media":0,"parent":0,"menu_order":0,"comment_status":"closed","ping_status":"closed","template":"template-fullwidth.php","meta":[],"featured_image_urls":{"full":"","thumbnail":"","medium":"","medium_large":"","large":"","sgg-420":"","sgg-540":"","sgg-780":"","1536x1536":"","2048x2048":"","homepage-slider":"","homepage-slider-small":"","page-top":"","page-small":"","loop-main":"","thumb-gallery-widget":""},"post_excerpt_stackable":"<p>Sobre o Programa&nbsp; Criado em 2002, o Programa Nacional de Cr\u00e9dito Fundi\u00e1rio &#8211; PNCF tem a finalidade de combater a pobreza rural no pa\u00eds, possibilitando o acesso ao cr\u00e9dito para aquisi\u00e7\u00e3o de terras, recursos para infraestruturas s\u00f3cio produtivas, e assist\u00eancia t\u00e9cnica. Esse programa j\u00e1 proporcionou acesso \u00e0 terra a mais de 100 mil fam\u00edlias de agricultores em todo pa\u00eds, vale ressaltar que foi incorporado a esse programa o passivo do Banco da Terra criado em 1998 e instinto em 2002 com a cria\u00e7\u00e3o do PNCF. Esse programa \u00e9 uma pol\u00edtica p\u00fablica complementar a reforma agr\u00e1ria, fomentada pelos movimentos de trabalhadores&hellip;<\/p>\n","category_list":"","author_info":{"name":"admin","url":"https:\/\/portal.pi.gov.br\/saf\/author\/admin\/"},"comments_num":"0 coment\u00e1rio","featured_image_urls_v2":{"full":"","thumbnail":"","medium":"","medium_large":"","large":"","sgg-420":"","sgg-540":"","sgg-780":"","1536x1536":"","2048x2048":"","homepage-slider":"","homepage-slider-small":"","page-top":"","page-small":"","loop-main":"","thumb-gallery-widget":""},"post_excerpt_stackable_v2":"<p>Sobre o Programa&nbsp; Criado em 2002, o Programa Nacional de Cr\u00e9dito Fundi\u00e1rio &#8211; PNCF tem a finalidade de combater a pobreza rural no pa\u00eds, possibilitando o acesso ao cr\u00e9dito para aquisi\u00e7\u00e3o de terras, recursos para infraestruturas s\u00f3cio produtivas, e assist\u00eancia t\u00e9cnica. Esse programa j\u00e1 proporcionou acesso \u00e0 terra a mais de 100 mil fam\u00edlias de agricultores em todo pa\u00eds, vale ressaltar que foi incorporado a esse programa o passivo do Banco da Terra criado em 1998 e instinto em 2002 com a cria\u00e7\u00e3o do PNCF. Esse programa \u00e9 uma pol\u00edtica p\u00fablica complementar a reforma agr\u00e1ria, fomentada pelos movimentos de trabalhadores&hellip;<\/p>\n","category_list_v2":"","author_info_v2":{"name":"admin","url":"https:\/\/portal.pi.gov.br\/saf\/author\/admin\/"},"comments_num_v2":"0 coment\u00e1rio","_links":{"self":[{"href":"https:\/\/portal.pi.gov.br\/saf\/wp-json\/wp\/v2\/pages\/878"}],"collection":[{"href":"https:\/\/portal.pi.gov.br\/saf\/wp-json\/wp\/v2\/pages"}],"about":[{"href":"https:\/\/portal.pi.gov.br\/saf\/wp-json\/wp\/v2\/types\/page"}],"author":[{"embeddable":true,"href":"https:\/\/portal.pi.gov.br\/saf\/wp-json\/wp\/v2\/users\/1"}],"replies":[{"embeddable":true,"href":"https:\/\/portal.pi.gov.br\/saf\/wp-json\/wp\/v2\/comments?post=878"}],"version-history":[{"count":9,"href":"https:\/\/portal.pi.gov.br\/saf\/wp-json\/wp\/v2\/pages\/878\/revisions"}],"predecessor-version":[{"id":4441,"href":"https:\/\/portal.pi.gov.br\/saf\/wp-json\/wp\/v2\/pages\/878\/revisions\/4441"}],"wp:attachment":[{"href":"https:\/\/portal.pi.gov.br\/saf\/wp-json\/wp\/v2\/media?parent=878"}],"curies":[{"name":"wp","href":"https:\/\/api.w.org\/{rel}","templated":true}]}}